{"id":187125,"date":"2017-04-05T13:08:48","date_gmt":"2017-04-05T12:08:48","guid":{"rendered":"https:\/\/www.elche.es\/locations\/centro-de-congresos-ciutat-delx\/"},"modified":"2022-03-04T14:06:15","modified_gmt":"2022-03-04T13:06:15","slug":"centro-de-congresos-ciutat-delx","status":"publish","type":"stlr_place","link":"https:\/\/www.elche.es\/va\/locations\/centro-de-congresos-ciutat-delx\/","title":{"rendered":"Centre de Congressos &#8216;Ciutat d&#8217;Elx&#8217;"},"content":{"rendered":"<div class=\"wpb-content-wrapper\"><p>[vc_row][vc_column][vc_column_text]<strong>CENTRE DE CONGRESSOS CIUTAT D&#8217;ELX:\u00a0UN ESPAI MODERN EN UN PALMERAR MIL\u00b7LENARI<\/strong><\/p>\n<p>El clima, les bones comunicacions i la proximitat a centres d&#8217;activitat econ\u00f2mica com la instituci\u00f3 Firal de la prov\u00edncia d&#8217;Alacant (IFA), converteixen Elx en un enclavament ideal per a la celebraci\u00f3 de congressos i de reunions d&#8217;empresa. Per aix\u00f2, la ciutat compta des de mar\u00e7 de 2003 amb el Centre de Congressos &#8220;Ciutat d&#8217;Elx&#8221;, situat en un entorn de gran atractiu en ple centre hist\u00f2ric. Es tracta d&#8217;una moderna construcci\u00f3 d&#8217;acer i cristall, dotada amb les infraestructures m\u00e9s avan\u00e7ades, que s&#8217;ha convertit en el principal referent per a la realitzaci\u00f3 de trobades al sud de la prov\u00edncia d&#8217;Alacant.<\/p>\n<p>[\/vc_column_text][vc_empty_space]<div id='modulo_datos_contacto'> <p class='titulo_datos_contacto'>Dades de contacte <\/p> <hr><p class=\"contactoArea\"> <i class=\"fa fa-map-marker\" aria-hidden=\"true\"><\/i>Filet de Fora, 1 <\/p><p class=\"contactoArea\"><i class=\"fa fa-phone\" aria-hidden=\"true\"><\/i>966 658 140<\/p><p class=\"contactoArea\"><i class=\"fa fa-envelope\" aria-hidden=\"true\"><\/i><a href=\"mailto:congresos@visitelche.com\"> congresos@visitelche.com<\/a><\/p><div id='contacto-rrss'><\/div><\/div>[\/vc_column][\/vc_row]<\/p>\n<\/div>","protected":false},"excerpt":{"rendered":"<p>[vc_row][vc_column][vc_column_text]CENTRE DE CONGRESSOS CIUTAT D&#8217;ELX:\u00a0UN ESPAI MODERN EN UN PALMERAR MIL\u00b7LENARI El clima, les bones comunicacions i la proximitat a centres d&#8217;activitat econ\u00f2mica com la instituci\u00f3 Firal de la prov\u00edncia [&hellip;]<\/p>\n","protected":false},"featured_media":0,"template":"","location-categories":[3051],"class_list":["post-187125","stlr_place","type-stlr_place","status-publish","hentry","stlr_location_categories-jornadas-va"],"_links":{"self":[{"href":"https:\/\/www.elche.es\/va\/wp-json\/wp\/v2\/locations\/187125","targetHints":{"allow":["GET"]}}],"collection":[{"href":"https:\/\/www.elche.es\/va\/wp-json\/wp\/v2\/locations"}],"about":[{"href":"https:\/\/www.elche.es\/va\/wp-json\/wp\/v2\/types\/stlr_place"}],"wp:attachment":[{"href":"https:\/\/www.elche.es\/va\/wp-json\/wp\/v2\/media?parent=187125"}],"wp:term":[{"taxonomy":"stlr_location_categories","embeddable":true,"href":"https:\/\/www.elche.es\/va\/wp-json\/wp\/v2\/location-categories?post=187125"}],"curies":[{"name":"wp","href":"https:\/\/api.w.org\/{rel}","templated":true}]}}

<div class="wpb-content-wrapper"><p>[vc_row][vc_column][vc_column_text]<strong>CENTRE DE CONGRESSOS CIUTAT D&#8217;ELX: UN ESPAI MODERN EN UN PALMERAR MIL·LENARI</strong></p>
<p>El clima, les bones comunicacions i la proximitat a centres d&#8217;activitat econòmica com la institució Firal de la província d&#8217;Alacant (IFA), converteixen Elx en un enclavament ideal per a la celebració de congressos i de reunions d&#8217;empresa. Per això, la ciutat compta des de març de 2003 amb el Centre de Congressos &#8220;Ciutat d&#8217;Elx&#8221;, situat en un entorn de gran atractiu en ple centre històric. Es tracta d&#8217;una moderna construcció d&#8217;acer i cristall, dotada amb les infraestructures més avançades, que s&#8217;ha convertit en el principal referent per a la realització de trobades al sud de la província d&#8217;Alacant.</p>
<p>[/vc_column_text][vc_empty_space]<div id='modulo_datos_contacto'> <p class='titulo_datos_contacto'>Dades de contacte </p> <hr><p class="contactoArea"> <i class="fa fa-map-marker" aria-hidden="true"></i>Filet de Fora, 1 </p><p class="contactoArea"><i class="fa fa-phone" aria-hidden="true"></i>966 658 140</p><p class="contactoArea"><i class="fa fa-envelope" aria-hidden="true"></i><a href="mailto:congresos@visitelche.com"> congresos@visitelche.com</a></p><div id='contacto-rrss'></div></div>[/vc_column][/vc_row]</p>
</div>

<p>[vc_row][vc_column][vc_column_text]CENTRE DE CONGRESSOS CIUTAT D&#8217;ELX: UN ESPAI MODERN EN UN PALMERAR MIL·LENARI El clima, les bones comunicacions i la proximitat a centres d&#8217;activitat econòmica com la institució Firal de la província [&hellip;]</p>
