{"id":5156,"date":"2016-10-18T13:53:59","date_gmt":"2016-10-18T13:53:59","guid":{"rendered":"http:\/\/www.elche.es\/va\/locations\/antigua-capilla-de-la-orden-tercera-franciscana\/"},"modified":"2022-02-28T14:28:34","modified_gmt":"2022-02-28T13:28:34","slug":"antiga-capella-de-lorde-tercera-franciscana","status":"publish","type":"stlr_place","link":"https:\/\/www.elche.es\/va\/locations\/antiga-capella-de-lorde-tercera-franciscana\/","title":{"rendered":"Antiga capella de l\u2019Ordre Tercer Francisc\u00e0"},"content":{"rendered":"<div class=\"wpb-content-wrapper\"><p>[vc_row][vc_column]<div id='modulo_datos_contacto'> <p class='titulo_datos_contacto'>Dades de contacte <\/p> <hr><p class=\"contactoArea\"> <i class=\"fa fa-map-marker\" aria-hidden=\"true\"><\/i>Pla\u00e7a dels Reis Cat\u00f2lics 20b<\/p><p class=\"contactoArea\"><i class=\"fa fa-phone\" aria-hidden=\"true\"><\/i>966 658 293<\/p><p class=\"contactoArea\"><i class=\"fa fa-clock-o\" aria-hidden=\"true\"><\/i>De dimarts a divendres: de 10 a 14 i 15 a 18 h. Dissabtes: de 10 a 14 i de 15 a 18 h. Diumenges: de 10 a 14 h. Dilluns: tancat.<\/p><div id='contacto-rrss'><\/div><\/div>[vc_images_carousel images=&#8221;5259,5257,5256,5255,5254,5253,5251&#8243; img_size=&#8221;&#8221; slides_per_view=&#8221;4&#8243; hide_pagination_control=&#8221;yes&#8221; wrap=&#8221;yes&#8221; css=&#8221;.vc_custom_1477047245458{padding-top: 20px !important;}&#8221;][\/vc_column][\/vc_row][vc_row css=&#8221;.vc_custom_1476193580719{margin-top: 20px !important;}&#8221;][vc_column][vc_custom_heading text=&#8221;Informaci\u00f3&#8221; font_container=&#8221;tag:h3|text_align:left|line_height:0&#8243; use_theme_fonts=&#8221;yes&#8221; css=&#8221;.vc_custom_1477044803784{margin-top: 50px !important;}&#8221;][vc_column_text css=&#8221;.vc_custom_1646054758753{padding-bottom: 30px !important;}&#8221;]Arreplega mostres temporals, tant d\u2019arts pl\u00e0stiques com d\u2019unes altres disciplines. L\u2019edifici, rehabilitat recentment, \u00e9s l\u2019antiga capella erigida a principis del segle XVIII pels germans de l\u2019Ordre Tercer Francisc\u00e0, fidels laics vinculats a l\u2019orde franciscana, que ocupava l\u2019annex convent de Sant Josep.<\/p>\n<p>En un principi, l\u2019orde no tenia seu pr\u00f2pia i celebrava les seues cerim\u00f2nies lit\u00fargiques i penitencials en la capella de Sant Pere d\u2019Alc\u00e0ntara de l\u2019esgl\u00e9sia del convent. Per\u00f2, el 6 de gener del 1718, l\u2019orde seglar va sol\u00b7licitar perm\u00eds per a edificar una capella, que seria bene\u00efda el 27 de febrer del 1739. Els germans i germanes, distingits per l\u2019h\u00e0bit penitencial, havien de complir una s\u00e8rie de condicions: ser de provada virtut i vida exemplar, tindre assegurat el menjar, haver complit els trenta anys, ser de bon llinatge, honrat i estimat, i constar el testimoni de la seua fe mitjan\u00e7ant certificat de baptisme.<\/p>\n<p><strong>ENTRADA GRATU\u00cfTA<\/strong>[\/vc_column_text][\/vc_column][\/vc_row]<\/p>\n<\/div>","protected":false},"excerpt":{"rendered":"<p>[vc_row][vc_column][vc_images_carousel images=&#8221;5259,5257,5256,5255,5254,5253,5251&#8243; img_size=&#8221;&#8221; slides_per_view=&#8221;4&#8243; hide_pagination_control=&#8221;yes&#8221; wrap=&#8221;yes&#8221; css=&#8221;.vc_custom_1477047245458{padding-top: 20px !important;}&#8221;][\/vc_column][\/vc_row][vc_row css=&#8221;.vc_custom_1476193580719{margin-top: 20px !important;}&#8221;][vc_column][vc_custom_heading text=&#8221;Informaci\u00f3&#8221; font_container=&#8221;tag:h3|text_align:left|line_height:0&#8243; use_theme_fonts=&#8221;yes&#8221; css=&#8221;.vc_custom_1477044803784{margin-top: 50px !important;}&#8221;][vc_column_text css=&#8221;.vc_custom_1646054758753{padding-bottom: 30px !important;}&#8221;]Arreplega mostres temporals, tant d\u2019arts pl\u00e0stiques com d\u2019unes altres disciplines. [&hellip;]<\/p>\n","protected":false},"featured_media":0,"template":"","location-categories":[195],"class_list":["post-5156","stlr_place","type-stlr_place","status-publish","hentry","stlr_location_categories-museus"],"_links":{"self":[{"href":"https:\/\/www.elche.es\/va\/wp-json\/wp\/v2\/locations\/5156","targetHints":{"allow":["GET"]}}],"collection":[{"href":"https:\/\/www.elche.es\/va\/wp-json\/wp\/v2\/locations"}],"about":[{"href":"https:\/\/www.elche.es\/va\/wp-json\/wp\/v2\/types\/stlr_place"}],"wp:attachment":[{"href":"https:\/\/www.elche.es\/va\/wp-json\/wp\/v2\/media?parent=5156"}],"wp:term":[{"taxonomy":"stlr_location_categories","embeddable":true,"href":"https:\/\/www.elche.es\/va\/wp-json\/wp\/v2\/location-categories?post=5156"}],"curies":[{"name":"wp","href":"https:\/\/api.w.org\/{rel}","templated":true}]}}

Antiga capella de l’Ordre Tercer Franciscà

<div class="wpb-content-wrapper"><p>[vc_row][vc_column]<div id='modulo_datos_contacto'> <p class='titulo_datos_contacto'>Dades de contacte </p> <hr><p class="contactoArea"> <i class="fa fa-map-marker" aria-hidden="true"></i>Plaça dels Reis Catòlics 20b</p><p class="contactoArea"><i class="fa fa-phone" aria-hidden="true"></i>966 658 293</p><p class="contactoArea"><i class="fa fa-clock-o" aria-hidden="true"></i>De dimarts a divendres: de 10 a 14 i 15 a 18 h. Dissabtes: de 10 a 14 i de 15 a 18 h. Diumenges: de 10 a 14 h. Dilluns: tancat.</p><div id='contacto-rrss'></div></div>[vc_images_carousel images=&#8221;5259,5257,5256,5255,5254,5253,5251&#8243; img_size=&#8221;&#8221; slides_per_view=&#8221;4&#8243; hide_pagination_control=&#8221;yes&#8221; wrap=&#8221;yes&#8221; css=&#8221;.vc_custom_1477047245458{padding-top: 20px !important;}&#8221;][/vc_column][/vc_row][vc_row css=&#8221;.vc_custom_1476193580719{margin-top: 20px !important;}&#8221;][vc_column][vc_custom_heading text=&#8221;Informació&#8221; font_container=&#8221;tag:h3|text_align:left|line_height:0&#8243; use_theme_fonts=&#8221;yes&#8221; css=&#8221;.vc_custom_1477044803784{margin-top: 50px !important;}&#8221;][vc_column_text css=&#8221;.vc_custom_1646054758753{padding-bottom: 30px !important;}&#8221;]Arreplega mostres temporals, tant d’arts plàstiques com d’unes altres disciplines. L’edifici, rehabilitat recentment, és l’antiga capella erigida a principis del segle XVIII pels germans de l’Ordre Tercer Franciscà, fidels laics vinculats a l’orde franciscana, que ocupava l’annex convent de Sant Josep.</p>
<p>En un principi, l’orde no tenia seu pròpia i celebrava les seues cerimònies litúrgiques i penitencials en la capella de Sant Pere d’Alcàntara de l’església del convent. Però, el 6 de gener del 1718, l’orde seglar va sol·licitar permís per a edificar una capella, que seria beneïda el 27 de febrer del 1739. Els germans i germanes, distingits per l’hàbit penitencial, havien de complir una sèrie de condicions: ser de provada virtut i vida exemplar, tindre assegurat el menjar, haver complit els trenta anys, ser de bon llinatge, honrat i estimat, i constar el testimoni de la seua fe mitjançant certificat de baptisme.</p>
<p><strong>ENTRADA GRATUÏTA</strong>[/vc_column_text][/vc_column][/vc_row]</p>
</div>

<p>[vc_row][vc_column][vc_images_carousel images=&#8221;5259,5257,5256,5255,5254,5253,5251&#8243; img_size=&#8221;&#8221; slides_per_view=&#8221;4&#8243; hide_pagination_control=&#8221;yes&#8221; wrap=&#8221;yes&#8221; css=&#8221;.vc_custom_1477047245458{padding-top: 20px !important;}&#8221;][/vc_column][/vc_row][vc_row css=&#8221;.vc_custom_1476193580719{margin-top: 20px !important;}&#8221;][vc_column][vc_custom_heading text=&#8221;Informació&#8221; font_container=&#8221;tag:h3|text_align:left|line_height:0&#8243; use_theme_fonts=&#8221;yes&#8221; css=&#8221;.vc_custom_1477044803784{margin-top: 50px !important;}&#8221;][vc_column_text css=&#8221;.vc_custom_1646054758753{padding-bottom: 30px !important;}&#8221;]Arreplega mostres temporals, tant d’arts plàstiques com d’unes altres disciplines. [&hellip;]</p>
