{"id":5163,"date":"2016-10-18T13:48:20","date_gmt":"2016-10-18T13:48:20","guid":{"rendered":"http:\/\/www.elche.es\/va\/locations\/lonja-medieval\/"},"modified":"2022-02-28T13:16:08","modified_gmt":"2022-02-28T12:16:08","slug":"llotja-medieval","status":"publish","type":"stlr_place","link":"https:\/\/www.elche.es\/va\/locations\/llotja-medieval\/","title":{"rendered":"Llotja Medieval"},"content":{"rendered":"<div class=\"wpb-content-wrapper\"><p>[vc_row][vc_column]<div id='modulo_datos_contacto'> <p class='titulo_datos_contacto'>Dades de contacte <\/p> <hr><p class=\"contactoArea\"> <i class=\"fa fa-map-marker\" aria-hidden=\"true\"><\/i>Pla\u00e7a de Baix, 1<\/p><p class=\"contactoArea\"><i class=\"fa fa-phone\" aria-hidden=\"true\"><\/i>966 658 188<\/p><p class=\"contactoArea\"><i class=\"fa fa-clock-o\" aria-hidden=\"true\"><\/i>De dimarts a dissabtes: de 10 a 14 i 15 a 18 h.Diumenges: de 10 a 14 h.Dilluns: tancat.<\/p><div id='contacto-rrss'><\/div><\/div>[vc_images_carousel images=&#8221;5287,5286,5285,5284,5283&#8243; img_size=&#8221;&#8221; slides_per_view=&#8221;4&#8243; hide_pagination_control=&#8221;yes&#8221; wrap=&#8221;yes&#8221; css=&#8221;.vc_custom_1477047547320{padding-top: 20px !important;}&#8221;][\/vc_column][\/vc_row][vc_row css=&#8221;.vc_custom_1476193580719{margin-top: 20px !important;}&#8221;][vc_column][vc_custom_heading text=&#8221;Informaci\u00f3&#8221; font_container=&#8221;tag:h3|text_align:left|line_height:0&#8243; use_theme_fonts=&#8221;yes&#8221; css=&#8221;.vc_custom_1477044966841{margin-top: 50px !important;}&#8221;][vc_column_text css=&#8221;.vc_custom_1646050265304{padding-bottom: 30px !important;}&#8221;]Arreplega mostres temporals, tant d\u2019arts pl\u00e0stiques com d\u2019unes altres disciplines. Ubicada en la planta baixa de l\u2019edifici de l\u2019Ajuntament, segons l\u2019erudit local Pere Ibarra Ruiz (1858-1934), es tractaria de l\u2019antic arxiu, una sala oberta amb arcs de mig punt, constru\u00eft el 1469, al costat de la llotja o galeria goticorenaixentista, que s\u2019obri a la pla\u00e7a de Baix o \u00abpla\u00e7a de Fora\u00bb, anomenada aix\u00ed en \u00e8poca medieval en oposici\u00f3 a la \u00abpla\u00e7a de la Vila\u00bb, situada intramurs (actual pla\u00e7a de la Fruita).<\/p>\n<p>En la fa\u00e7ana apareixen engranats fragments de l\u00e0pides i columnes procedents del jaciment de l\u2019Alc\u00fadia. Segons una cr\u00f2nica del magistrat local Crist\u00f3bal Sanz, al febrer del 1621 es van descobrir unes restes a l\u2019Alc\u00fadia, entre les quals hi havia una l\u00e0pida dedicada a <em>Titus Statilius Taurus<\/em>, que va ser proc\u00f2nsol d\u2019<em>Hispania<\/em><em> Citerior<\/em> entre els anys 29 i 28 abans de la nostra era, patr\u00f3 probablement de la col\u00f2nia <em>Iulia Ilici Augusta. <\/em>Crist\u00f3bal Sanz tamb\u00e9 cita una altra pedra i ens en diu que \u00ab<em>fue tra\u00edda seg\u00fan tengo entendido de esta loma de La Alcudia. Y se puso en la plasuela de la Mersed, como yo la vi en este puesto y lugar. Y despu\u00e9s se truxo a la plasa mayor, a donde agora est\u00e1 puesta, en la pared del archivo, por haverlo mandado sus mercedes de justicia y jurados, a\u00f1o 1621, se pusiese all\u00ed junto a la l\u00e1pida de Statilio Tauro. Es de redondes que dos hombres la abarcar\u00e1n y de altaria 9 palmos, su color es jaspeado, el grano menudo y fuerte\u00bb.<\/em>\u00a0Es tracta del pedestal dedicat a l\u2019emperador August i que probablement va ser un dels grans monuments del f\u00f2rum.<\/p>\n<p>M\u00e9s tard, l\u2019any 1752, les actes municipals donen not\u00edcia d\u2019unes excavacions realitzades a l\u2019Alc\u00fadia. Aquesta vegada, es van trobar diversos fragments de columnes i est\u00e0tues, a m\u00e9s d\u2019un cap de marbre, que van ser fixats tamb\u00e9 en la fa\u00e7ana de l\u2019Ajuntament, encara que alguns d\u2019aquests fragments no van tornar al seu lloc despr\u00e9s de la reforma de l\u2019edifici en els anys setanta del segle XX.<\/p>\n<p><strong>Preu de les entrades<\/strong><br \/>\nGeneral: 2 \u20ac<br \/>\nRedu\u00efda: 1 \u20ac[\/vc_column_text][\/vc_column][\/vc_row]<\/p>\n<\/div>","protected":false},"excerpt":{"rendered":"<p>[vc_row][vc_column][vc_images_carousel images=&#8221;5287,5286,5285,5284,5283&#8243; img_size=&#8221;&#8221; slides_per_view=&#8221;4&#8243; hide_pagination_control=&#8221;yes&#8221; wrap=&#8221;yes&#8221; css=&#8221;.vc_custom_1477047547320{padding-top: 20px !important;}&#8221;][\/vc_column][\/vc_row][vc_row css=&#8221;.vc_custom_1476193580719{margin-top: 20px !important;}&#8221;][vc_column][vc_custom_heading text=&#8221;Informaci\u00f3&#8221; font_container=&#8221;tag:h3|text_align:left|line_height:0&#8243; use_theme_fonts=&#8221;yes&#8221; css=&#8221;.vc_custom_1477044966841{margin-top: 50px !important;}&#8221;][vc_column_text css=&#8221;.vc_custom_1646050265304{padding-bottom: 30px !important;}&#8221;]Arreplega mostres temporals, tant d\u2019arts pl\u00e0stiques com d\u2019unes altres disciplines. [&hellip;]<\/p>\n","protected":false},"featured_media":0,"template":"","location-categories":[195],"class_list":["post-5163","stlr_place","type-stlr_place","status-publish","hentry","stlr_location_categories-museus"],"_links":{"self":[{"href":"https:\/\/www.elche.es\/va\/wp-json\/wp\/v2\/locations\/5163","targetHints":{"allow":["GET"]}}],"collection":[{"href":"https:\/\/www.elche.es\/va\/wp-json\/wp\/v2\/locations"}],"about":[{"href":"https:\/\/www.elche.es\/va\/wp-json\/wp\/v2\/types\/stlr_place"}],"wp:attachment":[{"href":"https:\/\/www.elche.es\/va\/wp-json\/wp\/v2\/media?parent=5163"}],"wp:term":[{"taxonomy":"stlr_location_categories","embeddable":true,"href":"https:\/\/www.elche.es\/va\/wp-json\/wp\/v2\/location-categories?post=5163"}],"curies":[{"name":"wp","href":"https:\/\/api.w.org\/{rel}","templated":true}]}}

<div class="wpb-content-wrapper"><p>[vc_row][vc_column]<div id='modulo_datos_contacto'> <p class='titulo_datos_contacto'>Dades de contacte </p> <hr><p class="contactoArea"> <i class="fa fa-map-marker" aria-hidden="true"></i>Plaça de Baix, 1</p><p class="contactoArea"><i class="fa fa-phone" aria-hidden="true"></i>966 658 188</p><p class="contactoArea"><i class="fa fa-clock-o" aria-hidden="true"></i>De dimarts a dissabtes: de 10 a 14 i 15 a 18 h.Diumenges: de 10 a 14 h.Dilluns: tancat.</p><div id='contacto-rrss'></div></div>[vc_images_carousel images=&#8221;5287,5286,5285,5284,5283&#8243; img_size=&#8221;&#8221; slides_per_view=&#8221;4&#8243; hide_pagination_control=&#8221;yes&#8221; wrap=&#8221;yes&#8221; css=&#8221;.vc_custom_1477047547320{padding-top: 20px !important;}&#8221;][/vc_column][/vc_row][vc_row css=&#8221;.vc_custom_1476193580719{margin-top: 20px !important;}&#8221;][vc_column][vc_custom_heading text=&#8221;Informació&#8221; font_container=&#8221;tag:h3|text_align:left|line_height:0&#8243; use_theme_fonts=&#8221;yes&#8221; css=&#8221;.vc_custom_1477044966841{margin-top: 50px !important;}&#8221;][vc_column_text css=&#8221;.vc_custom_1646050265304{padding-bottom: 30px !important;}&#8221;]Arreplega mostres temporals, tant d’arts plàstiques com d’unes altres disciplines. Ubicada en la planta baixa de l’edifici de l’Ajuntament, segons l’erudit local Pere Ibarra Ruiz (1858-1934), es tractaria de l’antic arxiu, una sala oberta amb arcs de mig punt, construït el 1469, al costat de la llotja o galeria goticorenaixentista, que s’obri a la plaça de Baix o «plaça de Fora», anomenada així en època medieval en oposició a la «plaça de la Vila», situada intramurs (actual plaça de la Fruita).</p>
<p>En la façana apareixen engranats fragments de làpides i columnes procedents del jaciment de l’Alcúdia. Segons una crònica del magistrat local Cristóbal Sanz, al febrer del 1621 es van descobrir unes restes a l’Alcúdia, entre les quals hi havia una làpida dedicada a <em>Titus Statilius Taurus</em>, que va ser procònsol d’<em>Hispania</em><em> Citerior</em> entre els anys 29 i 28 abans de la nostra era, patró probablement de la colònia <em>Iulia Ilici Augusta. </em>Cristóbal Sanz també cita una altra pedra i ens en diu que «<em>fue traída según tengo entendido de esta loma de La Alcudia. Y se puso en la plasuela de la Mersed, como yo la vi en este puesto y lugar. Y después se truxo a la plasa mayor, a donde agora está puesta, en la pared del archivo, por haverlo mandado sus mercedes de justicia y jurados, año 1621, se pusiese allí junto a la lápida de Statilio Tauro. Es de redondes que dos hombres la abarcarán y de altaria 9 palmos, su color es jaspeado, el grano menudo y fuerte».</em> Es tracta del pedestal dedicat a l’emperador August i que probablement va ser un dels grans monuments del fòrum.</p>
<p>Més tard, l’any 1752, les actes municipals donen notícia d’unes excavacions realitzades a l’Alcúdia. Aquesta vegada, es van trobar diversos fragments de columnes i estàtues, a més d’un cap de marbre, que van ser fixats també en la façana de l’Ajuntament, encara que alguns d’aquests fragments no van tornar al seu lloc després de la reforma de l’edifici en els anys setanta del segle XX.</p>
<p><strong>Preu de les entrades</strong><br />
General: 2 €<br />
Reduïda: 1 €[/vc_column_text][/vc_column][/vc_row]</p>
</div>

<p>[vc_row][vc_column][vc_images_carousel images=&#8221;5287,5286,5285,5284,5283&#8243; img_size=&#8221;&#8221; slides_per_view=&#8221;4&#8243; hide_pagination_control=&#8221;yes&#8221; wrap=&#8221;yes&#8221; css=&#8221;.vc_custom_1477047547320{padding-top: 20px !important;}&#8221;][/vc_column][/vc_row][vc_row css=&#8221;.vc_custom_1476193580719{margin-top: 20px !important;}&#8221;][vc_column][vc_custom_heading text=&#8221;Informació&#8221; font_container=&#8221;tag:h3|text_align:left|line_height:0&#8243; use_theme_fonts=&#8221;yes&#8221; css=&#8221;.vc_custom_1477044966841{margin-top: 50px !important;}&#8221;][vc_column_text css=&#8221;.vc_custom_1646050265304{padding-bottom: 30px !important;}&#8221;]Arreplega mostres temporals, tant d’arts plàstiques com d’unes altres disciplines. [&hellip;]</p>
