{"id":312903,"date":"2024-10-04T13:19:17","date_gmt":"2024-10-04T11:19:17","guid":{"rendered":"https:\/\/www.elche.es\/?page_id=312903"},"modified":"2025-08-08T09:55:53","modified_gmt":"2025-08-08T07:55:53","slug":"fireta-camp-delx","status":"publish","type":"page","link":"https:\/\/www.elche.es\/va\/medi-ambient\/fireta-camp-delx\/","title":{"rendered":"Fireta Camp d&#8217;Elx"},"content":{"rendered":"<div class=\"wpb-content-wrapper\"><p>[vc_row full_width=&#8221;stretch_row&#8221; css=&#8221;.vc_custom_1478877281574{padding-top: 120px !important;padding-right: 120px !important;padding-bottom: 270px !important;padding-left: 120px !important;background-image: url(https:\/\/www.elche.es\/wp-content\/uploads\/2016\/10\/PALMERAL-c-visitelche-Foto-Beatriz-Navarro.jpg?id=5188) !important;background-position: center !important;background-repeat: no-repeat !important;background-size: cover !important;}&#8221; el_id=&#8221;bloque_titulo&#8221;][vc_column][vc_custom_heading text=&#8221;Medi Ambient&#8221; font_container=&#8221;tag:h2|text_align:center|color:%23ffffff&#8221; google_fonts=&#8221;font_family:Ubuntu%3A300%2C300italic%2Cregular%2Citalic%2C500%2C500italic%2C700%2C700italic|font_style:700%20bold%20regular%3A700%3Anormal&#8221; css=&#8221;.vc_custom_1478262106863{padding-top: 80px !important;}&#8221; el_class=&#8221;sombraTitulo&#8221;][\/vc_column][\/vc_row][vc_row full_width=&#8221;stretch_row_content_no_spaces&#8221; css=&#8221;.vc_custom_1475765564344{margin-top: -130px !important;padding-top: 30px !important;padding-right: 30px !important;padding-bottom: 30px !important;padding-left: 30px !important;background-color: rgba(0,169,151,0.8) !important;*background-color: rgb(0,169,151) !important;}&#8221; el_id=&#8221;bloque_menu_enlaces&#8221;][vc_column]<div id=\"sc_section_1813684718\" class=\"sc_section margin_right_large margin_left_large aligncenter\"><div class=\"sc_section_inner\"><div id=\"sc_section_1813684718_scroll\" class=\"sc_scroll sc_scroll_horizontal swiper-slider-container scroll-container\" style=\"\"><div class=\"sc_scroll_wrapper swiper-wrapper\"><div class=\"sc_scroll_slide swiper-slide\">\r\n        \r\n        <a class=\"menuVC\"  href=\"\/va\/medio-ambiente\/patrimonio-natural\/\"> <span> Patrimoni Natural <\/span><\/a>\r\n        \r\n        <a class=\"menuVC\"  href=\"\/va\/medio-ambiente\/pacto-de-los-alcaldes\/\"> <span> Pacte dels Alcaldes <\/span><\/a>\r\n        \r\n        <a class=\"menuVC\"  href=\"https:\/\/www.elche.es\/va\/medi-ambient\/desenvolupament-sostenible\/\"> <span> Desenvolupament Sostenible <\/span><\/a>\r\n        \r\n        <a class=\"menuVC\"  href=\"https:\/\/www.elche.es\/va\/medi-ambient\/documentacio\/\"> <span> Documentaci\u00f3 d'inter\u00e9s <\/span><\/a>\r\n        \r\n        <a class=\"menuVC\"  href=\"https:\/\/www.elche.es\/va\/medi-ambient\/projecte-interreg-mediterranean-impulse\/\"> <span> Projecte IMPULSE <\/span><\/a>\r\n        \r\n        <a class=\"menuVC\"  href=\"https:\/\/www.elche.es\/va\/medi-ambient\/aus-urbanes\/\"> <span> Aus urbanes <\/span><\/a><\/div><\/div><div id=\"sc_section_1813684718_scroll_bar\" class=\"sc_scroll_bar sc_scroll_bar_horizontal sc_section_1813684718_scroll_bar\"><\/div><\/div><\/div><\/div>[\/vc_column][\/vc_row][vc_row full_width=&#8221;stretch_row&#8221; css=&#8221;.vc_custom_1475484188729{background-color: #dddde0 !important;}&#8221;][vc_column offset=&#8221;vc_hidden-sm vc_hidden-xs&#8221;][vc_column_text]<nav aria-label=\"breadcrumbs\">\n            <div class=\"breadcrumb-container theme1\">\n                <ol>\n                                    <\/ol>\n            <\/div>\n        <\/nav>    <script type=\"application\/ld+json\">\n        {\n            \"@context\": \"http:\/\/schema.org\",\n            \"@type\": \"BreadcrumbList\",\n            \"itemListElement\": [\n                            ]\n        }\n    <\/script>\n    <style type=\"text\/css\">\n        .breadcrumb-container {\n            font-size: 13px;\n        }\n\n        .breadcrumb-container ul {\n            margin: 0;\n            padding: 0;\n        }\n\n        .breadcrumb-container li {\n            box-sizing: unset;\n            display: inline-block;\n            margin: 0;\n            padding: 0;\n        }\n\n        .breadcrumb-container li a {\n            box-sizing: unset;\n            padding: 0 10px;\n        }\n\n        .breadcrumb-container {\n            font-size: 3 !important;\n                    }\n\n        .breadcrumb-container li a {\n            color: #0a0a0a !important;\n            font-size: 3 !important;\n            line-height: 3 !important;\n                    }\n\n        .breadcrumb-container li .separator {\n            font-size: 3 !important;\n                    }\n\n        .breadcrumb-container li:last-child .separator {\n            display: none;\n        }\n    <\/style>\n    <style type=\"text\/css\">\n        .breadcrumb-container.theme1 li {\n            margin: 0;\n            padding: 0;\n        }\n        .breadcrumb-container.theme1 a {\n            background: ;\n            display: inline-block;\n            margin: 0 5px;\n            padding: 5px 10px;\n            text-decoration: none;\n        }\n    <\/style>\n        <style type=\"text\/css\">\n            <\/style>\n    <script>\n            <\/script>\n[\/vc_column_text][\/vc_column][\/vc_row][vc_row full_width=&#8221;stretch_row_content_no_spaces&#8221; css=&#8221;.vc_custom_1663588492163{background-position: center !important;background-repeat: no-repeat !important;background-size: cover !important;}&#8221; el_class=&#8221;cuadrocabecerafoto&#8221;][vc_column][vc_single_image image=&#8221;342599&#8243; img_size=&#8221;full&#8221; alignment=&#8221;center&#8221; css=&#8221;&#8221; el_class=&#8221;cabecerasolofoto&#8221;][\/vc_column][\/vc_row][vc_row][vc_column]<h1 class=\"sc_title sc_title_regular titulo-pagina margin_top_small\" style=\"````\">El passeig de l\u2019Estaci\u00f3 acull la Fireta del Camp d\u2019Elx del 9 al 12 d\u2019octubre<\/h1>[vc_column_text css=&#8221;&#8221;]L\u2019Ajuntament d\u2019Elx ha presentat\u00a0<strong>una nova edici\u00f3 de la Fireta del Camp d\u2019Elx, que se celebrar\u00e0 del 9 al 12 d\u2019octubre al passeig de l\u2019Estaci\u00f3<\/strong>, i que t\u00e9 com a objectiu donar un important impuls al sector agr\u00edcola local, recuperar i atraure expositors de qualitat i oferir un major espai de promoci\u00f3, degustaci\u00f3 i venda de productes de proximitat.<\/p>\n<p>L\u2019esdeveniment\u00a0<strong>comptar\u00e0 durant tot el cap de setmana amb nombrosos tallers per a tots els p\u00fablics<\/strong>, entre els quals destaquen els de palma blanca, trenat d\u2019espart, elaboraci\u00f3 de rebosteria artesanal, cuina tradicional, escalada de palmeres, tast de vins, cuina, i una gran varietat de tallers infantils.<\/p>\n<p>Com a novetats d\u2019enguany, hi haur\u00e0 teatres en valenci\u00e0, espectacles i sorpreses amb animals, com un espectacle de doma a l\u2019Hort del Xocolater.<\/p>\n<p>Per la seua banda, el regidor de Pedanies, Pedro Jos\u00e9 S\u00e1ez, ha indicat que \u201ccreiem en la import\u00e0ncia d\u2019acostar les nostres arrels, les nostres costums i la nostra manera de viure rural a tota la ciutadania, i la Fireta ens brinda aquesta oportunitat, perqu\u00e8 Elx no s\u2019ent\u00e9n sense el seu Camp d\u2019Elx\u201d.<\/p>\n<p>D\u2019altra banda, la Fireta continuar\u00e0 comptant amb els seus tradicionals concursos de magrana i d\u00e0til per a saber quins s\u00f3n els m\u00e9s bonics i els m\u00e9s saborosos.<\/p>\n<p>S\u00e1ez ha convidat tots els il\u00b7licitans a gaudir d\u2019aquest esdeveniment \u201ci descobrir el sabor aut\u00e8ntic del Camp d\u2019Elx i a continuar enfortint aquest vincle tan especial que ens unix com a poble\u201d.[\/vc_column_text][\/vc_column][\/vc_row][vc_row][vc_column][vc_empty_space][\/vc_column][\/vc_row][vc_row][vc_column][vc_column_text css=&#8221;&#8221;]<\/p>\n<hr \/>\n<p>Fireta 2024[\/vc_column_text][vc_video link=&#8221;https:\/\/www.youtube.com\/watch?v=EYMCUZdX2HA&#8221; css=&#8221;.vc_custom_1728470403969{margin-top: 30px !important;margin-bottom: 30px !important;}&#8221; el_class=&#8221;videonoticia&#8221;][\/vc_column][\/vc_row]<\/p>\n<\/div>","protected":false},"excerpt":{"rendered":"<p>[vc_row full_width=&#8221;stretch_row&#8221; css=&#8221;.vc_custom_1478877281574{padding-top: 120px !important;padding-right: 120px !important;padding-bottom: 270px !important;padding-left: 120px !important;background-image: url(https:\/\/www.elche.es\/wp-content\/uploads\/2016\/10\/PALMERAL-c-visitelche-Foto-Beatriz-Navarro.jpg?id=5188) !important;background-position: center !important;background-repeat: no-repeat !important;background-size: cover !important;}&#8221; el_id=&#8221;bloque_titulo&#8221;][vc_column][vc_custom_heading text=&#8221;Medi Ambient&#8221; font_container=&#8221;tag:h2|text_align:center|color:%23ffffff&#8221; google_fonts=&#8221;font_family:Ubuntu%3A300%2C300italic%2Cregular%2Citalic%2C500%2C500italic%2C700%2C700italic|font_style:700%20bold%20regular%3A700%3Anormal&#8221; css=&#8221;.vc_custom_1478262106863{padding-top: 80px !important;}&#8221; el_class=&#8221;sombraTitulo&#8221;][\/vc_column][\/vc_row][vc_row full_width=&#8221;stretch_row_content_no_spaces&#8221; css=&#8221;.vc_custom_1475765564344{margin-top: [&hellip;]<\/p>\n","protected":false},"author":139,"featured_media":0,"parent":7057,"menu_order":0,"comment_status":"closed","ping_status":"closed","template":"","meta":{"footnotes":""},"class_list":["post-312903","page","type-page","status-publish","hentry"],"_links":{"self":[{"href":"https:\/\/www.elche.es\/va\/wp-json\/wp\/v2\/pages\/312903","targetHints":{"allow":["GET"]}}],"collection":[{"href":"https:\/\/www.elche.es\/va\/wp-json\/wp\/v2\/pages"}],"about":[{"href":"https:\/\/www.elche.es\/va\/wp-json\/wp\/v2\/types\/page"}],"author":[{"embeddable":true,"href":"https:\/\/www.elche.es\/va\/wp-json\/wp\/v2\/users\/139"}],"replies":[{"embeddable":true,"href":"https:\/\/www.elche.es\/va\/wp-json\/wp\/v2\/comments?post=312903"}],"version-history":[{"count":6,"href":"https:\/\/www.elche.es\/va\/wp-json\/wp\/v2\/pages\/312903\/revisions"}],"predecessor-version":[{"id":342602,"href":"https:\/\/www.elche.es\/va\/wp-json\/wp\/v2\/pages\/312903\/revisions\/342602"}],"up":[{"embeddable":true,"href":"https:\/\/www.elche.es\/va\/wp-json\/wp\/v2\/pages\/7057"}],"wp:attachment":[{"href":"https:\/\/www.elche.es\/va\/wp-json\/wp\/v2\/media?parent=312903"}],"curies":[{"name":"wp","href":"https:\/\/api.w.org\/{rel}","templated":true}]}}

<div class="wpb-content-wrapper"><p>[vc_row full_width=&#8221;stretch_row&#8221; css=&#8221;.vc_custom_1478877281574{padding-top: 120px !important;padding-right: 120px !important;padding-bottom: 270px !important;padding-left: 120px !important;background-image: url(https://www.elche.es/wp-content/uploads/2016/10/PALMERAL-c-visitelche-Foto-Beatriz-Navarro.jpg?id=5188) !important;background-position: center !important;background-repeat: no-repeat !important;background-size: cover !important;}&#8221; el_id=&#8221;bloque_titulo&#8221;][vc_column][vc_custom_heading text=&#8221;Medi Ambient&#8221; font_container=&#8221;tag:h2|text_align:center|color:%23ffffff&#8221; google_fonts=&#8221;font_family:Ubuntu%3A300%2C300italic%2Cregular%2Citalic%2C500%2C500italic%2C700%2C700italic|font_style:700%20bold%20regular%3A700%3Anormal&#8221; css=&#8221;.vc_custom_1478262106863{padding-top: 80px !important;}&#8221; el_class=&#8221;sombraTitulo&#8221;][/vc_column][/vc_row][vc_row full_width=&#8221;stretch_row_content_no_spaces&#8221; css=&#8221;.vc_custom_1475765564344{margin-top: -130px !important;padding-top: 30px !important;padding-right: 30px !important;padding-bottom: 30px !important;padding-left: 30px !important;background-color: rgba(0,169,151,0.8) !important;*background-color: rgb(0,169,151) !important;}&#8221; el_id=&#8221;bloque_menu_enlaces&#8221;][vc_column]<div id="sc_section_1813684718" class="sc_section margin_right_large margin_left_large aligncenter"><div class="sc_section_inner"><div id="sc_section_1813684718_scroll" class="sc_scroll sc_scroll_horizontal swiper-slider-container scroll-container" style=""><div class="sc_scroll_wrapper swiper-wrapper"><div class="sc_scroll_slide swiper-slide">
        
        <a class="menuVC"  href="/va/medio-ambiente/patrimonio-natural/"> <span> Patrimoni Natural </span></a>
        
        <a class="menuVC"  href="/va/medio-ambiente/pacto-de-los-alcaldes/"> <span> Pacte dels Alcaldes </span></a>
        
        <a class="menuVC"  href="https://www.elche.es/va/medi-ambient/desenvolupament-sostenible/"> <span> Desenvolupament Sostenible </span></a>
        
        <a class="menuVC"  href="https://www.elche.es/va/medi-ambient/documentacio/"> <span> Documentació d'interés </span></a>
        
        <a class="menuVC"  href="https://www.elche.es/va/medi-ambient/projecte-interreg-mediterranean-impulse/"> <span> Projecte IMPULSE </span></a>
        
        <a class="menuVC"  href="https://www.elche.es/va/medi-ambient/aus-urbanes/"> <span> Aus urbanes </span></a></div></div><div id="sc_section_1813684718_scroll_bar" class="sc_scroll_bar sc_scroll_bar_horizontal sc_section_1813684718_scroll_bar"></div></div></div></div>[/vc_column][/vc_row][vc_row full_width=&#8221;stretch_row&#8221; css=&#8221;.vc_custom_1475484188729{background-color: #dddde0 !important;}&#8221;][vc_column offset=&#8221;vc_hidden-sm vc_hidden-xs&#8221;][vc_column_text]<nav aria-label="breadcrumbs">
            <div class="breadcrumb-container theme1">
                <ol>
                                    </ol>
            </div>
        </nav>    <script type="application/ld+json">
        {
            "@context": "http://schema.org",
            "@type": "BreadcrumbList",
            "itemListElement": [
                            ]
        }
    </script>
    <style type="text/css">
        .breadcrumb-container {
            font-size: 13px;
        }

        .breadcrumb-container ul {
            margin: 0;
            padding: 0;
        }

        .breadcrumb-container li {
            box-sizing: unset;
            display: inline-block;
            margin: 0;
            padding: 0;
        }

        .breadcrumb-container li a {
            box-sizing: unset;
            padding: 0 10px;
        }

        .breadcrumb-container {
            font-size: 3 !important;
                    }

        .breadcrumb-container li a {
            color: #0a0a0a !important;
            font-size: 3 !important;
            line-height: 3 !important;
                    }

        .breadcrumb-container li .separator {
            font-size: 3 !important;
                    }

        .breadcrumb-container li:last-child .separator {
            display: none;
        }
    </style>
    <style type="text/css">
        .breadcrumb-container.theme1 li {
            margin: 0;
            padding: 0;
        }
        .breadcrumb-container.theme1 a {
            background: ;
            display: inline-block;
            margin: 0 5px;
            padding: 5px 10px;
            text-decoration: none;
        }
    </style>
        <style type="text/css">
            </style>
    <script>
            </script>
[/vc_column_text][/vc_column][/vc_row][vc_row full_width=&#8221;stretch_row_content_no_spaces&#8221; css=&#8221;.vc_custom_1663588492163{background-position: center !important;background-repeat: no-repeat !important;background-size: cover !important;}&#8221; el_class=&#8221;cuadrocabecerafoto&#8221;][vc_column][vc_single_image image=&#8221;342599&#8243; img_size=&#8221;full&#8221; alignment=&#8221;center&#8221; css=&#8221;&#8221; el_class=&#8221;cabecerasolofoto&#8221;][/vc_column][/vc_row][vc_row][vc_column]<h1 class="sc_title sc_title_regular titulo-pagina margin_top_small" style="````">El passeig de l’Estació acull la Fireta del Camp d’Elx del 9 al 12 d’octubre</h1>[vc_column_text css=&#8221;&#8221;]L’Ajuntament d’Elx ha presentat <strong>una nova edició de la Fireta del Camp d’Elx, que se celebrarà del 9 al 12 d’octubre al passeig de l’Estació</strong>, i que té com a objectiu donar un important impuls al sector agrícola local, recuperar i atraure expositors de qualitat i oferir un major espai de promoció, degustació i venda de productes de proximitat.</p>
<p>L’esdeveniment <strong>comptarà durant tot el cap de setmana amb nombrosos tallers per a tots els públics</strong>, entre els quals destaquen els de palma blanca, trenat d’espart, elaboració de rebosteria artesanal, cuina tradicional, escalada de palmeres, tast de vins, cuina, i una gran varietat de tallers infantils.</p>
<p>Com a novetats d’enguany, hi haurà teatres en valencià, espectacles i sorpreses amb animals, com un espectacle de doma a l’Hort del Xocolater.</p>
<p>Per la seua banda, el regidor de Pedanies, Pedro José Sáez, ha indicat que “creiem en la importància d’acostar les nostres arrels, les nostres costums i la nostra manera de viure rural a tota la ciutadania, i la Fireta ens brinda aquesta oportunitat, perquè Elx no s’entén sense el seu Camp d’Elx”.</p>
<p>D’altra banda, la Fireta continuarà comptant amb els seus tradicionals concursos de magrana i dàtil per a saber quins són els més bonics i els més saborosos.</p>
<p>Sáez ha convidat tots els il·licitans a gaudir d’aquest esdeveniment “i descobrir el sabor autèntic del Camp d’Elx i a continuar enfortint aquest vincle tan especial que ens unix com a poble”.[/vc_column_text][/vc_column][/vc_row][vc_row][vc_column][vc_empty_space][/vc_column][/vc_row][vc_row][vc_column][vc_column_text css=&#8221;&#8221;]</p>
<hr />
<p>Fireta 2024[/vc_column_text][vc_video link=&#8221;https://www.youtube.com/watch?v=EYMCUZdX2HA&#8221; css=&#8221;.vc_custom_1728470403969{margin-top: 30px !important;margin-bottom: 30px !important;}&#8221; el_class=&#8221;videonoticia&#8221;][/vc_column][/vc_row]</p>
</div>
