{"id":3235,"date":"2016-10-13T10:02:17","date_gmt":"2016-10-13T10:02:17","guid":{"rendered":"http:\/\/www.elche.es\/?page_id=3235"},"modified":"2019-05-09T07:27:07","modified_gmt":"2019-05-09T06:27:07","slug":"festes-de-nadal","status":"publish","type":"page","link":"https:\/\/www.elche.es\/va\/festes\/festes-de-nadal\/","title":{"rendered":"Festes de Nadal"},"content":{"rendered":"<div class=\"wpb-content-wrapper\"><p>[vc_row full_width=&#8221;stretch_row&#8221; css=&#8221;.vc_custom_1475488224066{background-color: #dddde0 !important;}&#8221;][vc_column][vc_column_text]<nav aria-label=\"breadcrumbs\">\n            <div class=\"breadcrumb-container theme1\">\n                <ol>\n                                    <\/ol>\n            <\/div>\n        <\/nav>    <script type=\"application\/ld+json\">\n        {\n            \"@context\": \"http:\/\/schema.org\",\n            \"@type\": \"BreadcrumbList\",\n            \"itemListElement\": [\n                            ]\n        }\n    <\/script>\n    <style type=\"text\/css\">\n        .breadcrumb-container {\n            font-size: 13px;\n        }\n\n        .breadcrumb-container ul {\n            margin: 0;\n            padding: 0;\n        }\n\n        .breadcrumb-container li {\n            box-sizing: unset;\n            display: inline-block;\n            margin: 0;\n            padding: 0;\n        }\n\n        .breadcrumb-container li a {\n            box-sizing: unset;\n            padding: 0 10px;\n        }\n\n        .breadcrumb-container {\n            font-size: 3 !important;\n                    }\n\n        .breadcrumb-container li a {\n            color: #0a0a0a !important;\n            font-size: 3 !important;\n            line-height: 3 !important;\n                    }\n\n        .breadcrumb-container li .separator {\n            font-size: 3 !important;\n                    }\n\n        .breadcrumb-container li:last-child .separator {\n            display: none;\n        }\n    <\/style>\n    <style type=\"text\/css\">\n        .breadcrumb-container.theme1 li {\n            margin: 0;\n            padding: 0;\n        }\n        .breadcrumb-container.theme1 a {\n            background: ;\n            display: inline-block;\n            margin: 0 5px;\n            padding: 5px 10px;\n            text-decoration: none;\n        }\n    <\/style>\n        <style type=\"text\/css\">\n            <\/style>\n    <script>\n            <\/script>\n[\/vc_column_text][\/vc_column][\/vc_row][vc_row css=&#8221;.vc_custom_1475488264405{padding-bottom: 40px !important;}&#8221; el_id=&#8221;bloque_basica&#8221;][vc_column width=&#8221;2\/3&#8243;]<h3 class=\"sc_title sc_title_regular margin_top_tiny\">Festes de Nadal<\/h3>[vc_single_image image=&#8221;3960&#8243; img_size=&#8221;full&#8221; css=&#8221;.vc_custom_1476806818813{padding-bottom: 20px !important;}&#8221;][vc_column_text]Les Festes de Nadal i de Cap d&#8217;Any comencen amb l&#8217;encesa dels llums nadalencs cap al <strong>8 de desembre<\/strong>. A m\u00e9s, en eixe dia t\u00e9 lloc la inauguraci\u00f3 del Pessebre Municipal, realitzat per la <em>Asociaci\u00f3n de Belenistas de Elche<\/em>.<\/p>\n<p>Cap al <strong>22 de desembre<\/strong> t\u00e9 lloc l&#8217;arribada de <em>Pap\u00e0 Noel<\/em> a la ciutat, en un acte en qu\u00e8 se li fa entrega per part de les autoritats de la clau de la ciutat. Posteriorment<em>Pap\u00e0 Noel<\/em> recorre els carrers de diversos barris repartint regals i saludant els xiquets.<\/p>\n<p>El 28 de desembre se celebra la <a href=\"https:\/\/www.visitelche.com\/va\/fiestas\/venida-de-la-virgen\/\"><em>Vinguda de la Mare de D\u00e9u<\/em><\/a>, una festa genu\u00efnament il\u00b7licitana i intimament vinculada al Misteri d&#8217;Elx. Conta la llegenda que all\u00e0 per l&#8217;any 1266, el vigilant de costes Francesc Cant\u00f3 trob\u00e0 una arca dins de la qual anava una imatge de la Mare de D\u00e9u amb la Consueta (la partitura del Misteri) i un missatge: &#8220;<em>S\u00f3c per a Elig<\/em>&#8221; (Elx).<\/p>\n<p><strong>Cada 28 de desembre<\/strong> dels anys parells, es representa esta troballa en la platja del Tamarit i es completa amb una romeria des d&#8217;aquella platja fins al nucli urb\u00e0 d&#8217;Elx a uns 15 km.<\/p>\n<p>A les tres en punt de la vesprada del 28 de desembre, cada any, el guaita de costes Francesc Cant\u00f3 ix a cavall des de l&#8217;hort de la Mare de D\u00e9u fins a l&#8217;Ajuntament, en una velo\u00e7 cursa pels carrers d&#8217;Elx per a avisar les autoritats de la important troballa.<\/p>\n<p>El <strong>29 de desembre<\/strong> se celebra la process\u00f3 en la qual desfila el tron de la Mare de D\u00e9u ple de xiquets menuts vestits d&#8217;angelets, a m\u00e9s de gegants i cabuts.<\/p>\n<p>El <strong>31 de desembre<\/strong>, una gran festa celebra la vinguda de l&#8217;Any Nou i a partir del 2 de gener, els patges de Ses Majestats apareixen en un trenet recorrent els barris de la ciutat avisant de l&#8217;arribada dels Reis d&#8217;Orient en una gran Cavalcada que eixint de diversos punts de la ciutat el d\u00eda 5 de gener recorre els carrers amb una caravana plena d&#8217;il\u00b7lusi\u00f3 per als m\u00e9s menuts.[\/vc_column_text][\/vc_column][vc_column width=&#8221;1\/3&#8243; css=&#8221;.vc_custom_1474385237096{padding-top: 50px !important;padding-bottom: 50px !important;}&#8221;][vc_widget_sidebar sidebar_id=&#8221;sidebar_custom_2&#8243;][\/vc_column][\/vc_row]<\/p>\n<\/div>","protected":false},"excerpt":{"rendered":"<p>[vc_row full_width=&#8221;stretch_row&#8221; css=&#8221;.vc_custom_1475488224066{background-color: #dddde0 !important;}&#8221;][vc_column][vc_column_text][\/vc_column_text][\/vc_column][\/vc_row][vc_row css=&#8221;.vc_custom_1475488264405{padding-bottom: 40px !important;}&#8221; el_id=&#8221;bloque_basica&#8221;][vc_column width=&#8221;2\/3&#8243;][vc_single_image image=&#8221;3960&#8243; img_size=&#8221;full&#8221; css=&#8221;.vc_custom_1476806818813{padding-bottom: 20px !important;}&#8221;][vc_column_text]Les Festes de Nadal i de Cap d&#8217;Any comencen amb l&#8217;encesa dels llums nadalencs cap al [&hellip;]<\/p>\n","protected":false},"author":1,"featured_media":0,"parent":4478,"menu_order":0,"comment_status":"closed","ping_status":"closed","template":"","meta":{"footnotes":""},"class_list":["post-3235","page","type-page","status-publish","hentry"],"_links":{"self":[{"href":"https:\/\/www.elche.es\/va\/wp-json\/wp\/v2\/pages\/3235","targetHints":{"allow":["GET"]}}],"collection":[{"href":"https:\/\/www.elche.es\/va\/wp-json\/wp\/v2\/pages"}],"about":[{"href":"https:\/\/www.elche.es\/va\/wp-json\/wp\/v2\/types\/page"}],"author":[{"embeddable":true,"href":"https:\/\/www.elche.es\/va\/wp-json\/wp\/v2\/users\/1"}],"replies":[{"embeddable":true,"href":"https:\/\/www.elche.es\/va\/wp-json\/wp\/v2\/comments?post=3235"}],"version-history":[{"count":0,"href":"https:\/\/www.elche.es\/va\/wp-json\/wp\/v2\/pages\/3235\/revisions"}],"up":[{"embeddable":true,"href":"https:\/\/www.elche.es\/va\/wp-json\/wp\/v2\/pages\/4478"}],"wp:attachment":[{"href":"https:\/\/www.elche.es\/va\/wp-json\/wp\/v2\/media?parent=3235"}],"curies":[{"name":"wp","href":"https:\/\/api.w.org\/{rel}","templated":true}]}}

<div class="wpb-content-wrapper"><p>[vc_row full_width=&#8221;stretch_row&#8221; css=&#8221;.vc_custom_1475488224066{background-color: #dddde0 !important;}&#8221;][vc_column][vc_column_text]<nav aria-label="breadcrumbs">
            <div class="breadcrumb-container theme1">
                <ol>
                                    </ol>
            </div>
        </nav>    <script type="application/ld+json">
        {
            "@context": "http://schema.org",
            "@type": "BreadcrumbList",
            "itemListElement": [
                            ]
        }
    </script>
    <style type="text/css">
        .breadcrumb-container {
            font-size: 13px;
        }

        .breadcrumb-container ul {
            margin: 0;
            padding: 0;
        }

        .breadcrumb-container li {
            box-sizing: unset;
            display: inline-block;
            margin: 0;
            padding: 0;
        }

        .breadcrumb-container li a {
            box-sizing: unset;
            padding: 0 10px;
        }

        .breadcrumb-container {
            font-size: 3 !important;
                    }

        .breadcrumb-container li a {
            color: #0a0a0a !important;
            font-size: 3 !important;
            line-height: 3 !important;
                    }

        .breadcrumb-container li .separator {
            font-size: 3 !important;
                    }

        .breadcrumb-container li:last-child .separator {
            display: none;
        }
    </style>
    <style type="text/css">
        .breadcrumb-container.theme1 li {
            margin: 0;
            padding: 0;
        }
        .breadcrumb-container.theme1 a {
            background: ;
            display: inline-block;
            margin: 0 5px;
            padding: 5px 10px;
            text-decoration: none;
        }
    </style>
        <style type="text/css">
            </style>
    <script>
            </script>
[/vc_column_text][/vc_column][/vc_row][vc_row css=&#8221;.vc_custom_1475488264405{padding-bottom: 40px !important;}&#8221; el_id=&#8221;bloque_basica&#8221;][vc_column width=&#8221;2/3&#8243;]<h3 class="sc_title sc_title_regular margin_top_tiny">Festes de Nadal</h3>[vc_single_image image=&#8221;3960&#8243; img_size=&#8221;full&#8221; css=&#8221;.vc_custom_1476806818813{padding-bottom: 20px !important;}&#8221;][vc_column_text]Les Festes de Nadal i de Cap d&#8217;Any comencen amb l&#8217;encesa dels llums nadalencs cap al <strong>8 de desembre</strong>. A més, en eixe dia té lloc la inauguració del Pessebre Municipal, realitzat per la <em>Asociación de Belenistas de Elche</em>.</p>
<p>Cap al <strong>22 de desembre</strong> té lloc l&#8217;arribada de <em>Papà Noel</em> a la ciutat, en un acte en què se li fa entrega per part de les autoritats de la clau de la ciutat. Posteriorment<em>Papà Noel</em> recorre els carrers de diversos barris repartint regals i saludant els xiquets.</p>
<p>El 28 de desembre se celebra la <a href="https://www.visitelche.com/va/fiestas/venida-de-la-virgen/"><em>Vinguda de la Mare de Déu</em></a>, una festa genuïnament il·licitana i intimament vinculada al Misteri d&#8217;Elx. Conta la llegenda que allà per l&#8217;any 1266, el vigilant de costes Francesc Cantó trobà una arca dins de la qual anava una imatge de la Mare de Déu amb la Consueta (la partitura del Misteri) i un missatge: &#8220;<em>Sóc per a Elig</em>&#8221; (Elx).</p>
<p><strong>Cada 28 de desembre</strong> dels anys parells, es representa esta troballa en la platja del Tamarit i es completa amb una romeria des d&#8217;aquella platja fins al nucli urbà d&#8217;Elx a uns 15 km.</p>
<p>A les tres en punt de la vesprada del 28 de desembre, cada any, el guaita de costes Francesc Cantó ix a cavall des de l&#8217;hort de la Mare de Déu fins a l&#8217;Ajuntament, en una veloç cursa pels carrers d&#8217;Elx per a avisar les autoritats de la important troballa.</p>
<p>El <strong>29 de desembre</strong> se celebra la processó en la qual desfila el tron de la Mare de Déu ple de xiquets menuts vestits d&#8217;angelets, a més de gegants i cabuts.</p>
<p>El <strong>31 de desembre</strong>, una gran festa celebra la vinguda de l&#8217;Any Nou i a partir del 2 de gener, els patges de Ses Majestats apareixen en un trenet recorrent els barris de la ciutat avisant de l&#8217;arribada dels Reis d&#8217;Orient en una gran Cavalcada que eixint de diversos punts de la ciutat el día 5 de gener recorre els carrers amb una caravana plena d&#8217;il·lusió per als més menuts.[/vc_column_text][/vc_column][vc_column width=&#8221;1/3&#8243; css=&#8221;.vc_custom_1474385237096{padding-top: 50px !important;padding-bottom: 50px !important;}&#8221;][vc_widget_sidebar sidebar_id=&#8221;sidebar_custom_2&#8243;][/vc_column][/vc_row]</p>
</div>
