{"id":4496,"date":"2016-10-13T09:46:45","date_gmt":"2016-10-13T09:46:45","guid":{"rendered":"http:\/\/www.elche.es\/va\/festes\/romerias\/"},"modified":"2018-07-20T07:28:15","modified_gmt":"2018-07-20T06:28:15","slug":"romiatges","status":"publish","type":"page","link":"https:\/\/www.elche.es\/va\/festes\/romiatges\/","title":{"rendered":"Romiatges"},"content":{"rendered":"<div class=\"wpb-content-wrapper\"><p>[vc_row full_width=&#8221;stretch_row&#8221; css=&#8221;.vc_custom_1475487896980{background-color: #dddde0 !important;}&#8221;][vc_column][vc_column_text]<nav aria-label=\"breadcrumbs\">\n            <div class=\"breadcrumb-container theme1\">\n                <ol>\n                                    <\/ol>\n            <\/div>\n        <\/nav>    <script type=\"application\/ld+json\">\n        {\n            \"@context\": \"http:\/\/schema.org\",\n            \"@type\": \"BreadcrumbList\",\n            \"itemListElement\": [\n                            ]\n        }\n    <\/script>\n    <style type=\"text\/css\">\n        .breadcrumb-container {\n            font-size: 13px;\n        }\n\n        .breadcrumb-container ul {\n            margin: 0;\n            padding: 0;\n        }\n\n        .breadcrumb-container li {\n            box-sizing: unset;\n            display: inline-block;\n            margin: 0;\n            padding: 0;\n        }\n\n        .breadcrumb-container li a {\n            box-sizing: unset;\n            padding: 0 10px;\n        }\n\n        .breadcrumb-container {\n            font-size: 3 !important;\n                    }\n\n        .breadcrumb-container li a {\n            color: #0a0a0a !important;\n            font-size: 3 !important;\n            line-height: 3 !important;\n                    }\n\n        .breadcrumb-container li .separator {\n            font-size: 3 !important;\n                    }\n\n        .breadcrumb-container li:last-child .separator {\n            display: none;\n        }\n    <\/style>\n    <style type=\"text\/css\">\n        .breadcrumb-container.theme1 li {\n            margin: 0;\n            padding: 0;\n        }\n        .breadcrumb-container.theme1 a {\n            background: ;\n            display: inline-block;\n            margin: 0 5px;\n            padding: 5px 10px;\n            text-decoration: none;\n        }\n    <\/style>\n        <style type=\"text\/css\">\n            <\/style>\n    <script>\n            <\/script>\n[\/vc_column_text][\/vc_column][\/vc_row][vc_row][vc_column]<h3 class=\"sc_title sc_title_regular margin_top_tiny margin_bottom_null\">Romiatges<\/h3>[\/vc_column][\/vc_row][vc_row css=&#8221;.vc_custom_1475850882313{margin-top: 40px !important;margin-bottom: 40px !important;background-color: #ffffff !important;}&#8221;][vc_column width=&#8221;1\/4&#8243; css=&#8221;.vc_custom_1475847889991{padding-left: 0px !important;}&#8221;][vc_single_image image=&#8221;3948&#8243; img_size=&#8221;full&#8221; css=&#8221;.vc_custom_1476805359125{padding-left: 0px !important;}&#8221;][\/vc_column][vc_column width=&#8221;3\/4&#8243;]<h5 class=\"sc_title sc_title_regular margin_top_tiny margin_bottom_tiny\">Sant Antoni del Porquet<\/h5>[vc_column_text css=&#8221;.vc_custom_1532068029069{padding-bottom: 30px !important;}&#8221;]El 17 de gener \u00e9s la festivitat de Sant Antoni Abat. A Elx, si no cau diumenge, se celebra el cap de setmana seg\u00fcent a la festivitat\u00a0 que ac\u00ed es coneix pel nom de\u00a0<strong>Sant Antoni del Porquet<\/strong> i \u00e9s una de les m\u00e9s antigues i arrelades de la ciutat ja que est\u00e0 documentada des de l&#8217;Edat Mitjana. Se celebra en el <strong>barri de Sant Antoni\u00a0<\/strong>als voltants de l&#8217;<strong>Ermita en els horts de palmeres del Trabalon, de Sant Antoni i del Cabolo<\/strong> i carrers adjacents on es realiza la romeria. El Sant ix en process\u00f3 a muscle dels romeres i les romeres que el porten amb un divertit pas de ball. Bandes de m\u00fasica, fira i ambient molt animat.[\/vc_column_text][\/vc_column][\/vc_row][vc_row css=&#8221;.vc_custom_1475850882313{margin-top: 40px !important;margin-bottom: 40px !important;background-color: #ffffff !important;}&#8221;][vc_column width=&#8221;1\/4&#8243; css=&#8221;.vc_custom_1475847889991{padding-left: 0px !important;}&#8221;][vc_single_image image=&#8221;3949&#8243; img_size=&#8221;full&#8221; css=&#8221;.vc_custom_1476805374384{padding-left: 0px !important;}&#8221;][\/vc_column][vc_column width=&#8221;3\/4&#8243;]<h5 class=\"sc_title sc_title_regular margin_top_tiny margin_bottom_tiny\">Sant Crisp\u00ed<\/h5>[vc_column_text css=&#8221;.vc_custom_1476956003408{padding-bottom: 30px !important;}&#8221;]El 25 d&#8217;octubre \u00e9s la festivitat de Sant Crisp\u00ed, patr\u00f3 dels sabaters. Atesa la gran tradici\u00f3 de la ind\u00fastria del cal\u00e7at a Elx, esta festivitat est\u00e0 molt arrelada entre els il\u00b7licitans.<\/p>\n<p>Si no cau diumenge, se celebra el cap de setmana m\u00e9s pr\u00f2xim a la festivitat, amb una romeria i una fira que se situa en el barri que porta el mateix nom, als voltants de l&#8217;Ermita de Sant Crisp\u00ed. \u00c9s costum beneir les xinxetes, component que s&#8217;utilitzava antigament per a fer sabates, per tal com la poblaci\u00f3 considera que s\u00f3n com un talism\u00e0 que proporciona bona sort i treball.[\/vc_column_text][\/vc_column][\/vc_row]<\/p>\n<\/div>","protected":false},"excerpt":{"rendered":"<p>[vc_row full_width=&#8221;stretch_row&#8221; css=&#8221;.vc_custom_1475487896980{background-color: #dddde0 !important;}&#8221;][vc_column][vc_column_text][\/vc_column_text][\/vc_column][\/vc_row][vc_row][vc_column][\/vc_column][\/vc_row][vc_row css=&#8221;.vc_custom_1475850882313{margin-top: 40px !important;margin-bottom: 40px !important;background-color: #ffffff !important;}&#8221;][vc_column width=&#8221;1\/4&#8243; css=&#8221;.vc_custom_1475847889991{padding-left: 0px !important;}&#8221;][vc_single_image image=&#8221;3948&#8243; img_size=&#8221;full&#8221; css=&#8221;.vc_custom_1476805359125{padding-left: 0px !important;}&#8221;][\/vc_column][vc_column width=&#8221;3\/4&#8243;][vc_column_text css=&#8221;.vc_custom_1532068029069{padding-bottom: 30px !important;}&#8221;]El 17 de gener \u00e9s la [&hellip;]<\/p>\n","protected":false},"author":1,"featured_media":0,"parent":4478,"menu_order":0,"comment_status":"closed","ping_status":"closed","template":"","meta":{"footnotes":""},"class_list":["post-4496","page","type-page","status-publish","hentry"],"_links":{"self":[{"href":"https:\/\/www.elche.es\/va\/wp-json\/wp\/v2\/pages\/4496","targetHints":{"allow":["GET"]}}],"collection":[{"href":"https:\/\/www.elche.es\/va\/wp-json\/wp\/v2\/pages"}],"about":[{"href":"https:\/\/www.elche.es\/va\/wp-json\/wp\/v2\/types\/page"}],"author":[{"embeddable":true,"href":"https:\/\/www.elche.es\/va\/wp-json\/wp\/v2\/users\/1"}],"replies":[{"embeddable":true,"href":"https:\/\/www.elche.es\/va\/wp-json\/wp\/v2\/comments?post=4496"}],"version-history":[{"count":0,"href":"https:\/\/www.elche.es\/va\/wp-json\/wp\/v2\/pages\/4496\/revisions"}],"up":[{"embeddable":true,"href":"https:\/\/www.elche.es\/va\/wp-json\/wp\/v2\/pages\/4478"}],"wp:attachment":[{"href":"https:\/\/www.elche.es\/va\/wp-json\/wp\/v2\/media?parent=4496"}],"curies":[{"name":"wp","href":"https:\/\/api.w.org\/{rel}","templated":true}]}}

<div class="wpb-content-wrapper"><p>[vc_row full_width=&#8221;stretch_row&#8221; css=&#8221;.vc_custom_1475487896980{background-color: #dddde0 !important;}&#8221;][vc_column][vc_column_text]<nav aria-label="breadcrumbs">
            <div class="breadcrumb-container theme1">
                <ol>
                                    </ol>
            </div>
        </nav>    <script type="application/ld+json">
        {
            "@context": "http://schema.org",
            "@type": "BreadcrumbList",
            "itemListElement": [
                            ]
        }
    </script>
    <style type="text/css">
        .breadcrumb-container {
            font-size: 13px;
        }

        .breadcrumb-container ul {
            margin: 0;
            padding: 0;
        }

        .breadcrumb-container li {
            box-sizing: unset;
            display: inline-block;
            margin: 0;
            padding: 0;
        }

        .breadcrumb-container li a {
            box-sizing: unset;
            padding: 0 10px;
        }

        .breadcrumb-container {
            font-size: 3 !important;
                    }

        .breadcrumb-container li a {
            color: #0a0a0a !important;
            font-size: 3 !important;
            line-height: 3 !important;
                    }

        .breadcrumb-container li .separator {
            font-size: 3 !important;
                    }

        .breadcrumb-container li:last-child .separator {
            display: none;
        }
    </style>
    <style type="text/css">
        .breadcrumb-container.theme1 li {
            margin: 0;
            padding: 0;
        }
        .breadcrumb-container.theme1 a {
            background: ;
            display: inline-block;
            margin: 0 5px;
            padding: 5px 10px;
            text-decoration: none;
        }
    </style>
        <style type="text/css">
            </style>
    <script>
            </script>
[/vc_column_text][/vc_column][/vc_row][vc_row][vc_column]<h3 class="sc_title sc_title_regular margin_top_tiny margin_bottom_null">Romiatges</h3>[/vc_column][/vc_row][vc_row css=&#8221;.vc_custom_1475850882313{margin-top: 40px !important;margin-bottom: 40px !important;background-color: #ffffff !important;}&#8221;][vc_column width=&#8221;1/4&#8243; css=&#8221;.vc_custom_1475847889991{padding-left: 0px !important;}&#8221;][vc_single_image image=&#8221;3948&#8243; img_size=&#8221;full&#8221; css=&#8221;.vc_custom_1476805359125{padding-left: 0px !important;}&#8221;][/vc_column][vc_column width=&#8221;3/4&#8243;]<h5 class="sc_title sc_title_regular margin_top_tiny margin_bottom_tiny">Sant Antoni del Porquet</h5>[vc_column_text css=&#8221;.vc_custom_1532068029069{padding-bottom: 30px !important;}&#8221;]El 17 de gener és la festivitat de Sant Antoni Abat. A Elx, si no cau diumenge, se celebra el cap de setmana següent a la festivitat  que ací es coneix pel nom de <strong>Sant Antoni del Porquet</strong> i és una de les més antigues i arrelades de la ciutat ja que està documentada des de l&#8217;Edat Mitjana. Se celebra en el <strong>barri de Sant Antoni </strong>als voltants de l&#8217;<strong>Ermita en els horts de palmeres del Trabalon, de Sant Antoni i del Cabolo</strong> i carrers adjacents on es realiza la romeria. El Sant ix en processó a muscle dels romeres i les romeres que el porten amb un divertit pas de ball. Bandes de música, fira i ambient molt animat.[/vc_column_text][/vc_column][/vc_row][vc_row css=&#8221;.vc_custom_1475850882313{margin-top: 40px !important;margin-bottom: 40px !important;background-color: #ffffff !important;}&#8221;][vc_column width=&#8221;1/4&#8243; css=&#8221;.vc_custom_1475847889991{padding-left: 0px !important;}&#8221;][vc_single_image image=&#8221;3949&#8243; img_size=&#8221;full&#8221; css=&#8221;.vc_custom_1476805374384{padding-left: 0px !important;}&#8221;][/vc_column][vc_column width=&#8221;3/4&#8243;]<h5 class="sc_title sc_title_regular margin_top_tiny margin_bottom_tiny">Sant Crispí</h5>[vc_column_text css=&#8221;.vc_custom_1476956003408{padding-bottom: 30px !important;}&#8221;]El 25 d&#8217;octubre és la festivitat de Sant Crispí, patró dels sabaters. Atesa la gran tradició de la indústria del calçat a Elx, esta festivitat està molt arrelada entre els il·licitans.</p>
<p>Si no cau diumenge, se celebra el cap de setmana més pròxim a la festivitat, amb una romeria i una fira que se situa en el barri que porta el mateix nom, als voltants de l&#8217;Ermita de Sant Crispí. És costum beneir les xinxetes, component que s&#8217;utilitzava antigament per a fer sabates, per tal com la població considera que són com un talismà que proporciona bona sort i treball.[/vc_column_text][/vc_column][/vc_row]</p>
</div>

<p>[vc_row full_width=&#8221;stretch_row&#8221; css=&#8221;.vc_custom_1475487896980{background-color: #dddde0 !important;}&#8221;][vc_column][vc_column_text][/vc_column_text][/vc_column][/vc_row][vc_row][vc_column][/vc_column][/vc_row][vc_row css=&#8221;.vc_custom_1475850882313{margin-top: 40px !important;margin-bottom: 40px !important;background-color: #ffffff !important;}&#8221;][vc_column width=&#8221;1/4&#8243; css=&#8221;.vc_custom_1475847889991{padding-left: 0px !important;}&#8221;][vc_single_image image=&#8221;3948&#8243; img_size=&#8221;full&#8221; css=&#8221;.vc_custom_1476805359125{padding-left: 0px !important;}&#8221;][/vc_column][vc_column width=&#8221;3/4&#8243;][vc_column_text css=&#8221;.vc_custom_1532068029069{padding-bottom: 30px !important;}&#8221;]El 17 de gener és la [&hellip;]</p>
