{"id":4636,"date":"2016-10-13T09:56:51","date_gmt":"2016-10-13T09:56:51","guid":{"rendered":"http:\/\/www.elche.es\/va\/festes\/otras-fiestas\/"},"modified":"2022-03-24T13:50:08","modified_gmt":"2022-03-24T12:50:08","slug":"altres-festes","status":"publish","type":"page","link":"https:\/\/www.elche.es\/va\/festes\/altres-festes\/","title":{"rendered":"Altres festes"},"content":{"rendered":"<div class=\"wpb-content-wrapper\"><p>[vc_row full_width=&#8221;stretch_row&#8221; css=&#8221;.vc_custom_1475487896980{background-color: #dddde0 !important;}&#8221;][vc_column][vc_column_text]<nav aria-label=\"breadcrumbs\">\n            <div class=\"breadcrumb-container theme1\">\n                <ol>\n                                    <\/ol>\n            <\/div>\n        <\/nav>    <script type=\"application\/ld+json\">\n        {\n            \"@context\": \"http:\/\/schema.org\",\n            \"@type\": \"BreadcrumbList\",\n            \"itemListElement\": [\n                            ]\n        }\n    <\/script>\n    <style type=\"text\/css\">\n        .breadcrumb-container {\n            font-size: 13px;\n        }\n\n        .breadcrumb-container ul {\n            margin: 0;\n            padding: 0;\n        }\n\n        .breadcrumb-container li {\n            box-sizing: unset;\n            display: inline-block;\n            margin: 0;\n            padding: 0;\n        }\n\n        .breadcrumb-container li a {\n            box-sizing: unset;\n            padding: 0 10px;\n        }\n\n        .breadcrumb-container {\n            font-size: 3 !important;\n                    }\n\n        .breadcrumb-container li a {\n            color: #0a0a0a !important;\n            font-size: 3 !important;\n            line-height: 3 !important;\n                    }\n\n        .breadcrumb-container li .separator {\n            font-size: 3 !important;\n                    }\n\n        .breadcrumb-container li:last-child .separator {\n            display: none;\n        }\n    <\/style>\n    <style type=\"text\/css\">\n        .breadcrumb-container.theme1 li {\n            margin: 0;\n            padding: 0;\n        }\n        .breadcrumb-container.theme1 a {\n            background: ;\n            display: inline-block;\n            margin: 0 5px;\n            padding: 5px 10px;\n            text-decoration: none;\n        }\n    <\/style>\n        <style type=\"text\/css\">\n            <\/style>\n    <script>\n            <\/script>\n[\/vc_column_text][\/vc_column][\/vc_row][vc_row][vc_column]<h3 class=\"sc_title sc_title_regular margin_top_tiny margin_bottom_null\">Altres festes<\/h3>[\/vc_column][\/vc_row][vc_row css=&#8221;.vc_custom_1475850882313{margin-top: 40px !important;margin-bottom: 40px !important;background-color: #ffffff !important;}&#8221;][vc_column width=&#8221;1\/4&#8243; css=&#8221;.vc_custom_1475847889991{padding-left: 0px !important;}&#8221;][vc_single_image image=&#8221;3951&#8243; img_size=&#8221;full&#8221; css=&#8221;.vc_custom_1476805755825{padding-left: 0px !important;}&#8221;][\/vc_column][vc_column width=&#8221;3\/4&#8243;]<h5 class=\"sc_title sc_title_regular margin_top_tiny margin_bottom_tiny\">Sant Agat\u00e0ngel i\u00a0Mig Any de Moros i\u00a0Cristians<\/h5>[vc_column_text css=&#8221;.vc_custom_1648126191759{padding-bottom: 30px !important;}&#8221;]SANT AGAT\u00c0NGEL:<\/p>\n<p>Sant Agat\u00e0ngel \u00e9s el Patr\u00f3 d&#8217;Elx, patronatge que comparteix amb la Mare de D\u00e9u de l&#8217;Assumpci\u00f3. Se celebra el cap de setmana seg\u00fcent a la festivitat que se celebra el 3 de febrer. Aquesta festivitat coincideix amb el Mig Any de Moros i Cristians, amb la qual cosa, la festa s&#8217;enriqueix, i es pot gaudir d&#8217;espl\u00e8ndides desfilades de festers que acompanyen el Sant amb les seues bandes de m\u00fasica, a m\u00e9s d&#8217;activitats infantils i de diversos actes religiosos que commemoren aquesta festivitat.<\/p>\n<p>MIG ANY DE MOROS I CRISTIANS:<\/p>\n<p>El mes de febrer es compleix el Mig Any de la festa de Moros i Cristians. S\u00f3n les festes d&#8217;hivern que coincideixen tamb\u00e9 amb les festes del patr\u00f3 d&#8217;Elx, Sant Agat\u00e0ngel.<br \/>\nLa m\u00fasica ix al carrer durant el cap de setmana i les comparses, amb els seus abillaments d&#8217;hivern van desfilant pels carrers i les inunden d&#8217;alegria i de bon humor. \u00c9s tradicional la representaci\u00f3 de l&#8217;obra <em>El Baptisme de la Moreria del Raval<\/em>, una obra representada per actors aficionats que, a m\u00e9s, s\u00f3n membres de les comparses. Representa els fets esdevinguts l&#8217;any 1526, quan per un edicte de Carles V, es va obligar els moros il\u00b7licitans a convertir-se al cristianisme.<\/p>\n<p>PROGRAMA DE FESTES MIG ANY[\/vc_column_text][\/vc_column][\/vc_row][vc_row css=&#8221;.vc_custom_1475850882313{margin-top: 40px !important;margin-bottom: 40px !important;background-color: #ffffff !important;}&#8221;][vc_column width=&#8221;1\/4&#8243; css=&#8221;.vc_custom_1475847889991{padding-left: 0px !important;}&#8221;][vc_single_image image=&#8221;3953&#8243; img_size=&#8221;full&#8221; css=&#8221;.vc_custom_1476806274474{padding-left: 0px !important;}&#8221;][\/vc_column][vc_column width=&#8221;3\/4&#8243;]<h5 class=\"sc_title sc_title_regular margin_top_tiny margin_bottom_tiny\">Carnestoltes<\/h5>[vc_column_text css=&#8221;.vc_custom_1532068371529{padding-bottom: 30px !important;}&#8221;]El dissabte anterior al dimecres de cendra, se celebra el Carnestoltes. Des de la Regidoria de Festes, s&#8217;organitza a la pla\u00e7a de Baix una gran festa infantil, amb actuacions, tallers, jocs, una passarel\u00b7la on desfilen tots els xiquets disfressats, i un sorteig de premis.<\/p>\n<p>A la nit, ix una desfilada per a adults que recorre els carrers d&#8217;Elx, per a despr\u00e9s celebrar tamb\u00e9 una gran festa a la pla\u00e7a de Baix i finalment una passarel\u00b7la per als disfressats amb concurs i sorteig de molts premis.[\/vc_column_text][\/vc_column][\/vc_row][vc_row css=&#8221;.vc_custom_1475850882313{margin-top: 40px !important;margin-bottom: 40px !important;background-color: #ffffff !important;}&#8221;][vc_column width=&#8221;1\/4&#8243; css=&#8221;.vc_custom_1475847889991{padding-left: 0px !important;}&#8221;][vc_single_image image=&#8221;3956&#8243; img_size=&#8221;full&#8221; css=&#8221;.vc_custom_1476806290509{padding-left: 0px !important;}&#8221;][\/vc_column][vc_column width=&#8221;3\/4&#8243;]<h5 class=\"sc_title sc_title_regular margin_top_tiny margin_bottom_tiny\">Sant Pascual<\/h5>[vc_column_text css=&#8221;.vc_custom_1532069047301{padding-bottom: 30px !important;}&#8221;]El 17 de maig \u00e9s la festivitat de Sant Pasqual, una de les m\u00e9s t\u00edpiques de la ciutat d&#8217;Elx. Se celebra al barri del Pla de Sant Josep, en els voltants de l&#8217;esgl\u00e9sia de Sant Josep, declarada B\u00e9 d&#8217;Inter\u00e9s Cultural, una original mostra de finals del Renaixement i comen\u00e7ament del Barroc.<\/p>\n<p>Els carrers adjacents s&#8217;engalanen amb adorns festius i se celebra una animada fira en el barri. Destaca en les celebraciones el carrer la S\u00e8nia, els ve\u00efns del qual elaboren un divertit programa de festes. Les celebraciones en el barri inclouen cercaviles, jocs infantils, actuacions de cants corals i &#8220;Gojos&#8221;, &#8220;Sopar de Cabasset&#8221; i Process\u00f3.<\/p>\n<p>Aquestes celebracions tenen lloc el cap de setmana seg\u00fcent a la festivitat.[\/vc_column_text][\/vc_column][\/vc_row][vc_row css=&#8221;.vc_custom_1475850882313{margin-top: 40px !important;margin-bottom: 40px !important;background-color: #ffffff !important;}&#8221;][vc_column width=&#8221;1\/4&#8243; css=&#8221;.vc_custom_1475847889991{padding-left: 0px !important;}&#8221;][vc_single_image image=&#8221;3955&#8243; img_size=&#8221;full&#8221; css=&#8221;.vc_custom_1476806316103{padding-left: 0px !important;}&#8221;][\/vc_column][vc_column width=&#8221;3\/4&#8243;]<h5 class=\"sc_title sc_title_regular margin_top_tiny margin_bottom_tiny\">Festes de Sant Joan en el Raval<\/h5>[vc_column_text css=&#8221;.vc_custom_1532072559487{padding-bottom: 30px !important;}&#8221;]El cap de setmana anterior a la festivitat de Sant Joan, se celebren les festes en el Barri del Raval. \u00c9s tradicional la plant\u00e0 d&#8217;una foguera gran i diverses xicotetes als voltants de l&#8217;esgl\u00e9sia de Sant Joan situada en el tradicional barri il\u00b7licit\u00e0. S\u00f3n molts els ve\u00efns que acudeixen al recinte a gaudir dels t\u00edpics &#8220;sopar de cabasset&#8221;, la &#8220;banyaeta&#8221;, actuacions, revetles, etc., a m\u00e9s de les processons i actes religiosos, tals com el tr\u00edduum i les serenates.<\/p>\n<p>La nit de Sant Joan es procedeix a la &#8220;crem\u00e0&#8221; de les fogueres entre el goig dels m\u00e9s joves que finalment acaben banyats per l&#8217;aigua amb la qual els bombers sufoquen el foc de les fogueres.[\/vc_column_text][\/vc_column][\/vc_row][vc_row css=&#8221;.vc_custom_1475850882313{margin-top: 40px !important;margin-bottom: 40px !important;background-color: #ffffff !important;}&#8221;][vc_column width=&#8221;1\/4&#8243; css=&#8221;.vc_custom_1475847889991{padding-left: 0px !important;}&#8221;][vc_single_image image=&#8221;3954&#8243; img_size=&#8221;full&#8221; css=&#8221;.vc_custom_1476806330224{padding-left: 0px !important;}&#8221;][\/vc_column][vc_column width=&#8221;3\/4&#8243;]<h5 class=\"sc_title sc_title_regular margin_top_tiny margin_bottom_tiny\">Halloween<\/h5>[vc_column_text css=&#8221;.vc_custom_1532072630837{padding-bottom: 30px !important;}&#8221;]La celebraci\u00f3 del dia de Tots Sants \u00e9s una tradici\u00f3 ancestral de la nostra cultura. No obstant aix\u00f2, la vespra d&#8217;aquest dia ha cobrat una gran rellev\u00e0ncia a causa de la influ\u00e8ncia de la cultura anglosaxona i any rere any, aquesta nit reuneix a un nombre creixent de joves que se submergeixen a trav\u00e9s dels maquillatges, complements i vestidures en la tem\u00e0tica de la mort.[\/vc_column_text][\/vc_column][\/vc_row][vc_row css=&#8221;.vc_custom_1475850882313{margin-top: 40px !important;margin-bottom: 40px !important;background-color: #ffffff !important;}&#8221;][vc_column width=&#8221;1\/4&#8243; css=&#8221;.vc_custom_1475847889991{padding-left: 0px !important;}&#8221;][vc_single_image image=&#8221;3938&#8243; img_size=&#8221;full&#8221; css=&#8221;.vc_custom_1476806344737{padding-left: 0px !important;}&#8221;][\/vc_column][vc_column width=&#8221;3\/4&#8243;]<h5 class=\"sc_title sc_title_regular margin_top_tiny margin_bottom_tiny\">Festes Parroquials<\/h5>[vc_column_text css=&#8221;.vc_custom_1532072680097{padding-bottom: 30px !important;}&#8221;]<\/p>\n<div id=\"content\" class=\"withsidebar span8\">\n<div id=\"content-inner\">\n<div id=\"content-zone\">\n<div class=\"contentbody\">\n<p>PARR\u00d2QUIA DE SANT JOSEP DEL 15 Al 19 DE MAR\u00c7<\/p>\n<p>PARR\u00d2QUIA DE SANT JOSEP MEDALLA MIRACULOSA<\/p>\n<p>PARR\u00d2QUIA DEL CARME<\/p>\n<p>PARR\u00d2QUIA DEL SAGRAT COR<\/p>\n<p>PARR\u00d2QUIA DESEMPARATS<\/p>\n<p>PARR\u00d2QUIA SANT FRANCESC D&#8217;ASS\u00cdS<\/p>\n<\/div>\n<\/div>\n<\/div>\n<\/div>\n<p>[\/vc_column_text][\/vc_column][\/vc_row]<\/p>\n<\/div>","protected":false},"excerpt":{"rendered":"<p>[vc_row full_width=&#8221;stretch_row&#8221; css=&#8221;.vc_custom_1475487896980{background-color: #dddde0 !important;}&#8221;][vc_column][vc_column_text][\/vc_column_text][\/vc_column][\/vc_row][vc_row][vc_column][\/vc_column][\/vc_row][vc_row css=&#8221;.vc_custom_1475850882313{margin-top: 40px !important;margin-bottom: 40px !important;background-color: #ffffff !important;}&#8221;][vc_column width=&#8221;1\/4&#8243; css=&#8221;.vc_custom_1475847889991{padding-left: 0px !important;}&#8221;][vc_single_image image=&#8221;3951&#8243; img_size=&#8221;full&#8221; css=&#8221;.vc_custom_1476805755825{padding-left: 0px !important;}&#8221;][\/vc_column][vc_column width=&#8221;3\/4&#8243;][vc_column_text css=&#8221;.vc_custom_1648126191759{padding-bottom: 30px !important;}&#8221;]SANT AGAT\u00c0NGEL: Sant Agat\u00e0ngel \u00e9s el [&hellip;]<\/p>\n","protected":false},"author":1,"featured_media":0,"parent":4478,"menu_order":0,"comment_status":"closed","ping_status":"closed","template":"","meta":{"footnotes":""},"class_list":["post-4636","page","type-page","status-publish","hentry"],"_links":{"self":[{"href":"https:\/\/www.elche.es\/va\/wp-json\/wp\/v2\/pages\/4636","targetHints":{"allow":["GET"]}}],"collection":[{"href":"https:\/\/www.elche.es\/va\/wp-json\/wp\/v2\/pages"}],"about":[{"href":"https:\/\/www.elche.es\/va\/wp-json\/wp\/v2\/types\/page"}],"author":[{"embeddable":true,"href":"https:\/\/www.elche.es\/va\/wp-json\/wp\/v2\/users\/1"}],"replies":[{"embeddable":true,"href":"https:\/\/www.elche.es\/va\/wp-json\/wp\/v2\/comments?post=4636"}],"version-history":[{"count":0,"href":"https:\/\/www.elche.es\/va\/wp-json\/wp\/v2\/pages\/4636\/revisions"}],"up":[{"embeddable":true,"href":"https:\/\/www.elche.es\/va\/wp-json\/wp\/v2\/pages\/4478"}],"wp:attachment":[{"href":"https:\/\/www.elche.es\/va\/wp-json\/wp\/v2\/media?parent=4636"}],"curies":[{"name":"wp","href":"https:\/\/api.w.org\/{rel}","templated":true}]}}

<div class="wpb-content-wrapper"><p>[vc_row full_width=&#8221;stretch_row&#8221; css=&#8221;.vc_custom_1475487896980{background-color: #dddde0 !important;}&#8221;][vc_column][vc_column_text]<nav aria-label="breadcrumbs">
            <div class="breadcrumb-container theme1">
                <ol>
                                    </ol>
            </div>
        </nav>    <script type="application/ld+json">
        {
            "@context": "http://schema.org",
            "@type": "BreadcrumbList",
            "itemListElement": [
                            ]
        }
    </script>
    <style type="text/css">
        .breadcrumb-container {
            font-size: 13px;
        }

        .breadcrumb-container ul {
            margin: 0;
            padding: 0;
        }

        .breadcrumb-container li {
            box-sizing: unset;
            display: inline-block;
            margin: 0;
            padding: 0;
        }

        .breadcrumb-container li a {
            box-sizing: unset;
            padding: 0 10px;
        }

        .breadcrumb-container {
            font-size: 3 !important;
                    }

        .breadcrumb-container li a {
            color: #0a0a0a !important;
            font-size: 3 !important;
            line-height: 3 !important;
                    }

        .breadcrumb-container li .separator {
            font-size: 3 !important;
                    }

        .breadcrumb-container li:last-child .separator {
            display: none;
        }
    </style>
    <style type="text/css">
        .breadcrumb-container.theme1 li {
            margin: 0;
            padding: 0;
        }
        .breadcrumb-container.theme1 a {
            background: ;
            display: inline-block;
            margin: 0 5px;
            padding: 5px 10px;
            text-decoration: none;
        }
    </style>
        <style type="text/css">
            </style>
    <script>
            </script>
[/vc_column_text][/vc_column][/vc_row][vc_row][vc_column]<h3 class="sc_title sc_title_regular margin_top_tiny margin_bottom_null">Altres festes</h3>[/vc_column][/vc_row][vc_row css=&#8221;.vc_custom_1475850882313{margin-top: 40px !important;margin-bottom: 40px !important;background-color: #ffffff !important;}&#8221;][vc_column width=&#8221;1/4&#8243; css=&#8221;.vc_custom_1475847889991{padding-left: 0px !important;}&#8221;][vc_single_image image=&#8221;3951&#8243; img_size=&#8221;full&#8221; css=&#8221;.vc_custom_1476805755825{padding-left: 0px !important;}&#8221;][/vc_column][vc_column width=&#8221;3/4&#8243;]<h5 class="sc_title sc_title_regular margin_top_tiny margin_bottom_tiny">Sant Agatàngel i Mig Any de Moros i Cristians</h5>[vc_column_text css=&#8221;.vc_custom_1648126191759{padding-bottom: 30px !important;}&#8221;]SANT AGATÀNGEL:</p>
<p>Sant Agatàngel és el Patró d&#8217;Elx, patronatge que comparteix amb la Mare de Déu de l&#8217;Assumpció. Se celebra el cap de setmana següent a la festivitat que se celebra el 3 de febrer. Aquesta festivitat coincideix amb el Mig Any de Moros i Cristians, amb la qual cosa, la festa s&#8217;enriqueix, i es pot gaudir d&#8217;esplèndides desfilades de festers que acompanyen el Sant amb les seues bandes de música, a més d&#8217;activitats infantils i de diversos actes religiosos que commemoren aquesta festivitat.</p>
<p>MIG ANY DE MOROS I CRISTIANS:</p>
<p>El mes de febrer es compleix el Mig Any de la festa de Moros i Cristians. Són les festes d&#8217;hivern que coincideixen també amb les festes del patró d&#8217;Elx, Sant Agatàngel.<br />
La música ix al carrer durant el cap de setmana i les comparses, amb els seus abillaments d&#8217;hivern van desfilant pels carrers i les inunden d&#8217;alegria i de bon humor. És tradicional la representació de l&#8217;obra <em>El Baptisme de la Moreria del Raval</em>, una obra representada per actors aficionats que, a més, són membres de les comparses. Representa els fets esdevinguts l&#8217;any 1526, quan per un edicte de Carles V, es va obligar els moros il·licitans a convertir-se al cristianisme.</p>
<p>PROGRAMA DE FESTES MIG ANY[/vc_column_text][/vc_column][/vc_row][vc_row css=&#8221;.vc_custom_1475850882313{margin-top: 40px !important;margin-bottom: 40px !important;background-color: #ffffff !important;}&#8221;][vc_column width=&#8221;1/4&#8243; css=&#8221;.vc_custom_1475847889991{padding-left: 0px !important;}&#8221;][vc_single_image image=&#8221;3953&#8243; img_size=&#8221;full&#8221; css=&#8221;.vc_custom_1476806274474{padding-left: 0px !important;}&#8221;][/vc_column][vc_column width=&#8221;3/4&#8243;]<h5 class="sc_title sc_title_regular margin_top_tiny margin_bottom_tiny">Carnestoltes</h5>[vc_column_text css=&#8221;.vc_custom_1532068371529{padding-bottom: 30px !important;}&#8221;]El dissabte anterior al dimecres de cendra, se celebra el Carnestoltes. Des de la Regidoria de Festes, s&#8217;organitza a la plaça de Baix una gran festa infantil, amb actuacions, tallers, jocs, una passarel·la on desfilen tots els xiquets disfressats, i un sorteig de premis.</p>
<p>A la nit, ix una desfilada per a adults que recorre els carrers d&#8217;Elx, per a després celebrar també una gran festa a la plaça de Baix i finalment una passarel·la per als disfressats amb concurs i sorteig de molts premis.[/vc_column_text][/vc_column][/vc_row][vc_row css=&#8221;.vc_custom_1475850882313{margin-top: 40px !important;margin-bottom: 40px !important;background-color: #ffffff !important;}&#8221;][vc_column width=&#8221;1/4&#8243; css=&#8221;.vc_custom_1475847889991{padding-left: 0px !important;}&#8221;][vc_single_image image=&#8221;3956&#8243; img_size=&#8221;full&#8221; css=&#8221;.vc_custom_1476806290509{padding-left: 0px !important;}&#8221;][/vc_column][vc_column width=&#8221;3/4&#8243;]<h5 class="sc_title sc_title_regular margin_top_tiny margin_bottom_tiny">Sant Pascual</h5>[vc_column_text css=&#8221;.vc_custom_1532069047301{padding-bottom: 30px !important;}&#8221;]El 17 de maig és la festivitat de Sant Pasqual, una de les més típiques de la ciutat d&#8217;Elx. Se celebra al barri del Pla de Sant Josep, en els voltants de l&#8217;església de Sant Josep, declarada Bé d&#8217;Interés Cultural, una original mostra de finals del Renaixement i començament del Barroc.</p>
<p>Els carrers adjacents s&#8217;engalanen amb adorns festius i se celebra una animada fira en el barri. Destaca en les celebraciones el carrer la Sènia, els veïns del qual elaboren un divertit programa de festes. Les celebraciones en el barri inclouen cercaviles, jocs infantils, actuacions de cants corals i &#8220;Gojos&#8221;, &#8220;Sopar de Cabasset&#8221; i Processó.</p>
<p>Aquestes celebracions tenen lloc el cap de setmana següent a la festivitat.[/vc_column_text][/vc_column][/vc_row][vc_row css=&#8221;.vc_custom_1475850882313{margin-top: 40px !important;margin-bottom: 40px !important;background-color: #ffffff !important;}&#8221;][vc_column width=&#8221;1/4&#8243; css=&#8221;.vc_custom_1475847889991{padding-left: 0px !important;}&#8221;][vc_single_image image=&#8221;3955&#8243; img_size=&#8221;full&#8221; css=&#8221;.vc_custom_1476806316103{padding-left: 0px !important;}&#8221;][/vc_column][vc_column width=&#8221;3/4&#8243;]<h5 class="sc_title sc_title_regular margin_top_tiny margin_bottom_tiny">Festes de Sant Joan en el Raval</h5>[vc_column_text css=&#8221;.vc_custom_1532072559487{padding-bottom: 30px !important;}&#8221;]El cap de setmana anterior a la festivitat de Sant Joan, se celebren les festes en el Barri del Raval. És tradicional la plantà d&#8217;una foguera gran i diverses xicotetes als voltants de l&#8217;església de Sant Joan situada en el tradicional barri il·licità. Són molts els veïns que acudeixen al recinte a gaudir dels típics &#8220;sopar de cabasset&#8221;, la &#8220;banyaeta&#8221;, actuacions, revetles, etc., a més de les processons i actes religiosos, tals com el tríduum i les serenates.</p>
<p>La nit de Sant Joan es procedeix a la &#8220;cremà&#8221; de les fogueres entre el goig dels més joves que finalment acaben banyats per l&#8217;aigua amb la qual els bombers sufoquen el foc de les fogueres.[/vc_column_text][/vc_column][/vc_row][vc_row css=&#8221;.vc_custom_1475850882313{margin-top: 40px !important;margin-bottom: 40px !important;background-color: #ffffff !important;}&#8221;][vc_column width=&#8221;1/4&#8243; css=&#8221;.vc_custom_1475847889991{padding-left: 0px !important;}&#8221;][vc_single_image image=&#8221;3954&#8243; img_size=&#8221;full&#8221; css=&#8221;.vc_custom_1476806330224{padding-left: 0px !important;}&#8221;][/vc_column][vc_column width=&#8221;3/4&#8243;]<h5 class="sc_title sc_title_regular margin_top_tiny margin_bottom_tiny">Halloween</h5>[vc_column_text css=&#8221;.vc_custom_1532072630837{padding-bottom: 30px !important;}&#8221;]La celebració del dia de Tots Sants és una tradició ancestral de la nostra cultura. No obstant això, la vespra d&#8217;aquest dia ha cobrat una gran rellevància a causa de la influència de la cultura anglosaxona i any rere any, aquesta nit reuneix a un nombre creixent de joves que se submergeixen a través dels maquillatges, complements i vestidures en la temàtica de la mort.[/vc_column_text][/vc_column][/vc_row][vc_row css=&#8221;.vc_custom_1475850882313{margin-top: 40px !important;margin-bottom: 40px !important;background-color: #ffffff !important;}&#8221;][vc_column width=&#8221;1/4&#8243; css=&#8221;.vc_custom_1475847889991{padding-left: 0px !important;}&#8221;][vc_single_image image=&#8221;3938&#8243; img_size=&#8221;full&#8221; css=&#8221;.vc_custom_1476806344737{padding-left: 0px !important;}&#8221;][/vc_column][vc_column width=&#8221;3/4&#8243;]<h5 class="sc_title sc_title_regular margin_top_tiny margin_bottom_tiny">Festes Parroquials</h5>[vc_column_text css=&#8221;.vc_custom_1532072680097{padding-bottom: 30px !important;}&#8221;]</p>
<div id="content" class="withsidebar span8">
<div id="content-inner">
<div id="content-zone">
<div class="contentbody">
<p>PARRÒQUIA DE SANT JOSEP DEL 15 Al 19 DE MARÇ</p>
<p>PARRÒQUIA DE SANT JOSEP MEDALLA MIRACULOSA</p>
<p>PARRÒQUIA DEL CARME</p>
<p>PARRÒQUIA DEL SAGRAT COR</p>
<p>PARRÒQUIA DESEMPARATS</p>
<p>PARRÒQUIA SANT FRANCESC D&#8217;ASSÍS</p>
</div>
</div>
</div>
</div>
<p>[/vc_column_text][/vc_column][/vc_row]</p>
</div>

<p>[vc_row full_width=&#8221;stretch_row&#8221; css=&#8221;.vc_custom_1475487896980{background-color: #dddde0 !important;}&#8221;][vc_column][vc_column_text][/vc_column_text][/vc_column][/vc_row][vc_row][vc_column][/vc_column][/vc_row][vc_row css=&#8221;.vc_custom_1475850882313{margin-top: 40px !important;margin-bottom: 40px !important;background-color: #ffffff !important;}&#8221;][vc_column width=&#8221;1/4&#8243; css=&#8221;.vc_custom_1475847889991{padding-left: 0px !important;}&#8221;][vc_single_image image=&#8221;3951&#8243; img_size=&#8221;full&#8221; css=&#8221;.vc_custom_1476805755825{padding-left: 0px !important;}&#8221;][/vc_column][vc_column width=&#8221;3/4&#8243;][vc_column_text css=&#8221;.vc_custom_1648126191759{padding-bottom: 30px !important;}&#8221;]SANT AGATÀNGEL: Sant Agatàngel és el [&hellip;]</p>
