{"id":4853,"date":"2016-10-19T13:49:58","date_gmt":"2016-10-19T13:49:58","guid":{"rendered":"http:\/\/www.elche.es\/va\/museos\/mace\/historia-del-mace\/"},"modified":"2019-06-04T11:29:53","modified_gmt":"2019-06-04T10:29:53","slug":"historia-del-mace","status":"publish","type":"page","link":"https:\/\/www.elche.es\/va\/museus\/mace\/historia-del-mace\/","title":{"rendered":"Hist\u00f2ria del MACE"},"content":{"rendered":"<div class=\"wpb-content-wrapper\"><p>[vc_row full_width=&#8221;stretch_row&#8221; css=&#8221;.vc_custom_1475488224066{background-color: #dddde0 !important;}&#8221;][vc_column][vc_column_text]<nav aria-label=\"breadcrumbs\">\n            <div class=\"breadcrumb-container theme1\">\n                <ol>\n                                    <\/ol>\n            <\/div>\n        <\/nav>    <script type=\"application\/ld+json\">\n        {\n            \"@context\": \"http:\/\/schema.org\",\n            \"@type\": \"BreadcrumbList\",\n            \"itemListElement\": [\n                            ]\n        }\n    <\/script>\n    <style type=\"text\/css\">\n        .breadcrumb-container {\n            font-size: 13px;\n        }\n\n        .breadcrumb-container ul {\n            margin: 0;\n            padding: 0;\n        }\n\n        .breadcrumb-container li {\n            box-sizing: unset;\n            display: inline-block;\n            margin: 0;\n            padding: 0;\n        }\n\n        .breadcrumb-container li a {\n            box-sizing: unset;\n            padding: 0 10px;\n        }\n\n        .breadcrumb-container {\n            font-size: 3 !important;\n                    }\n\n        .breadcrumb-container li a {\n            color: #0a0a0a !important;\n            font-size: 3 !important;\n            line-height: 3 !important;\n                    }\n\n        .breadcrumb-container li .separator {\n            font-size: 3 !important;\n                    }\n\n        .breadcrumb-container li:last-child .separator {\n            display: none;\n        }\n    <\/style>\n    <style type=\"text\/css\">\n        .breadcrumb-container.theme1 li {\n            margin: 0;\n            padding: 0;\n        }\n        .breadcrumb-container.theme1 a {\n            background: ;\n            display: inline-block;\n            margin: 0 5px;\n            padding: 5px 10px;\n            text-decoration: none;\n        }\n    <\/style>\n        <style type=\"text\/css\">\n            <\/style>\n    <script>\n            <\/script>\n[\/vc_column_text][\/vc_column][\/vc_row][vc_row css=&#8221;.vc_custom_1475488264405{padding-bottom: 40px !important;}&#8221; el_id=&#8221;bloque_basica&#8221;][vc_column width=&#8221;2\/3&#8243;]<h3 class=\"sc_title sc_title_regular margin_top_tiny\">Hist\u00f2ria del MACE<\/h3>[vc_single_image image=&#8221;4696&#8243; img_size=&#8221;full&#8221; css=&#8221;.vc_custom_1476963510053{padding-bottom: 20px !important;}&#8221;][vc_column_text]El MACE es troba en l\u2019anomenat Raval de Sant Joan, lloc on en \u00e8poca medieval es concentrava la poblaci\u00f3 d\u2019origen andalus\u00ed.<\/p>\n<p><strong>L\u2019edifici<\/strong><\/p>\n<p>Despr\u00e9s de l\u2019expulsi\u00f3 dels moriscos, el 1609, el senyor de la ciutat, sota la jurisdicci\u00f3 del qual es trobava la poblaci\u00f3 del raval, va fundar un ajuntament nou, a banda i diferenciat de la llavors vila d\u2019Elx, amb els repobladors que van ocupar el lloc dels expulsats. L\u2019Ajuntament de la Universitat o Raval de Sant Joan es va crear el 1611 i tenia un govern amb vint-i-quatre consellers, de conformitat amb els dret i furs del Regne de Val\u00e8ncia.<\/p>\n<p>L\u2019edifici de l\u2019Ajuntament del Raval, que hui alberga el museu, va ser constru\u00eft el 1655. Es tracta d\u2019un edifici civil, origin\u00e0riament d\u2019una al\u00e7\u00e0ria, amb planta baixa i un primer pis i amb la fa\u00e7ana porticada. L\u2019edifici va deixar de ser Ajuntament el 1827 i la zona va passar a ser un barri m\u00e9s d\u2019Elx. El 1857, l\u2019edifici es va convertir en escola i entre els arcs que donaven a la pla\u00e7a es va obrir un local on es repartia l\u2019aigua de la s\u00e8quia de Marxena. El 1974, l\u2019Ajuntament va aprovar el projecte de reforma i ampliaci\u00f3 de l\u2019edifici per a museu municipal. El 1978, es va transformar tot l\u2019interior i es van afegir dues plantes m\u00e9s a la construcci\u00f3 original. Per fi, el 1980, es va inaugurar el Museu d\u2019Art Contemporani d\u2019Elx.<\/p>\n<p><strong>El museu<\/strong><\/p>\n<p>El museu naix de la voluntat d\u2019un grup d\u2019artistes: el Grup d\u2019Elx. La proposta va ser \u00e0mpliament secundada per altres artistes i cr\u00edtics d\u2019art, aix\u00ed com per diferents col\u00b7lectius, tot i que no veuria la llum fins al 1980, com ja hem assenyalat. Aquest grup va reunir obres de col\u00b7legues i amics, en un moment de canvi profund en la pl\u00e0stica espanyola en qu\u00e8 sorgeixen diversos col\u00b7lectius com ara El Paso (1957-1960) o Dau al Set (1948-1956), entre d\u2019altres, que definirien l\u2019avantguarda espanyola de postguerra, sempre des d\u2019una perspectiva de comprom\u00eds social.<\/p>\n<p>El Grup d\u2019Elx (1966-1975) naix vinculat directament a aquests moviments d\u2019avantguarda i el museu forma part del mateix projecte del grup que, paral\u00b7lelament al seu treball creador, va desenvolupar una \u00e0mplia activitat cultural (exposicions, trobades d\u2019artistes, taules redones, etc.), tot amb l\u2019objectiu d\u2019acostar la nova creaci\u00f3 als ciutadans i de \u201cpopularitzar\u201d l\u2019art. El nucli de la seua col\u00b7lecci\u00f3 respon, per tant, a un context art\u00edstic i hist\u00f2ric molt significatiu en la hist\u00f2ria del nostre pa\u00eds.[\/vc_column_text][\/vc_column][vc_column width=&#8221;1\/3&#8243; css=&#8221;.vc_custom_1474385237096{padding-top: 50px !important;padding-bottom: 50px !important;}&#8221;][vc_widget_sidebar sidebar_id=&#8221;sidebar_custom_2&#8243;][\/vc_column][\/vc_row]<\/p>\n<\/div>","protected":false},"excerpt":{"rendered":"<p>[vc_row full_width=&#8221;stretch_row&#8221; css=&#8221;.vc_custom_1475488224066{background-color: #dddde0 !important;}&#8221;][vc_column][vc_column_text][\/vc_column_text][\/vc_column][\/vc_row][vc_row css=&#8221;.vc_custom_1475488264405{padding-bottom: 40px !important;}&#8221; el_id=&#8221;bloque_basica&#8221;][vc_column width=&#8221;2\/3&#8243;][vc_single_image image=&#8221;4696&#8243; img_size=&#8221;full&#8221; css=&#8221;.vc_custom_1476963510053{padding-bottom: 20px !important;}&#8221;][vc_column_text]El MACE es troba en l\u2019anomenat Raval de Sant Joan, lloc on en \u00e8poca medieval es [&hellip;]<\/p>\n","protected":false},"author":131,"featured_media":0,"parent":4836,"menu_order":0,"comment_status":"closed","ping_status":"closed","template":"","meta":{"footnotes":""},"class_list":["post-4853","page","type-page","status-publish","hentry"],"_links":{"self":[{"href":"https:\/\/www.elche.es\/va\/wp-json\/wp\/v2\/pages\/4853","targetHints":{"allow":["GET"]}}],"collection":[{"href":"https:\/\/www.elche.es\/va\/wp-json\/wp\/v2\/pages"}],"about":[{"href":"https:\/\/www.elche.es\/va\/wp-json\/wp\/v2\/types\/page"}],"author":[{"embeddable":true,"href":"https:\/\/www.elche.es\/va\/wp-json\/wp\/v2\/users\/131"}],"replies":[{"embeddable":true,"href":"https:\/\/www.elche.es\/va\/wp-json\/wp\/v2\/comments?post=4853"}],"version-history":[{"count":0,"href":"https:\/\/www.elche.es\/va\/wp-json\/wp\/v2\/pages\/4853\/revisions"}],"up":[{"embeddable":true,"href":"https:\/\/www.elche.es\/va\/wp-json\/wp\/v2\/pages\/4836"}],"wp:attachment":[{"href":"https:\/\/www.elche.es\/va\/wp-json\/wp\/v2\/media?parent=4853"}],"curies":[{"name":"wp","href":"https:\/\/api.w.org\/{rel}","templated":true}]}}

Història del MACE

<div class="wpb-content-wrapper"><p>[vc_row full_width=&#8221;stretch_row&#8221; css=&#8221;.vc_custom_1475488224066{background-color: #dddde0 !important;}&#8221;][vc_column][vc_column_text]<nav aria-label="breadcrumbs">
            <div class="breadcrumb-container theme1">
                <ol>
                                    </ol>
            </div>
        </nav>    <script type="application/ld+json">
        {
            "@context": "http://schema.org",
            "@type": "BreadcrumbList",
            "itemListElement": [
                            ]
        }
    </script>
    <style type="text/css">
        .breadcrumb-container {
            font-size: 13px;
        }

        .breadcrumb-container ul {
            margin: 0;
            padding: 0;
        }

        .breadcrumb-container li {
            box-sizing: unset;
            display: inline-block;
            margin: 0;
            padding: 0;
        }

        .breadcrumb-container li a {
            box-sizing: unset;
            padding: 0 10px;
        }

        .breadcrumb-container {
            font-size: 3 !important;
                    }

        .breadcrumb-container li a {
            color: #0a0a0a !important;
            font-size: 3 !important;
            line-height: 3 !important;
                    }

        .breadcrumb-container li .separator {
            font-size: 3 !important;
                    }

        .breadcrumb-container li:last-child .separator {
            display: none;
        }
    </style>
    <style type="text/css">
        .breadcrumb-container.theme1 li {
            margin: 0;
            padding: 0;
        }
        .breadcrumb-container.theme1 a {
            background: ;
            display: inline-block;
            margin: 0 5px;
            padding: 5px 10px;
            text-decoration: none;
        }
    </style>
        <style type="text/css">
            </style>
    <script>
            </script>
[/vc_column_text][/vc_column][/vc_row][vc_row css=&#8221;.vc_custom_1475488264405{padding-bottom: 40px !important;}&#8221; el_id=&#8221;bloque_basica&#8221;][vc_column width=&#8221;2/3&#8243;]<h3 class="sc_title sc_title_regular margin_top_tiny">Història del MACE</h3>[vc_single_image image=&#8221;4696&#8243; img_size=&#8221;full&#8221; css=&#8221;.vc_custom_1476963510053{padding-bottom: 20px !important;}&#8221;][vc_column_text]El MACE es troba en l’anomenat Raval de Sant Joan, lloc on en època medieval es concentrava la població d’origen andalusí.</p>
<p><strong>L’edifici</strong></p>
<p>Després de l’expulsió dels moriscos, el 1609, el senyor de la ciutat, sota la jurisdicció del qual es trobava la població del raval, va fundar un ajuntament nou, a banda i diferenciat de la llavors vila d’Elx, amb els repobladors que van ocupar el lloc dels expulsats. L’Ajuntament de la Universitat o Raval de Sant Joan es va crear el 1611 i tenia un govern amb vint-i-quatre consellers, de conformitat amb els dret i furs del Regne de València.</p>
<p>L’edifici de l’Ajuntament del Raval, que hui alberga el museu, va ser construït el 1655. Es tracta d’un edifici civil, originàriament d’una alçària, amb planta baixa i un primer pis i amb la façana porticada. L’edifici va deixar de ser Ajuntament el 1827 i la zona va passar a ser un barri més d’Elx. El 1857, l’edifici es va convertir en escola i entre els arcs que donaven a la plaça es va obrir un local on es repartia l’aigua de la sèquia de Marxena. El 1974, l’Ajuntament va aprovar el projecte de reforma i ampliació de l’edifici per a museu municipal. El 1978, es va transformar tot l’interior i es van afegir dues plantes més a la construcció original. Per fi, el 1980, es va inaugurar el Museu d’Art Contemporani d’Elx.</p>
<p><strong>El museu</strong></p>
<p>El museu naix de la voluntat d’un grup d’artistes: el Grup d’Elx. La proposta va ser àmpliament secundada per altres artistes i crítics d’art, així com per diferents col·lectius, tot i que no veuria la llum fins al 1980, com ja hem assenyalat. Aquest grup va reunir obres de col·legues i amics, en un moment de canvi profund en la plàstica espanyola en què sorgeixen diversos col·lectius com ara El Paso (1957-1960) o Dau al Set (1948-1956), entre d’altres, que definirien l’avantguarda espanyola de postguerra, sempre des d’una perspectiva de compromís social.</p>
<p>El Grup d’Elx (1966-1975) naix vinculat directament a aquests moviments d’avantguarda i el museu forma part del mateix projecte del grup que, paral·lelament al seu treball creador, va desenvolupar una àmplia activitat cultural (exposicions, trobades d’artistes, taules redones, etc.), tot amb l’objectiu d’acostar la nova creació als ciutadans i de “popularitzar” l’art. El nucli de la seua col·lecció respon, per tant, a un context artístic i històric molt significatiu en la història del nostre país.[/vc_column_text][/vc_column][vc_column width=&#8221;1/3&#8243; css=&#8221;.vc_custom_1474385237096{padding-top: 50px !important;padding-bottom: 50px !important;}&#8221;][vc_widget_sidebar sidebar_id=&#8221;sidebar_custom_2&#8243;][/vc_column][/vc_row]</p>
</div>

<p>[vc_row full_width=&#8221;stretch_row&#8221; css=&#8221;.vc_custom_1475488224066{background-color: #dddde0 !important;}&#8221;][vc_column][vc_column_text][/vc_column_text][/vc_column][/vc_row][vc_row css=&#8221;.vc_custom_1475488264405{padding-bottom: 40px !important;}&#8221; el_id=&#8221;bloque_basica&#8221;][vc_column width=&#8221;2/3&#8243;][vc_single_image image=&#8221;4696&#8243; img_size=&#8221;full&#8221; css=&#8221;.vc_custom_1476963510053{padding-bottom: 20px !important;}&#8221;][vc_column_text]El MACE es troba en l’anomenat Raval de Sant Joan, lloc on en època medieval es [&hellip;]</p>
