{"id":5015,"date":"2016-10-20T08:01:42","date_gmt":"2016-10-20T08:01:42","guid":{"rendered":"http:\/\/www.elche.es\/va\/museos\/museo-del-palmeral\/la-ruta-del-palmeral\/"},"modified":"2022-10-18T12:59:42","modified_gmt":"2022-10-18T11:59:42","slug":"la-ruta-del-palmerar","status":"publish","type":"page","link":"https:\/\/www.elche.es\/va\/museus\/museu-del-palmerar\/la-ruta-del-palmerar\/","title":{"rendered":"La ruta del Palmerar"},"content":{"rendered":"<div class=\"wpb-content-wrapper\"><p>[vc_row full_width=&#8221;stretch_row&#8221; css=&#8221;.vc_custom_1475488224066{background-color: #dddde0 !important;}&#8221;][vc_column][vc_column_text]<nav aria-label=\"breadcrumbs\">\n            <div class=\"breadcrumb-container theme1\">\n                <ol>\n                                    <\/ol>\n            <\/div>\n        <\/nav>    <script type=\"application\/ld+json\">\n        {\n            \"@context\": \"http:\/\/schema.org\",\n            \"@type\": \"BreadcrumbList\",\n            \"itemListElement\": [\n                            ]\n        }\n    <\/script>\n    <style type=\"text\/css\">\n        .breadcrumb-container {\n            font-size: 13px;\n        }\n\n        .breadcrumb-container ul {\n            margin: 0;\n            padding: 0;\n        }\n\n        .breadcrumb-container li {\n            box-sizing: unset;\n            display: inline-block;\n            margin: 0;\n            padding: 0;\n        }\n\n        .breadcrumb-container li a {\n            box-sizing: unset;\n            padding: 0 10px;\n        }\n\n        .breadcrumb-container {\n            font-size: 3 !important;\n                    }\n\n        .breadcrumb-container li a {\n            color: #0a0a0a !important;\n            font-size: 3 !important;\n            line-height: 3 !important;\n                    }\n\n        .breadcrumb-container li .separator {\n            font-size: 3 !important;\n                    }\n\n        .breadcrumb-container li:last-child .separator {\n            display: none;\n        }\n    <\/style>\n    <style type=\"text\/css\">\n        .breadcrumb-container.theme1 li {\n            margin: 0;\n            padding: 0;\n        }\n        .breadcrumb-container.theme1 a {\n            background: ;\n            display: inline-block;\n            margin: 0 5px;\n            padding: 5px 10px;\n            text-decoration: none;\n        }\n    <\/style>\n        <style type=\"text\/css\">\n            <\/style>\n    <script>\n            <\/script>\n[\/vc_column_text][\/vc_column][\/vc_row][vc_row css=&#8221;.vc_custom_1475488264405{padding-bottom: 40px !important;}&#8221; el_id=&#8221;bloque_basica&#8221;][vc_column width=&#8221;2\/3&#8243;]<h3 class=\"sc_title sc_title_regular margin_top_tiny\">La ruta del Palmerar<\/h3>[vc_single_image image=&#8221;4935&#8243; img_size=&#8221;full&#8221; css=&#8221;.vc_custom_1476979951718{padding-bottom: 20px !important;}&#8221;][vc_column_text]La ruta comen\u00e7a i finalitza a l\u2019<em>Hort de Sant Pl\u00e0cid<\/em>, empla\u00e7ament del Museu del Palmerar. T\u00e9 una longitud total de 2.580 metres i discorre pels camins que uneixen els horts meridionals que envolten el nucli hist\u00f2ric de la ciutat.<\/p>\n<p>Avan\u00e7ant pel carrer on se situa el museu, Porta de la Morera, sota el qual discorre la <em>S\u00e8quia Major<\/em> del pant\u00e0, arribem fins a <a href=\"https:\/\/www.huertodelcura.com\/en\/\" target=\"_blank\" rel=\"noopener\"><em>l\u2019Hort del Cura<\/em><\/a>, despr\u00e9s de deixar a la dreta l\u2019hotel del mateix nom. Aquest hort va ser declarat, el 1943, Jard\u00ed Art\u00edstic i t\u00e9 una superf\u00edcie de 13.000 m<sup>2<\/sup>.<\/p>\n<p>Continuant el nostre cam\u00ed, passarem al costat d\u2019unes instal\u00b7lacions educatives, es tracta dels Salesians, on les construccions i les dotacions esportives conviuen amb les alineacions de palmeres dels horts del <em>Pessetero<\/em> i <em>l\u2019Hort que no T\u00e9 Portes<\/em>.<\/p>\n<p>Poc abans de girar a la dreta, pel cam\u00ed de Beniard\u00e0, comen\u00e7a l\u2019<em>Hort del Sol<\/em>, un espai que, des que va passar a titularitat municipal, s\u2019ha recuperat mitjan\u00e7ant la replantaci\u00f3 d\u2019exemplars joves de palmeres.<\/p>\n<p>Arribem a una nova intersecci\u00f3. Hi veiem, al davant, l\u2019<em>Hort de Dins<\/em> i prenem a la dreta el cam\u00ed de les Alm\u00e0sseres, per on transitarem a partir d\u2019aquest moment entre els horts de <em>Rogeta<\/em>, a la dreta, i <em>Sempere<\/em>, a l\u2019esquerra.<\/p>\n<p>La porta que d\u00f3na acc\u00e9s a l\u2019<em>Hort dels Pontos<\/em> permet passejar per un cam\u00ed vorejat d\u2019altes palmeres que condueix fins a una de les \u00faltimes cases que mantenen encara una estructura tradicional.<\/p>\n<p>Creuem llavors el carrer <em>Curtidors<\/em> per a gaudir de les magn\u00edfiques vistes d\u2019una de les concentracions d\u2019horts de palmeres millor conservades. Els horts de <em>Casimira<\/em>, <em>Pastoret<\/em>, <em>Mareta<\/em>, <em>Borreguet<\/em> i <em>Monjo<\/em> formen un conjunt anomenat parc de palmeres del <em>Filet de Fora<\/em>.<\/p>\n<p><img loading=\"lazy\" decoding=\"async\" class=\"alignnone size-medium wp-image-217600\" src=\"https:\/\/www.elche.es\/wp-content\/uploads\/2022\/07\/Ruta-Palmeral-y-Hort-del-Montjo-7-800x600.jpeg\" alt=\"\" width=\"800\" height=\"600\" srcset=\"https:\/\/www.elche.es\/wp-content\/uploads\/2022\/07\/Ruta-Palmeral-y-Hort-del-Montjo-7-800x600.jpeg 800w, https:\/\/www.elche.es\/wp-content\/uploads\/2022\/07\/Ruta-Palmeral-y-Hort-del-Montjo-7-1440x1080.jpeg 1440w, https:\/\/www.elche.es\/wp-content\/uploads\/2022\/07\/Ruta-Palmeral-y-Hort-del-Montjo-7-768x576.jpeg 768w, https:\/\/www.elche.es\/wp-content\/uploads\/2022\/07\/Ruta-Palmeral-y-Hort-del-Montjo-7-1536x1152.jpeg 1536w, https:\/\/www.elche.es\/wp-content\/uploads\/2022\/07\/Ruta-Palmeral-y-Hort-del-Montjo-7.jpeg 1600w\" sizes=\"auto, (max-width: 800px) 100vw, 800px\" \/><\/p>\n<p>Discorre el nostre passeig en aquest nou tram per una de les entrades de l\u2019<em>Hort del Monjo<\/em>, per a gaudir un poc m\u00e9s avall de l\u2019<em>Hort de la Tia Casimira<\/em>.<\/p>\n<p>La recuperaci\u00f3 dels horts com a espais per al gaudi dels ciutadans t\u00e9 un nou exemple a l\u2019<em>Hort del Pastoret<\/em>, en l\u2019interior del qual s\u2019ha creat un circuit per a rec\u00f3rrer amb bicicleta o per a realitzar exercici a l\u2019aire lliure. Justament al davant es pot veure l\u2019Hotel Milenio.<\/p>\n<p>En arribar a la revolta, agafem el cam\u00ed de <em>Felip<\/em>, que pren el nom de l\u2019hort que deixem a l\u2019esquerra. El tram que recorrerem ara \u00e9s un dels m\u00e9s tranquils i, per tant, el m\u00e9s adequat per a gaudir de l\u2019avifauna caracter\u00edstica de la zona.<\/p>\n<p>A escassa dist\u00e0ncia creuem el carrer cap al jard\u00ed de Porta de la Morera, al costat\u00a0 del qual hi ha el Centre de Congressos.[\/vc_column_text][\/vc_column][vc_column width=&#8221;1\/3&#8243; css=&#8221;.vc_custom_1474385237096{padding-top: 50px !important;padding-bottom: 50px !important;}&#8221;][vc_widget_sidebar sidebar_id=&#8221;sidebar_custom_2&#8243;][\/vc_column][\/vc_row]<\/p>\n<\/div>","protected":false},"excerpt":{"rendered":"<p>[vc_row full_width=&#8221;stretch_row&#8221; css=&#8221;.vc_custom_1475488224066{background-color: #dddde0 !important;}&#8221;][vc_column][vc_column_text][\/vc_column_text][\/vc_column][\/vc_row][vc_row css=&#8221;.vc_custom_1475488264405{padding-bottom: 40px !important;}&#8221; el_id=&#8221;bloque_basica&#8221;][vc_column width=&#8221;2\/3&#8243;][vc_single_image image=&#8221;4935&#8243; img_size=&#8221;full&#8221; css=&#8221;.vc_custom_1476979951718{padding-bottom: 20px !important;}&#8221;][vc_column_text]La ruta comen\u00e7a i finalitza a l\u2019Hort de Sant Pl\u00e0cid, empla\u00e7ament del Museu del Palmerar. T\u00e9 [&hellip;]<\/p>\n","protected":false},"author":131,"featured_media":0,"parent":4475,"menu_order":0,"comment_status":"closed","ping_status":"closed","template":"","meta":{"footnotes":""},"class_list":["post-5015","page","type-page","status-publish","hentry"],"_links":{"self":[{"href":"https:\/\/www.elche.es\/va\/wp-json\/wp\/v2\/pages\/5015","targetHints":{"allow":["GET"]}}],"collection":[{"href":"https:\/\/www.elche.es\/va\/wp-json\/wp\/v2\/pages"}],"about":[{"href":"https:\/\/www.elche.es\/va\/wp-json\/wp\/v2\/types\/page"}],"author":[{"embeddable":true,"href":"https:\/\/www.elche.es\/va\/wp-json\/wp\/v2\/users\/131"}],"replies":[{"embeddable":true,"href":"https:\/\/www.elche.es\/va\/wp-json\/wp\/v2\/comments?post=5015"}],"version-history":[{"count":0,"href":"https:\/\/www.elche.es\/va\/wp-json\/wp\/v2\/pages\/5015\/revisions"}],"up":[{"embeddable":true,"href":"https:\/\/www.elche.es\/va\/wp-json\/wp\/v2\/pages\/4475"}],"wp:attachment":[{"href":"https:\/\/www.elche.es\/va\/wp-json\/wp\/v2\/media?parent=5015"}],"curies":[{"name":"wp","href":"https:\/\/api.w.org\/{rel}","templated":true}]}}

<div class="wpb-content-wrapper"><p>[vc_row full_width=&#8221;stretch_row&#8221; css=&#8221;.vc_custom_1475488224066{background-color: #dddde0 !important;}&#8221;][vc_column][vc_column_text]<nav aria-label="breadcrumbs">
            <div class="breadcrumb-container theme1">
                <ol>
                                    </ol>
            </div>
        </nav>    <script type="application/ld+json">
        {
            "@context": "http://schema.org",
            "@type": "BreadcrumbList",
            "itemListElement": [
                            ]
        }
    </script>
    <style type="text/css">
        .breadcrumb-container {
            font-size: 13px;
        }

        .breadcrumb-container ul {
            margin: 0;
            padding: 0;
        }

        .breadcrumb-container li {
            box-sizing: unset;
            display: inline-block;
            margin: 0;
            padding: 0;
        }

        .breadcrumb-container li a {
            box-sizing: unset;
            padding: 0 10px;
        }

        .breadcrumb-container {
            font-size: 3 !important;
                    }

        .breadcrumb-container li a {
            color: #0a0a0a !important;
            font-size: 3 !important;
            line-height: 3 !important;
                    }

        .breadcrumb-container li .separator {
            font-size: 3 !important;
                    }

        .breadcrumb-container li:last-child .separator {
            display: none;
        }
    </style>
    <style type="text/css">
        .breadcrumb-container.theme1 li {
            margin: 0;
            padding: 0;
        }
        .breadcrumb-container.theme1 a {
            background: ;
            display: inline-block;
            margin: 0 5px;
            padding: 5px 10px;
            text-decoration: none;
        }
    </style>
        <style type="text/css">
            </style>
    <script>
            </script>
[/vc_column_text][/vc_column][/vc_row][vc_row css=&#8221;.vc_custom_1475488264405{padding-bottom: 40px !important;}&#8221; el_id=&#8221;bloque_basica&#8221;][vc_column width=&#8221;2/3&#8243;]<h3 class="sc_title sc_title_regular margin_top_tiny">La ruta del Palmerar</h3>[vc_single_image image=&#8221;4935&#8243; img_size=&#8221;full&#8221; css=&#8221;.vc_custom_1476979951718{padding-bottom: 20px !important;}&#8221;][vc_column_text]La ruta comença i finalitza a l’<em>Hort de Sant Plàcid</em>, emplaçament del Museu del Palmerar. Té una longitud total de 2.580 metres i discorre pels camins que uneixen els horts meridionals que envolten el nucli històric de la ciutat.</p>
<p>Avançant pel carrer on se situa el museu, Porta de la Morera, sota el qual discorre la <em>Sèquia Major</em> del pantà, arribem fins a <a href="https://www.huertodelcura.com/en/" target="_blank" rel="noopener"><em>l’Hort del Cura</em></a>, després de deixar a la dreta l’hotel del mateix nom. Aquest hort va ser declarat, el 1943, Jardí Artístic i té una superfície de 13.000 m<sup>2</sup>.</p>
<p>Continuant el nostre camí, passarem al costat d’unes instal·lacions educatives, es tracta dels Salesians, on les construccions i les dotacions esportives conviuen amb les alineacions de palmeres dels horts del <em>Pessetero</em> i <em>l’Hort que no Té Portes</em>.</p>
<p>Poc abans de girar a la dreta, pel camí de Beniardà, comença l’<em>Hort del Sol</em>, un espai que, des que va passar a titularitat municipal, s’ha recuperat mitjançant la replantació d’exemplars joves de palmeres.</p>
<p>Arribem a una nova intersecció. Hi veiem, al davant, l’<em>Hort de Dins</em> i prenem a la dreta el camí de les Almàsseres, per on transitarem a partir d’aquest moment entre els horts de <em>Rogeta</em>, a la dreta, i <em>Sempere</em>, a l’esquerra.</p>
<p>La porta que dóna accés a l’<em>Hort dels Pontos</em> permet passejar per un camí vorejat d’altes palmeres que condueix fins a una de les últimes cases que mantenen encara una estructura tradicional.</p>
<p>Creuem llavors el carrer <em>Curtidors</em> per a gaudir de les magnífiques vistes d’una de les concentracions d’horts de palmeres millor conservades. Els horts de <em>Casimira</em>, <em>Pastoret</em>, <em>Mareta</em>, <em>Borreguet</em> i <em>Monjo</em> formen un conjunt anomenat parc de palmeres del <em>Filet de Fora</em>.</p>
<p><img loading="lazy" decoding="async" class="alignnone size-medium wp-image-217600" src="https://www.elche.es/wp-content/uploads/2022/07/Ruta-Palmeral-y-Hort-del-Montjo-7-800x600.jpeg" alt="" width="800" height="600" srcset="https://www.elche.es/wp-content/uploads/2022/07/Ruta-Palmeral-y-Hort-del-Montjo-7-800x600.jpeg 800w, https://www.elche.es/wp-content/uploads/2022/07/Ruta-Palmeral-y-Hort-del-Montjo-7-1440x1080.jpeg 1440w, https://www.elche.es/wp-content/uploads/2022/07/Ruta-Palmeral-y-Hort-del-Montjo-7-768x576.jpeg 768w, https://www.elche.es/wp-content/uploads/2022/07/Ruta-Palmeral-y-Hort-del-Montjo-7-1536x1152.jpeg 1536w, https://www.elche.es/wp-content/uploads/2022/07/Ruta-Palmeral-y-Hort-del-Montjo-7.jpeg 1600w" sizes="auto, (max-width: 800px) 100vw, 800px" /></p>
<p>Discorre el nostre passeig en aquest nou tram per una de les entrades de l’<em>Hort del Monjo</em>, per a gaudir un poc més avall de l’<em>Hort de la Tia Casimira</em>.</p>
<p>La recuperació dels horts com a espais per al gaudi dels ciutadans té un nou exemple a l’<em>Hort del Pastoret</em>, en l’interior del qual s’ha creat un circuit per a recórrer amb bicicleta o per a realitzar exercici a l’aire lliure. Justament al davant es pot veure l’Hotel Milenio.</p>
<p>En arribar a la revolta, agafem el camí de <em>Felip</em>, que pren el nom de l’hort que deixem a l’esquerra. El tram que recorrerem ara és un dels més tranquils i, per tant, el més adequat per a gaudir de l’avifauna característica de la zona.</p>
<p>A escassa distància creuem el carrer cap al jardí de Porta de la Morera, al costat  del qual hi ha el Centre de Congressos.[/vc_column_text][/vc_column][vc_column width=&#8221;1/3&#8243; css=&#8221;.vc_custom_1474385237096{padding-top: 50px !important;padding-bottom: 50px !important;}&#8221;][vc_widget_sidebar sidebar_id=&#8221;sidebar_custom_2&#8243;][/vc_column][/vc_row]</p>
</div>

<p>[vc_row full_width=&#8221;stretch_row&#8221; css=&#8221;.vc_custom_1475488224066{background-color: #dddde0 !important;}&#8221;][vc_column][vc_column_text][/vc_column_text][/vc_column][/vc_row][vc_row css=&#8221;.vc_custom_1475488264405{padding-bottom: 40px !important;}&#8221; el_id=&#8221;bloque_basica&#8221;][vc_column width=&#8221;2/3&#8243;][vc_single_image image=&#8221;4935&#8243; img_size=&#8221;full&#8221; css=&#8221;.vc_custom_1476979951718{padding-bottom: 20px !important;}&#8221;][vc_column_text]La ruta comença i finalitza a l’Hort de Sant Plàcid, emplaçament del Museu del Palmerar. Té [&hellip;]</p>
