{"id":58866,"date":"2018-05-14T13:31:51","date_gmt":"2018-05-14T12:31:51","guid":{"rendered":"http:\/\/www.elche.es\/va\/?page_id=58866"},"modified":"2024-04-10T10:12:35","modified_gmt":"2024-04-10T08:12:35","slug":"patrocini-de-palmeres-de-la-nit-de-lalba","status":"publish","type":"page","link":"https:\/\/www.elche.es\/va\/festes\/patrocini-de-palmeres-de-la-nit-de-lalba\/","title":{"rendered":"Patrocini de palmeres de la Nit de l&#8217;Alb\u00e0"},"content":{"rendered":"<div class=\"wpb-content-wrapper\"><p>[vc_row full_width=&#8221;stretch_row&#8221; css=&#8221;.vc_custom_1475488224066{background-color: #dddde0 !important;}&#8221;][vc_column][vc_column_text]<nav aria-label=\"breadcrumbs\">\n            <div class=\"breadcrumb-container theme1\">\n                <ol>\n                                    <\/ol>\n            <\/div>\n        <\/nav>    <script type=\"application\/ld+json\">\n        {\n            \"@context\": \"http:\/\/schema.org\",\n            \"@type\": \"BreadcrumbList\",\n            \"itemListElement\": [\n                            ]\n        }\n    <\/script>\n    <style type=\"text\/css\">\n        .breadcrumb-container {\n            font-size: 13px;\n        }\n\n        .breadcrumb-container ul {\n            margin: 0;\n            padding: 0;\n        }\n\n        .breadcrumb-container li {\n            box-sizing: unset;\n            display: inline-block;\n            margin: 0;\n            padding: 0;\n        }\n\n        .breadcrumb-container li a {\n            box-sizing: unset;\n            padding: 0 10px;\n        }\n\n        .breadcrumb-container {\n            font-size: 3 !important;\n                    }\n\n        .breadcrumb-container li a {\n            color: #0a0a0a !important;\n            font-size: 3 !important;\n            line-height: 3 !important;\n                    }\n\n        .breadcrumb-container li .separator {\n            font-size: 3 !important;\n                    }\n\n        .breadcrumb-container li:last-child .separator {\n            display: none;\n        }\n    <\/style>\n    <style type=\"text\/css\">\n        .breadcrumb-container.theme1 li {\n            margin: 0;\n            padding: 0;\n        }\n        .breadcrumb-container.theme1 a {\n            background: ;\n            display: inline-block;\n            margin: 0 5px;\n            padding: 5px 10px;\n            text-decoration: none;\n        }\n    <\/style>\n        <style type=\"text\/css\">\n            <\/style>\n    <script>\n            <\/script>\n[\/vc_column_text][\/vc_column][\/vc_row][vc_row css=&#8221;.vc_custom_1712734863968{margin-top: 30px !important;}&#8221;][vc_column][vc_custom_heading text=&#8221;Patrocini de palmeres de la Nit de l&#8217;Alb\u00e0&#8221;][vc_column_text css=&#8221;.vc_custom_1712736720756{margin-top: 20px !important;margin-bottom: 30px !important;}&#8221;]Telefona al <strong>677 852 542<\/strong> o envia un correu electr\u00f2nic a <a id=\"LPlnkOWAd93a6920-37c4-f8aa-fc46-14858e66ab9e\" class=\"x_ProsemirrorEditor-link x_OWAAutoLink\" href=\"mailto:patrocinopalmera@elche.es\" data-loopstyle=\"linkonly\" data-linkindex=\"0\">patrociniopalmera@elche.es<\/a> i t&#8217;informem com pots formar part de la hist\u00f2ria d&#8217;Elx.[\/vc_column_text][\/vc_column][\/vc_row][vc_row css=&#8221;.vc_custom_1475488264405{padding-bottom: 40px !important;}&#8221; el_id=&#8221;bloque_basica&#8221;][vc_column width=&#8221;1\/2&#8243;][vc_column_text]Anima&#8217;t a complir amb aquesta tradici\u00f3 amb la qual podem oferir una palmera als nostres \u00e9ssers estimats o a la causa que cadasc\u00fa vulga.<\/p>\n<p style=\"text-align: center;\"><span style=\"font-size: 14pt;\"><strong>No perdes aquesta oportunitat!<\/strong><\/span><\/p>\n<p>&nbsp;<\/p>\n<hr \/>\n<p>La Nit de l\u2019Alb\u00e0 \u00e9s una festa del foc, genu\u00efna i identificativa del poble d&#8217;Elx. Des del segle XVI se celebra aquesta festa que \u00e9s el preludi de les representacions del Misteri i els dies grans de les nostres festes.<\/p>\n<p>Si en alguna cosa es diferencia la Nit de l\u2019Alb\u00e0 d&#8217;altres celebracions pirot\u00e8cniques, \u00e9s en la participaci\u00f3 del p\u00fablic. La nit \u00e9s de tots perqu\u00e8 est\u00e0 composta de dedicat\u00f2ries, de palmeres oferides a les persones estimades, tant perqu\u00e8 naixen, perqu\u00e8 ja no estan amb nosaltres o b\u00e9 perqu\u00e8 simplement s&#8217;ofereix aquesta dedicat\u00f2ria a amics o clients.<\/p>\n<p>Cada palmera que contemplem en la Nit de l\u2019Alb\u00e0 sabem que \u00e9s una ofrena d&#8217;amor, amistat i bons desitjos cap alg\u00fa,\u00a0 i aquest \u00e9s el verdader sentit de la Nit de l\u2019Alb\u00e0, una ofrena d&#8217;agra\u00efment i reconeixement per part de tot el poble d&#8217;Elx.<\/p>\n<p>Ser\u00e0 un orgull per a tots que la nostra Nit de l\u2019Alb\u00e0 brille amb tota esplendor la nit del 13 d&#8217;agost.[\/vc_column_text][\/vc_column][vc_column width=&#8221;1\/2&#8243;][vc_single_image image=&#8221;296936&#8243; img_size=&#8221;full&#8221; css=&#8221;.vc_custom_1712735017334{padding-bottom: 20px !important;}&#8221;][\/vc_column][\/vc_row]<\/p>\n<\/div>","protected":false},"excerpt":{"rendered":"<p>[vc_row full_width=&#8221;stretch_row&#8221; css=&#8221;.vc_custom_1475488224066{background-color: #dddde0 !important;}&#8221;][vc_column][vc_column_text][\/vc_column_text][\/vc_column][\/vc_row][vc_row css=&#8221;.vc_custom_1712734863968{margin-top: 30px !important;}&#8221;][vc_column][vc_custom_heading text=&#8221;Patrocini de palmeres de la Nit de l&#8217;Alb\u00e0&#8221;][vc_column_text css=&#8221;.vc_custom_1712736720756{margin-top: 20px !important;margin-bottom: 30px !important;}&#8221;]Telefona al 677 852 542 o envia un correu electr\u00f2nic [&hellip;]<\/p>\n","protected":false},"author":10,"featured_media":0,"parent":4478,"menu_order":0,"comment_status":"closed","ping_status":"closed","template":"","meta":{"footnotes":""},"class_list":["post-58866","page","type-page","status-publish","hentry"],"_links":{"self":[{"href":"https:\/\/www.elche.es\/va\/wp-json\/wp\/v2\/pages\/58866","targetHints":{"allow":["GET"]}}],"collection":[{"href":"https:\/\/www.elche.es\/va\/wp-json\/wp\/v2\/pages"}],"about":[{"href":"https:\/\/www.elche.es\/va\/wp-json\/wp\/v2\/types\/page"}],"author":[{"embeddable":true,"href":"https:\/\/www.elche.es\/va\/wp-json\/wp\/v2\/users\/10"}],"replies":[{"embeddable":true,"href":"https:\/\/www.elche.es\/va\/wp-json\/wp\/v2\/comments?post=58866"}],"version-history":[{"count":3,"href":"https:\/\/www.elche.es\/va\/wp-json\/wp\/v2\/pages\/58866\/revisions"}],"predecessor-version":[{"id":296952,"href":"https:\/\/www.elche.es\/va\/wp-json\/wp\/v2\/pages\/58866\/revisions\/296952"}],"up":[{"embeddable":true,"href":"https:\/\/www.elche.es\/va\/wp-json\/wp\/v2\/pages\/4478"}],"wp:attachment":[{"href":"https:\/\/www.elche.es\/va\/wp-json\/wp\/v2\/media?parent=58866"}],"curies":[{"name":"wp","href":"https:\/\/api.w.org\/{rel}","templated":true}]}}

Patrocini de palmeres de la Nit de l&#8217;Albà

<div class="wpb-content-wrapper"><p>[vc_row full_width=&#8221;stretch_row&#8221; css=&#8221;.vc_custom_1475488224066{background-color: #dddde0 !important;}&#8221;][vc_column][vc_column_text]<nav aria-label="breadcrumbs">
            <div class="breadcrumb-container theme1">
                <ol>
                                    </ol>
            </div>
        </nav>    <script type="application/ld+json">
        {
            "@context": "http://schema.org",
            "@type": "BreadcrumbList",
            "itemListElement": [
                            ]
        }
    </script>
    <style type="text/css">
        .breadcrumb-container {
            font-size: 13px;
        }

        .breadcrumb-container ul {
            margin: 0;
            padding: 0;
        }

        .breadcrumb-container li {
            box-sizing: unset;
            display: inline-block;
            margin: 0;
            padding: 0;
        }

        .breadcrumb-container li a {
            box-sizing: unset;
            padding: 0 10px;
        }

        .breadcrumb-container {
            font-size: 3 !important;
                    }

        .breadcrumb-container li a {
            color: #0a0a0a !important;
            font-size: 3 !important;
            line-height: 3 !important;
                    }

        .breadcrumb-container li .separator {
            font-size: 3 !important;
                    }

        .breadcrumb-container li:last-child .separator {
            display: none;
        }
    </style>
    <style type="text/css">
        .breadcrumb-container.theme1 li {
            margin: 0;
            padding: 0;
        }
        .breadcrumb-container.theme1 a {
            background: ;
            display: inline-block;
            margin: 0 5px;
            padding: 5px 10px;
            text-decoration: none;
        }
    </style>
        <style type="text/css">
            </style>
    <script>
            </script>
[/vc_column_text][/vc_column][/vc_row][vc_row css=&#8221;.vc_custom_1712734863968{margin-top: 30px !important;}&#8221;][vc_column][vc_custom_heading text=&#8221;Patrocini de palmeres de la Nit de l&#8217;Albà&#8221;][vc_column_text css=&#8221;.vc_custom_1712736720756{margin-top: 20px !important;margin-bottom: 30px !important;}&#8221;]Telefona al <strong>677 852 542</strong> o envia un correu electrònic a <a id="LPlnkOWAd93a6920-37c4-f8aa-fc46-14858e66ab9e" class="x_ProsemirrorEditor-link x_OWAAutoLink" href="mailto:patrocinopalmera@elche.es" data-loopstyle="linkonly" data-linkindex="0">patrociniopalmera@elche.es</a> i t&#8217;informem com pots formar part de la història d&#8217;Elx.[/vc_column_text][/vc_column][/vc_row][vc_row css=&#8221;.vc_custom_1475488264405{padding-bottom: 40px !important;}&#8221; el_id=&#8221;bloque_basica&#8221;][vc_column width=&#8221;1/2&#8243;][vc_column_text]Anima&#8217;t a complir amb aquesta tradició amb la qual podem oferir una palmera als nostres éssers estimats o a la causa que cadascú vulga.</p>
<p style="text-align: center;"><span style="font-size: 14pt;"><strong>No perdes aquesta oportunitat!</strong></span></p>
<p>&nbsp;</p>
<hr />
<p>La Nit de l’Albà és una festa del foc, genuïna i identificativa del poble d&#8217;Elx. Des del segle XVI se celebra aquesta festa que és el preludi de les representacions del Misteri i els dies grans de les nostres festes.</p>
<p>Si en alguna cosa es diferencia la Nit de l’Albà d&#8217;altres celebracions pirotècniques, és en la participació del públic. La nit és de tots perquè està composta de dedicatòries, de palmeres oferides a les persones estimades, tant perquè naixen, perquè ja no estan amb nosaltres o bé perquè simplement s&#8217;ofereix aquesta dedicatòria a amics o clients.</p>
<p>Cada palmera que contemplem en la Nit de l’Albà sabem que és una ofrena d&#8217;amor, amistat i bons desitjos cap algú,  i aquest és el verdader sentit de la Nit de l’Albà, una ofrena d&#8217;agraïment i reconeixement per part de tot el poble d&#8217;Elx.</p>
<p>Serà un orgull per a tots que la nostra Nit de l’Albà brille amb tota esplendor la nit del 13 d&#8217;agost.[/vc_column_text][/vc_column][vc_column width=&#8221;1/2&#8243;][vc_single_image image=&#8221;296936&#8243; img_size=&#8221;full&#8221; css=&#8221;.vc_custom_1712735017334{padding-bottom: 20px !important;}&#8221;][/vc_column][/vc_row]</p>
</div>

<p>[vc_row full_width=&#8221;stretch_row&#8221; css=&#8221;.vc_custom_1475488224066{background-color: #dddde0 !important;}&#8221;][vc_column][vc_column_text][/vc_column_text][/vc_column][/vc_row][vc_row css=&#8221;.vc_custom_1712734863968{margin-top: 30px !important;}&#8221;][vc_column][vc_custom_heading text=&#8221;Patrocini de palmeres de la Nit de l&#8217;Albà&#8221;][vc_column_text css=&#8221;.vc_custom_1712736720756{margin-top: 20px !important;margin-bottom: 30px !important;}&#8221;]Telefona al 677 852 542 o envia un correu electrònic [&hellip;]</p>
