{"id":6825,"date":"2016-10-27T09:10:31","date_gmt":"2016-10-27T09:10:31","guid":{"rendered":"http:\/\/www.elche.es\/va\/movilidad\/bicielx\/"},"modified":"2022-03-07T13:48:15","modified_gmt":"2022-03-07T12:48:15","slug":"bicielx","status":"publish","type":"page","link":"https:\/\/www.elche.es\/va\/mobilitat\/bicielx\/","title":{"rendered":"Bicielx"},"content":{"rendered":"<div class=\"wpb-content-wrapper\"><p>[vc_row full_width=&#8221;stretch_row&#8221; css=&#8221;.vc_custom_1475488224066{background-color: #dddde0 !important;}&#8221;][vc_column][vc_column_text]<nav aria-label=\"breadcrumbs\">\n            <div class=\"breadcrumb-container theme1\">\n                <ol>\n                                    <\/ol>\n            <\/div>\n        <\/nav>    <script type=\"application\/ld+json\">\n        {\n            \"@context\": \"http:\/\/schema.org\",\n            \"@type\": \"BreadcrumbList\",\n            \"itemListElement\": [\n                            ]\n        }\n    <\/script>\n    <style type=\"text\/css\">\n        .breadcrumb-container {\n            font-size: 13px;\n        }\n\n        .breadcrumb-container ul {\n            margin: 0;\n            padding: 0;\n        }\n\n        .breadcrumb-container li {\n            box-sizing: unset;\n            display: inline-block;\n            margin: 0;\n            padding: 0;\n        }\n\n        .breadcrumb-container li a {\n            box-sizing: unset;\n            padding: 0 10px;\n        }\n\n        .breadcrumb-container {\n            font-size: 3 !important;\n                    }\n\n        .breadcrumb-container li a {\n            color: #0a0a0a !important;\n            font-size: 3 !important;\n            line-height: 3 !important;\n                    }\n\n        .breadcrumb-container li .separator {\n            font-size: 3 !important;\n                    }\n\n        .breadcrumb-container li:last-child .separator {\n            display: none;\n        }\n    <\/style>\n    <style type=\"text\/css\">\n        .breadcrumb-container.theme1 li {\n            margin: 0;\n            padding: 0;\n        }\n        .breadcrumb-container.theme1 a {\n            background: ;\n            display: inline-block;\n            margin: 0 5px;\n            padding: 5px 10px;\n            text-decoration: none;\n        }\n    <\/style>\n        <style type=\"text\/css\">\n            <\/style>\n    <script>\n            <\/script>\n[\/vc_column_text][\/vc_column][\/vc_row][vc_row css=&#8221;.vc_custom_1475488264405{padding-bottom: 40px !important;}&#8221; el_id=&#8221;bloque_basica&#8221;][vc_column width=&#8221;2\/3&#8243;]<h3 class=\"sc_title sc_title_regular margin_top_tiny\">Bicielx<\/h3>[vc_single_image image=&#8221;6264&#8243; img_size=&#8221;full&#8221; css=&#8221;.vc_custom_1477559402830{padding-bottom: 20px !important;}&#8221;][vc_column_text css=&#8221;.vc_custom_1562667463763{margin-bottom: 30px !important;}&#8221;]Bicielx \u00e9s un servei municipal de transport p\u00fablic amb bicicleta promogut per l&#8217;Ajuntament d&#8217;Elx i gestionat per l&#8217;empresa <a href=\"https:\/\/pimesa.es\/va\">Promocions i Iniciatives Municipals d&#8217;Elx SA<\/a> (PIMESA).<\/p>\n<p>Bicielx posa a la disposici\u00f3 dels ciutadans i de les persones que visiten la ciutat, un sistema autom\u00e0tic individualitzat de transport, perqu\u00e8 es puguen realitzar despla\u00e7aments pel nucli urb\u00e0 a trav\u00e9s d&#8217;un procediment de pr\u00e9stec de bicicletes.<\/p>\n<p>L&#8217;objectiu del servei \u00e9s fomentar els despla\u00e7aments en bicicletes per a millorar la mobilitat urbana i contribuir a reduir l&#8217;impacte ambiental que genera l&#8217;\u00fas dels vehicles privats motoritzats.<\/p>\n<p>Bicielx \u00e9s un sistema de mobilitat sostenible que ajuda a reduir els nivells de soroll i de contaminaci\u00f3 de la ciutat, contribueix a millorar la utilitzaci\u00f3 dels espais p\u00fablics urbans i permet despla\u00e7ar-se amb rapidesa per Elx.<\/p>\n<p>El servei municipal de transport p\u00fablic en bicicletes en la ciutat d&#8217;Elx \u00e9s una actuaci\u00f3 que ha sigut recolzada pel Programa d&#8217;Estalvi i Efici\u00e8ncia Energ\u00e8tica en el Transport (Promoci\u00f3 de transport urb\u00e0 amb bicicleta), en el marc del Pla d&#8217;Acci\u00f3 2008-2012 de l&#8217;Estrat\u00e8gia d&#8217;Estalvi i Efici\u00e8ncia Energ\u00e8tica a Espanya.<\/p>\n<p>En el desenvolupament d&#8217;aquest projecte han col\u00b7laborat l<a href=\"http:\/\/www.aven.es\/index.php?lang=ca\">&#8216;Ag\u00e8ncia Valenciana de l&#8217;Energia<\/a> (AVEN), entitat de la Generalitat Valenciana adscrita a la Conselleria d&#8217;Economia, Ind\u00fastria i Comer\u00e7, i<a href=\"http:\/\/www.idae.es\/\"> l&#8217;Institut per a la Diversificaci\u00f3 i Estalvi de l&#8217;Energia<\/a> (IDAE), organisme adscrit al Ministeri d&#8217;Ind\u00fastria, Energia i Turisme, a trav\u00e9s de la Secretaria d&#8217;Estat d&#8217;Energia.[\/vc_column_text]\r\n        <p>\r\n        <span class=\"enlaces-titulo\"> P\u00e0gina web Bicielx <\/span> <span><a class=\"enlaces-link\" target='_blank'href=\"https:\/\/www.bicielx.es\/bicielx\/ca\/node\/81 \">Veure enlla\u00e7<\/a><\/span>\r\n        <br>\r\n        <span class=\"enlaces-descripcion\"><\/span>\r\n        <\/p>\r\n        <hr class=\"enlaces-separador\">\r\n        [\/vc_column][vc_column width=&#8221;1\/3&#8243; css=&#8221;.vc_custom_1474385237096{padding-top: 50px !important;padding-bottom: 50px !important;}&#8221;][vc_widget_sidebar sidebar_id=&#8221;sidebar_custom_2&#8243;][\/vc_column][\/vc_row]<\/p>\n<\/div>","protected":false},"excerpt":{"rendered":"<p>[vc_row full_width=&#8221;stretch_row&#8221; css=&#8221;.vc_custom_1475488224066{background-color: #dddde0 !important;}&#8221;][vc_column][vc_column_text][\/vc_column_text][\/vc_column][\/vc_row][vc_row css=&#8221;.vc_custom_1475488264405{padding-bottom: 40px !important;}&#8221; el_id=&#8221;bloque_basica&#8221;][vc_column width=&#8221;2\/3&#8243;][vc_single_image image=&#8221;6264&#8243; img_size=&#8221;full&#8221; css=&#8221;.vc_custom_1477559402830{padding-bottom: 20px !important;}&#8221;][vc_column_text css=&#8221;.vc_custom_1562667463763{margin-bottom: 30px !important;}&#8221;]Bicielx \u00e9s un servei municipal de transport p\u00fablic amb bicicleta promogut per l&#8217;Ajuntament [&hellip;]<\/p>\n","protected":false},"author":131,"featured_media":0,"parent":6723,"menu_order":0,"comment_status":"closed","ping_status":"closed","template":"","meta":{"footnotes":""},"class_list":["post-6825","page","type-page","status-publish","hentry"],"_links":{"self":[{"href":"https:\/\/www.elche.es\/va\/wp-json\/wp\/v2\/pages\/6825","targetHints":{"allow":["GET"]}}],"collection":[{"href":"https:\/\/www.elche.es\/va\/wp-json\/wp\/v2\/pages"}],"about":[{"href":"https:\/\/www.elche.es\/va\/wp-json\/wp\/v2\/types\/page"}],"author":[{"embeddable":true,"href":"https:\/\/www.elche.es\/va\/wp-json\/wp\/v2\/users\/131"}],"replies":[{"embeddable":true,"href":"https:\/\/www.elche.es\/va\/wp-json\/wp\/v2\/comments?post=6825"}],"version-history":[{"count":0,"href":"https:\/\/www.elche.es\/va\/wp-json\/wp\/v2\/pages\/6825\/revisions"}],"up":[{"embeddable":true,"href":"https:\/\/www.elche.es\/va\/wp-json\/wp\/v2\/pages\/6723"}],"wp:attachment":[{"href":"https:\/\/www.elche.es\/va\/wp-json\/wp\/v2\/media?parent=6825"}],"curies":[{"name":"wp","href":"https:\/\/api.w.org\/{rel}","templated":true}]}}

<div class="wpb-content-wrapper"><p>[vc_row full_width=&#8221;stretch_row&#8221; css=&#8221;.vc_custom_1475488224066{background-color: #dddde0 !important;}&#8221;][vc_column][vc_column_text]<nav aria-label="breadcrumbs">
            <div class="breadcrumb-container theme1">
                <ol>
                                    </ol>
            </div>
        </nav>    <script type="application/ld+json">
        {
            "@context": "http://schema.org",
            "@type": "BreadcrumbList",
            "itemListElement": [
                            ]
        }
    </script>
    <style type="text/css">
        .breadcrumb-container {
            font-size: 13px;
        }

        .breadcrumb-container ul {
            margin: 0;
            padding: 0;
        }

        .breadcrumb-container li {
            box-sizing: unset;
            display: inline-block;
            margin: 0;
            padding: 0;
        }

        .breadcrumb-container li a {
            box-sizing: unset;
            padding: 0 10px;
        }

        .breadcrumb-container {
            font-size: 3 !important;
                    }

        .breadcrumb-container li a {
            color: #0a0a0a !important;
            font-size: 3 !important;
            line-height: 3 !important;
                    }

        .breadcrumb-container li .separator {
            font-size: 3 !important;
                    }

        .breadcrumb-container li:last-child .separator {
            display: none;
        }
    </style>
    <style type="text/css">
        .breadcrumb-container.theme1 li {
            margin: 0;
            padding: 0;
        }
        .breadcrumb-container.theme1 a {
            background: ;
            display: inline-block;
            margin: 0 5px;
            padding: 5px 10px;
            text-decoration: none;
        }
    </style>
        <style type="text/css">
            </style>
    <script>
            </script>
[/vc_column_text][/vc_column][/vc_row][vc_row css=&#8221;.vc_custom_1475488264405{padding-bottom: 40px !important;}&#8221; el_id=&#8221;bloque_basica&#8221;][vc_column width=&#8221;2/3&#8243;]<h3 class="sc_title sc_title_regular margin_top_tiny">Bicielx</h3>[vc_single_image image=&#8221;6264&#8243; img_size=&#8221;full&#8221; css=&#8221;.vc_custom_1477559402830{padding-bottom: 20px !important;}&#8221;][vc_column_text css=&#8221;.vc_custom_1562667463763{margin-bottom: 30px !important;}&#8221;]Bicielx és un servei municipal de transport públic amb bicicleta promogut per l&#8217;Ajuntament d&#8217;Elx i gestionat per l&#8217;empresa <a href="https://pimesa.es/va">Promocions i Iniciatives Municipals d&#8217;Elx SA</a> (PIMESA).</p>
<p>Bicielx posa a la disposició dels ciutadans i de les persones que visiten la ciutat, un sistema automàtic individualitzat de transport, perquè es puguen realitzar desplaçaments pel nucli urbà a través d&#8217;un procediment de préstec de bicicletes.</p>
<p>L&#8217;objectiu del servei és fomentar els desplaçaments en bicicletes per a millorar la mobilitat urbana i contribuir a reduir l&#8217;impacte ambiental que genera l&#8217;ús dels vehicles privats motoritzats.</p>
<p>Bicielx és un sistema de mobilitat sostenible que ajuda a reduir els nivells de soroll i de contaminació de la ciutat, contribueix a millorar la utilització dels espais públics urbans i permet desplaçar-se amb rapidesa per Elx.</p>
<p>El servei municipal de transport públic en bicicletes en la ciutat d&#8217;Elx és una actuació que ha sigut recolzada pel Programa d&#8217;Estalvi i Eficiència Energètica en el Transport (Promoció de transport urbà amb bicicleta), en el marc del Pla d&#8217;Acció 2008-2012 de l&#8217;Estratègia d&#8217;Estalvi i Eficiència Energètica a Espanya.</p>
<p>En el desenvolupament d&#8217;aquest projecte han col·laborat l<a href="http://www.aven.es/index.php?lang=ca">&#8216;Agència Valenciana de l&#8217;Energia</a> (AVEN), entitat de la Generalitat Valenciana adscrita a la Conselleria d&#8217;Economia, Indústria i Comerç, i<a href="http://www.idae.es/"> l&#8217;Institut per a la Diversificació i Estalvi de l&#8217;Energia</a> (IDAE), organisme adscrit al Ministeri d&#8217;Indústria, Energia i Turisme, a través de la Secretaria d&#8217;Estat d&#8217;Energia.[/vc_column_text]
        <p>
        <span class="enlaces-titulo"> Pàgina web Bicielx </span> <span><a class="enlaces-link" target='_blank'href="https://www.bicielx.es/bicielx/ca/node/81 ">Veure enllaç</a></span>
        <br>
        <span class="enlaces-descripcion"></span>
        </p>
        <hr class="enlaces-separador">
        [/vc_column][vc_column width=&#8221;1/3&#8243; css=&#8221;.vc_custom_1474385237096{padding-top: 50px !important;padding-bottom: 50px !important;}&#8221;][vc_widget_sidebar sidebar_id=&#8221;sidebar_custom_2&#8243;][/vc_column][/vc_row]</p>
</div>

<p>[vc_row full_width=&#8221;stretch_row&#8221; css=&#8221;.vc_custom_1475488224066{background-color: #dddde0 !important;}&#8221;][vc_column][vc_column_text][/vc_column_text][/vc_column][/vc_row][vc_row css=&#8221;.vc_custom_1475488264405{padding-bottom: 40px !important;}&#8221; el_id=&#8221;bloque_basica&#8221;][vc_column width=&#8221;2/3&#8243;][vc_single_image image=&#8221;6264&#8243; img_size=&#8221;full&#8221; css=&#8221;.vc_custom_1477559402830{padding-bottom: 20px !important;}&#8221;][vc_column_text css=&#8221;.vc_custom_1562667463763{margin-bottom: 30px !important;}&#8221;]Bicielx és un servei municipal de transport públic amb bicicleta promogut per l&#8217;Ajuntament [&hellip;]</p>
