{"id":80003,"date":"2018-06-20T12:53:19","date_gmt":"2018-06-20T11:53:19","guid":{"rendered":"http:\/\/www.elche.es\/va\/algoda\/"},"modified":"2024-04-16T13:22:22","modified_gmt":"2024-04-16T11:22:22","slug":"algoda","status":"publish","type":"page","link":"https:\/\/www.elche.es\/va\/pedanias\/algoda\/","title":{"rendered":"Algoda"},"content":{"rendered":"<div class=\"wpb-content-wrapper\"><p>[vc_row full_width=&#8221;stretch_row&#8221; css=&#8221;.vc_custom_1529494795103{padding-top: 120px !important;padding-right: 120px !important;padding-bottom: 270px !important;padding-left: 120px !important;background-image: url(https:\/\/www.elche.es\/wp-content\/uploads\/2018\/06\/Algoda1-35.jpg?id=63385) !important;background-position: center !important;background-repeat: no-repeat !important;background-size: cover !important;}&#8221; el_id=&#8221;bloque_titulo&#8221;][vc_column][vc_custom_heading text=&#8221;Algoda&#8221; font_container=&#8221;tag:h2|text_align:center|color:%23ffffff&#8221; google_fonts=&#8221;font_family:Ubuntu%3A300%2C300italic%2Cregular%2Citalic%2C500%2C500italic%2C700%2C700italic|font_style:700%20bold%20regular%3A700%3Anormal&#8221; css=&#8221;.vc_custom_1529492333754{padding-top: 80px !important;}&#8221; el_class=&#8221;sombraTitulo&#8221;][\/vc_column][\/vc_row][vc_row full_width=&#8221;stretch_row&#8221; css=&#8221;.vc_custom_1475484188729{background-color: #dddde0 !important;}&#8221;][vc_column][vc_column_text]<nav aria-label=\"breadcrumbs\">\n            <div class=\"breadcrumb-container theme1\">\n                <ol>\n                                    <\/ol>\n            <\/div>\n        <\/nav>    <script type=\"application\/ld+json\">\n        {\n            \"@context\": \"http:\/\/schema.org\",\n            \"@type\": \"BreadcrumbList\",\n            \"itemListElement\": [\n                            ]\n        }\n    <\/script>\n    <style type=\"text\/css\">\n        .breadcrumb-container {\n            font-size: 13px;\n        }\n\n        .breadcrumb-container ul {\n            margin: 0;\n            padding: 0;\n        }\n\n        .breadcrumb-container li {\n            box-sizing: unset;\n            display: inline-block;\n            margin: 0;\n            padding: 0;\n        }\n\n        .breadcrumb-container li a {\n            box-sizing: unset;\n            padding: 0 10px;\n        }\n\n        .breadcrumb-container {\n            font-size: 3 !important;\n                    }\n\n        .breadcrumb-container li a {\n            color: #0a0a0a !important;\n            font-size: 3 !important;\n            line-height: 3 !important;\n                    }\n\n        .breadcrumb-container li .separator {\n            font-size: 3 !important;\n                    }\n\n        .breadcrumb-container li:last-child .separator {\n            display: none;\n        }\n    <\/style>\n    <style type=\"text\/css\">\n        .breadcrumb-container.theme1 li {\n            margin: 0;\n            padding: 0;\n        }\n        .breadcrumb-container.theme1 a {\n            background: ;\n            display: inline-block;\n            margin: 0 5px;\n            padding: 5px 10px;\n            text-decoration: none;\n        }\n    <\/style>\n        <style type=\"text\/css\">\n            <\/style>\n    <script>\n            <\/script>\n[\/vc_column_text][\/vc_column][\/vc_row][vc_row full_width=&#8221;stretch_row&#8221; css=&#8221;.vc_custom_1526542805591{padding-bottom: 40px !important;background-color: #ffffff !important;}&#8221; el_id=&#8221;bloque_basica&#8221;][vc_column width=&#8221;2\/3&#8243;]<h3 class=\"sc_title sc_title_regular\" style=\"margin-top: 1.05em;margin-bottom: 0.35em;\">Algoda<\/h3>[vc_column_text css=&#8221;.vc_custom_1549374366977{padding-bottom: 30px !important;}&#8221;]La pedania d\u2019Algoda se situa a l&#8217;oest en el municipi d&#8217;Elx, contigua a la partida del Pla de Sant Josep, Matola, Pu\u00e7ol, Algor\u00f3s i el municipi de Crevillent. T\u00e9 una superf\u00edcie de 6,8 Km\u00b2 i una poblaci\u00f3 de 856 habitants el 2018. Per tant, la seua densitat \u00e9s de 126,6 hab\/ Km\u00b2.<\/p>\n<p>Algoda compta amb un nucli urb\u00e0 contigu al de la pedania de Matola, tot i que la majoria de la seua poblaci\u00f3 hi resideix de forma dispersa.<\/p>\n<p>En aquesta pedania hi ha moltes palmeres agrupades en horts o disseminades, sobretot en la part sud-oest, confrontant amb el Parc Natural del Fondo.<\/p>\n<p>Algoda \u00e9s una pedania agr\u00edcola on proliferen les empreses de vivers de plantes ornamentals, com en les ve\u00efnes Pu\u00e7ol i el Derramador.<\/p>\n<p>Al maig se celebren les festes patronals de Mar\u00eda Auxiliadora, i a l&#8217;agost les festes en honor de l&#8217;\u00c0ngel de la Guarda compartides amb la pedania de Pu\u00e7ol.<\/p>\n<p>M\u00e9s informaci\u00f3 sobre la historia i les tradicions de la pedania: <a href=\"https:\/\/www.elche.es\/wp-content\/uploads\/2018\/06\/Algoda.pdf\" target=\"_blank\" rel=\"noopener\">fes clic aqu\u00ed<\/a>[\/vc_column_text]<div id='modulo_datos_contacto'> <p class='titulo_datos_contacto'>Dades de contacte <\/p> <hr><p class=\"contactoArea\"> <i class=\"fa fa-map-marker\" aria-hidden=\"true\"><\/i>Ped\u00e0nia: Antonia Coves Pascual<\/p><p class=\"contactoArea\"><i class=\"fa fa-phone\" aria-hidden=\"true\"><\/i>671 009 496<\/p><div id='contacto-rrss'><\/div><\/div>[vc_empty_space][\/vc_column][vc_column width=&#8221;1\/3&#8243;][vc_row_inner css=&#8221;.vc_custom_1526543616570{padding-bottom: 117px !important;}&#8221;][vc_column_inner][\/vc_column_inner][\/vc_row_inner][sbs_wpb_openstreetmap map_style=&#8221;OpenStreetMap.DE&#8221; external_link_openstreetmap=&#8221;&#8221; map_height=&#8221;100&#8243; ctrl_mouse_zoom=&#8221;true&#8221; latitude=&#8221;38.215039&#8243; longitude=&#8221;-0.750903&#8243;][sbs_wpb_marker marker_source=&#8221;coordinates&#8221; marker_color=&#8221;red&#8221; marker_latitude=&#8221;38.215039&#8243; marker_longitude=&#8221;-0.750903&#8243;][\/sbs_wpb_marker][\/sbs_wpb_openstreetmap][\/vc_column][\/vc_row][vc_row full_width=&#8221;stretch_row&#8221; css=&#8221;.vc_custom_1526557035024{padding-top: 50px !important;padding-bottom: 40px !important;background-image: url(https:\/\/www.elche.es\/wp-content\/uploads\/2016\/07\/palmeral.png?id=1044) !important;}&#8221;][vc_column]<h3 class=\"sc_title sc_title_regular sc_align_center margin_top_tiny\" style=\"text-align:center;\"><span style=\"color: #ffffff;\">Enlla\u00e7os\u00a0<\/span><\/h3><div id=\"sc_section_1007364051\" class=\"sc_section column-1_1\"><div class=\"sc_section_inner sc_scroll_controls sc_scroll_controls_horizontal sc_scroll_controls_type_side\"><div id=\"sc_section_1007364051_scroll\" class=\"sc_scroll sc_scroll_horizontal swiper-slider-container scroll-container\" style=\"\"><div class=\"sc_scroll_wrapper swiper-wrapper\"><div class=\"sc_scroll_slide swiper-slide\"><div class=\"columns_wrap sc_columns columns_nofluid sc_columns_count_3\"><div class=\"column-1_3 sc_column_item sc_column_item_1 odd first\">\r\n        <div id=\"enlacesInteresantes\">\r\n            <div class=\"post_item post_item_opportuniti post_item_opportuniti_3 post_format_standard odd\">\r\n               <div class=\"post_featured\">\r\n                  <div class=\"post_thumb\">\r\n                     <a class=\"hover_icon hover_icon_link\"  href=\"https:\/\/www.elche.es\/va\/festes\/festes-del-camp-delx\/\"><img loading=\"lazy\" decoding=\"async\" class=\"wp-post-image\" width=\"740\" height=\"584\" src=\"https:\/\/www.elche.es\/wp-content\/uploads\/2018\/05\/Fiestas-del-camp-delx.jpg\"><\/a> \r\n                  <\/div>\r\n               <\/div>\r\n               <div class=\"post_content isotope_item_content\">\r\n                  <h4 class=\"post_title\"><a  href=\"https:\/\/www.elche.es\/va\/festes\/festes-del-camp-delx\/\">Festes de les pedanies d'Elx<\/a><\/h4>\r\n                  <div class=\"post_descr\">\r\n                     <p> <a style=\"color: white;\" href=\"https:\/\/www.elche.es\/va\/festes\/festes-del-camp-delx\/\">Festes<\/a><\/p>\r\n                  <\/div>\r\n               <\/div>\r\n            <\/div>\r\n       <\/div><\/div><div class=\"column-1_3 sc_column_item sc_column_item_2 even\">\r\n        <div id=\"enlacesInteresantes\">\r\n            <div class=\"post_item post_item_opportuniti post_item_opportuniti_3 post_format_standard odd\">\r\n               <div class=\"post_featured\">\r\n                  <div class=\"post_thumb\">\r\n                     <a class=\"hover_icon hover_icon_link\"  href=\"https:\/\/www.elche.es\/va\/las-pedanias-de-elche\/serveis-municipals-pedanies\/\"><img loading=\"lazy\" decoding=\"async\" class=\"wp-post-image\" width=\"740\" height=\"584\" src=\"https:\/\/www.elche.es\/wp-content\/uploads\/2018\/05\/servicios.jpg\"><\/a> \r\n                  <\/div>\r\n               <\/div>\r\n               <div class=\"post_content isotope_item_content\">\r\n                  <h4 class=\"post_title\"><a  href=\"https:\/\/www.elche.es\/va\/las-pedanias-de-elche\/serveis-municipals-pedanies\/\">Directori de serveis en les pedanies d'Elx<\/a><\/h4>\r\n                  <div class=\"post_descr\">\r\n                     <p> <a style=\"color: white;\" href=\"https:\/\/www.elche.es\/va\/las-pedanias-de-elche\/serveis-municipals-pedanies\/\">Serveis municipals<\/a><\/p>\r\n                  <\/div>\r\n               <\/div>\r\n            <\/div>\r\n       <\/div><\/div><div class=\"column-1_3 sc_column_item sc_column_item_3 odd\">\r\n        <div id=\"enlacesInteresantes\">\r\n            <div class=\"post_item post_item_opportuniti post_item_opportuniti_3 post_format_standard odd\">\r\n               <div class=\"post_featured\">\r\n                  <div class=\"post_thumb\">\r\n                     <a class=\"hover_icon hover_icon_link\"  href=\"https:\/\/www.elche.es\/va\/las-pedanias-de-elche\/estadistiques-pedanies\/\"><img loading=\"lazy\" decoding=\"async\" class=\"wp-post-image\" width=\"740\" height=\"584\" src=\"https:\/\/www.elche.es\/wp-content\/uploads\/2018\/05\/datos-socioecon\u00f3micos.jpg\"><\/a> \r\n                  <\/div>\r\n               <\/div>\r\n               <div class=\"post_content isotope_item_content\">\r\n                  <h4 class=\"post_title\"><a  href=\"https:\/\/www.elche.es\/va\/las-pedanias-de-elche\/estadistiques-pedanies\/\">Estad\u00edstiques i documentaci\u00f3 sobre les pedanies<\/a><\/h4>\r\n                  <div class=\"post_descr\">\r\n                     <p> <a style=\"color: white;\" href=\"https:\/\/www.elche.es\/va\/las-pedanias-de-elche\/estadistiques-pedanies\/\">Informaci\u00f3 socioecon\u00f2mica<\/a><\/p>\r\n                  <\/div>\r\n               <\/div>\r\n            <\/div>\r\n       <\/div><\/div><\/div><\/div><\/div><div id=\"sc_section_1007364051_scroll_bar\" class=\"sc_scroll_bar sc_scroll_bar_horizontal sc_section_1007364051_scroll_bar\"><\/div><\/div><div class=\"sc_scroll_controls_wrap\"><a class=\"sc_scroll_prev\" href=\"#\"><\/a><a class=\"sc_scroll_next\" href=\"#\"><\/a><\/div><\/div><\/div>[\/vc_column][\/vc_row]<\/p>\n<\/div>","protected":false},"excerpt":{"rendered":"<p>[vc_row full_width=&#8221;stretch_row&#8221; css=&#8221;.vc_custom_1529494795103{padding-top: 120px !important;padding-right: 120px !important;padding-bottom: 270px !important;padding-left: 120px !important;background-image: url(https:\/\/www.elche.es\/wp-content\/uploads\/2018\/06\/Algoda1-35.jpg?id=63385) !important;background-position: center !important;background-repeat: no-repeat !important;background-size: cover !important;}&#8221; el_id=&#8221;bloque_titulo&#8221;][vc_column][vc_custom_heading text=&#8221;Algoda&#8221; font_container=&#8221;tag:h2|text_align:center|color:%23ffffff&#8221; google_fonts=&#8221;font_family:Ubuntu%3A300%2C300italic%2Cregular%2Citalic%2C500%2C500italic%2C700%2C700italic|font_style:700%20bold%20regular%3A700%3Anormal&#8221; css=&#8221;.vc_custom_1529492333754{padding-top: 80px !important;}&#8221; el_class=&#8221;sombraTitulo&#8221;][\/vc_column][\/vc_row][vc_row full_width=&#8221;stretch_row&#8221; css=&#8221;.vc_custom_1475484188729{background-color: #dddde0 [&hellip;]<\/p>\n","protected":false},"author":131,"featured_media":0,"parent":123787,"menu_order":0,"comment_status":"closed","ping_status":"closed","template":"","meta":{"footnotes":""},"class_list":["post-80003","page","type-page","status-publish","hentry"],"_links":{"self":[{"href":"https:\/\/www.elche.es\/va\/wp-json\/wp\/v2\/pages\/80003","targetHints":{"allow":["GET"]}}],"collection":[{"href":"https:\/\/www.elche.es\/va\/wp-json\/wp\/v2\/pages"}],"about":[{"href":"https:\/\/www.elche.es\/va\/wp-json\/wp\/v2\/types\/page"}],"author":[{"embeddable":true,"href":"https:\/\/www.elche.es\/va\/wp-json\/wp\/v2\/users\/131"}],"replies":[{"embeddable":true,"href":"https:\/\/www.elche.es\/va\/wp-json\/wp\/v2\/comments?post=80003"}],"version-history":[{"count":1,"href":"https:\/\/www.elche.es\/va\/wp-json\/wp\/v2\/pages\/80003\/revisions"}],"predecessor-version":[{"id":297485,"href":"https:\/\/www.elche.es\/va\/wp-json\/wp\/v2\/pages\/80003\/revisions\/297485"}],"up":[{"embeddable":true,"href":"https:\/\/www.elche.es\/va\/wp-json\/wp\/v2\/pages\/123787"}],"wp:attachment":[{"href":"https:\/\/www.elche.es\/va\/wp-json\/wp\/v2\/media?parent=80003"}],"curies":[{"name":"wp","href":"https:\/\/api.w.org\/{rel}","templated":true}]}}

<div class="wpb-content-wrapper"><p>[vc_row full_width=&#8221;stretch_row&#8221; css=&#8221;.vc_custom_1529494795103{padding-top: 120px !important;padding-right: 120px !important;padding-bottom: 270px !important;padding-left: 120px !important;background-image: url(https://www.elche.es/wp-content/uploads/2018/06/Algoda1-35.jpg?id=63385) !important;background-position: center !important;background-repeat: no-repeat !important;background-size: cover !important;}&#8221; el_id=&#8221;bloque_titulo&#8221;][vc_column][vc_custom_heading text=&#8221;Algoda&#8221; font_container=&#8221;tag:h2|text_align:center|color:%23ffffff&#8221; google_fonts=&#8221;font_family:Ubuntu%3A300%2C300italic%2Cregular%2Citalic%2C500%2C500italic%2C700%2C700italic|font_style:700%20bold%20regular%3A700%3Anormal&#8221; css=&#8221;.vc_custom_1529492333754{padding-top: 80px !important;}&#8221; el_class=&#8221;sombraTitulo&#8221;][/vc_column][/vc_row][vc_row full_width=&#8221;stretch_row&#8221; css=&#8221;.vc_custom_1475484188729{background-color: #dddde0 !important;}&#8221;][vc_column][vc_column_text]<nav aria-label="breadcrumbs">
            <div class="breadcrumb-container theme1">
                <ol>
                                    </ol>
            </div>
        </nav>    <script type="application/ld+json">
        {
            "@context": "http://schema.org",
            "@type": "BreadcrumbList",
            "itemListElement": [
                            ]
        }
    </script>
    <style type="text/css">
        .breadcrumb-container {
            font-size: 13px;
        }

        .breadcrumb-container ul {
            margin: 0;
            padding: 0;
        }

        .breadcrumb-container li {
            box-sizing: unset;
            display: inline-block;
            margin: 0;
            padding: 0;
        }

        .breadcrumb-container li a {
            box-sizing: unset;
            padding: 0 10px;
        }

        .breadcrumb-container {
            font-size: 3 !important;
                    }

        .breadcrumb-container li a {
            color: #0a0a0a !important;
            font-size: 3 !important;
            line-height: 3 !important;
                    }

        .breadcrumb-container li .separator {
            font-size: 3 !important;
                    }

        .breadcrumb-container li:last-child .separator {
            display: none;
        }
    </style>
    <style type="text/css">
        .breadcrumb-container.theme1 li {
            margin: 0;
            padding: 0;
        }
        .breadcrumb-container.theme1 a {
            background: ;
            display: inline-block;
            margin: 0 5px;
            padding: 5px 10px;
            text-decoration: none;
        }
    </style>
        <style type="text/css">
            </style>
    <script>
            </script>
[/vc_column_text][/vc_column][/vc_row][vc_row full_width=&#8221;stretch_row&#8221; css=&#8221;.vc_custom_1526542805591{padding-bottom: 40px !important;background-color: #ffffff !important;}&#8221; el_id=&#8221;bloque_basica&#8221;][vc_column width=&#8221;2/3&#8243;]<h3 class="sc_title sc_title_regular" style="margin-top: 1.05em;margin-bottom: 0.35em;">Algoda</h3>[vc_column_text css=&#8221;.vc_custom_1549374366977{padding-bottom: 30px !important;}&#8221;]La pedania d’Algoda se situa a l&#8217;oest en el municipi d&#8217;Elx, contigua a la partida del Pla de Sant Josep, Matola, Puçol, Algorós i el municipi de Crevillent. Té una superfície de 6,8 Km² i una població de 856 habitants el 2018. Per tant, la seua densitat és de 126,6 hab/ Km².</p>
<p>Algoda compta amb un nucli urbà contigu al de la pedania de Matola, tot i que la majoria de la seua població hi resideix de forma dispersa.</p>
<p>En aquesta pedania hi ha moltes palmeres agrupades en horts o disseminades, sobretot en la part sud-oest, confrontant amb el Parc Natural del Fondo.</p>
<p>Algoda és una pedania agrícola on proliferen les empreses de vivers de plantes ornamentals, com en les veïnes Puçol i el Derramador.</p>
<p>Al maig se celebren les festes patronals de María Auxiliadora, i a l&#8217;agost les festes en honor de l&#8217;Àngel de la Guarda compartides amb la pedania de Puçol.</p>
<p>Més informació sobre la historia i les tradicions de la pedania: <a href="https://www.elche.es/wp-content/uploads/2018/06/Algoda.pdf" target="_blank" rel="noopener">fes clic aquí</a>[/vc_column_text]<div id='modulo_datos_contacto'> <p class='titulo_datos_contacto'>Dades de contacte </p> <hr><p class="contactoArea"> <i class="fa fa-map-marker" aria-hidden="true"></i>Pedània: Antonia Coves Pascual</p><p class="contactoArea"><i class="fa fa-phone" aria-hidden="true"></i>671 009 496</p><div id='contacto-rrss'></div></div>[vc_empty_space][/vc_column][vc_column width=&#8221;1/3&#8243;][vc_row_inner css=&#8221;.vc_custom_1526543616570{padding-bottom: 117px !important;}&#8221;][vc_column_inner][/vc_column_inner][/vc_row_inner][sbs_wpb_openstreetmap map_style=&#8221;OpenStreetMap.DE&#8221; external_link_openstreetmap=&#8221;&#8221; map_height=&#8221;100&#8243; ctrl_mouse_zoom=&#8221;true&#8221; latitude=&#8221;38.215039&#8243; longitude=&#8221;-0.750903&#8243;][sbs_wpb_marker marker_source=&#8221;coordinates&#8221; marker_color=&#8221;red&#8221; marker_latitude=&#8221;38.215039&#8243; marker_longitude=&#8221;-0.750903&#8243;][/sbs_wpb_marker][/sbs_wpb_openstreetmap][/vc_column][/vc_row][vc_row full_width=&#8221;stretch_row&#8221; css=&#8221;.vc_custom_1526557035024{padding-top: 50px !important;padding-bottom: 40px !important;background-image: url(https://www.elche.es/wp-content/uploads/2016/07/palmeral.png?id=1044) !important;}&#8221;][vc_column]<h3 class="sc_title sc_title_regular sc_align_center margin_top_tiny" style="text-align:center;"><span style="color: #ffffff;">Enllaços </span></h3><div id="sc_section_1007364051" class="sc_section column-1_1"><div class="sc_section_inner sc_scroll_controls sc_scroll_controls_horizontal sc_scroll_controls_type_side"><div id="sc_section_1007364051_scroll" class="sc_scroll sc_scroll_horizontal swiper-slider-container scroll-container" style=""><div class="sc_scroll_wrapper swiper-wrapper"><div class="sc_scroll_slide swiper-slide"><div class="columns_wrap sc_columns columns_nofluid sc_columns_count_3"><div class="column-1_3 sc_column_item sc_column_item_1 odd first">
        <div id="enlacesInteresantes">
            <div class="post_item post_item_opportuniti post_item_opportuniti_3 post_format_standard odd">
               <div class="post_featured">
                  <div class="post_thumb">
                     <a class="hover_icon hover_icon_link"  href="https://www.elche.es/va/festes/festes-del-camp-delx/"><img loading="lazy" decoding="async" class="wp-post-image" width="740" height="584" src="https://www.elche.es/wp-content/uploads/2018/05/Fiestas-del-camp-delx.jpg"></a> 
                  </div>
               </div>
               <div class="post_content isotope_item_content">
                  <h4 class="post_title"><a  href="https://www.elche.es/va/festes/festes-del-camp-delx/">Festes de les pedanies d'Elx</a></h4>
                  <div class="post_descr">
                     <p> <a style="color: white;" href="https://www.elche.es/va/festes/festes-del-camp-delx/">Festes</a></p>
                  </div>
               </div>
            </div>
       </div></div><div class="column-1_3 sc_column_item sc_column_item_2 even">
        <div id="enlacesInteresantes">
            <div class="post_item post_item_opportuniti post_item_opportuniti_3 post_format_standard odd">
               <div class="post_featured">
                  <div class="post_thumb">
                     <a class="hover_icon hover_icon_link"  href="https://www.elche.es/va/las-pedanias-de-elche/serveis-municipals-pedanies/"><img loading="lazy" decoding="async" class="wp-post-image" width="740" height="584" src="https://www.elche.es/wp-content/uploads/2018/05/servicios.jpg"></a> 
                  </div>
               </div>
               <div class="post_content isotope_item_content">
                  <h4 class="post_title"><a  href="https://www.elche.es/va/las-pedanias-de-elche/serveis-municipals-pedanies/">Directori de serveis en les pedanies d'Elx</a></h4>
                  <div class="post_descr">
                     <p> <a style="color: white;" href="https://www.elche.es/va/las-pedanias-de-elche/serveis-municipals-pedanies/">Serveis municipals</a></p>
                  </div>
               </div>
            </div>
       </div></div><div class="column-1_3 sc_column_item sc_column_item_3 odd">
        <div id="enlacesInteresantes">
            <div class="post_item post_item_opportuniti post_item_opportuniti_3 post_format_standard odd">
               <div class="post_featured">
                  <div class="post_thumb">
                     <a class="hover_icon hover_icon_link"  href="https://www.elche.es/va/las-pedanias-de-elche/estadistiques-pedanies/"><img loading="lazy" decoding="async" class="wp-post-image" width="740" height="584" src="https://www.elche.es/wp-content/uploads/2018/05/datos-socioeconómicos.jpg"></a> 
                  </div>
               </div>
               <div class="post_content isotope_item_content">
                  <h4 class="post_title"><a  href="https://www.elche.es/va/las-pedanias-de-elche/estadistiques-pedanies/">Estadístiques i documentació sobre les pedanies</a></h4>
                  <div class="post_descr">
                     <p> <a style="color: white;" href="https://www.elche.es/va/las-pedanias-de-elche/estadistiques-pedanies/">Informació socioeconòmica</a></p>
                  </div>
               </div>
            </div>
       </div></div></div></div></div><div id="sc_section_1007364051_scroll_bar" class="sc_scroll_bar sc_scroll_bar_horizontal sc_section_1007364051_scroll_bar"></div></div><div class="sc_scroll_controls_wrap"><a class="sc_scroll_prev" href="#"></a><a class="sc_scroll_next" href="#"></a></div></div></div>[/vc_column][/vc_row]</p>
</div>
