{"id":80042,"date":"2018-05-24T13:14:47","date_gmt":"2018-05-24T12:14:47","guid":{"rendered":"http:\/\/www.elche.es\/va\/daimes\/"},"modified":"2024-06-17T10:54:50","modified_gmt":"2024-06-17T08:54:50","slug":"daimes","status":"publish","type":"page","link":"https:\/\/www.elche.es\/va\/pedanias\/daimes\/","title":{"rendered":"Daim\u00e9s"},"content":{"rendered":"<div class=\"wpb-content-wrapper\"><p>[vc_row full_width=&#8221;stretch_row&#8221; css=&#8221;.vc_custom_1527164470308{padding-top: 120px !important;padding-right: 120px !important;padding-bottom: 270px !important;padding-left: 120px !important;background-image: url(https:\/\/www.elche.es\/wp-content\/uploads\/2018\/05\/daim\u00e9s.jpg?id=60426) !important;background-position: center !important;background-repeat: no-repeat !important;background-size: cover !important;}&#8221; el_id=&#8221;bloque_titulo&#8221;][vc_column][vc_custom_heading text=&#8221;Daim\u00e9s&#8221; font_container=&#8221;tag:h2|text_align:center|color:%23ffffff&#8221; google_fonts=&#8221;font_family:Ubuntu%3A300%2C300italic%2Cregular%2Citalic%2C500%2C500italic%2C700%2C700italic|font_style:700%20bold%20regular%3A700%3Anormal&#8221; css=&#8221;.vc_custom_1527164292634{padding-top: 80px !important;}&#8221; el_class=&#8221;sombraTitulo&#8221;][\/vc_column][\/vc_row][vc_row full_width=&#8221;stretch_row&#8221; css=&#8221;.vc_custom_1475484188729{background-color: #dddde0 !important;}&#8221;][vc_column][vc_column_text]<nav aria-label=\"breadcrumbs\">\n            <div class=\"breadcrumb-container theme1\">\n                <ol>\n                                    <\/ol>\n            <\/div>\n        <\/nav>    <script type=\"application\/ld+json\">\n        {\n            \"@context\": \"http:\/\/schema.org\",\n            \"@type\": \"BreadcrumbList\",\n            \"itemListElement\": [\n                            ]\n        }\n    <\/script>\n    <style type=\"text\/css\">\n        .breadcrumb-container {\n            font-size: 13px;\n        }\n\n        .breadcrumb-container ul {\n            margin: 0;\n            padding: 0;\n        }\n\n        .breadcrumb-container li {\n            box-sizing: unset;\n            display: inline-block;\n            margin: 0;\n            padding: 0;\n        }\n\n        .breadcrumb-container li a {\n            box-sizing: unset;\n            padding: 0 10px;\n        }\n\n        .breadcrumb-container {\n            font-size: 3 !important;\n                    }\n\n        .breadcrumb-container li a {\n            color: #0a0a0a !important;\n            font-size: 3 !important;\n            line-height: 3 !important;\n                    }\n\n        .breadcrumb-container li .separator {\n            font-size: 3 !important;\n                    }\n\n        .breadcrumb-container li:last-child .separator {\n            display: none;\n        }\n    <\/style>\n    <style type=\"text\/css\">\n        .breadcrumb-container.theme1 li {\n            margin: 0;\n            padding: 0;\n        }\n        .breadcrumb-container.theme1 a {\n            background: ;\n            display: inline-block;\n            margin: 0 5px;\n            padding: 5px 10px;\n            text-decoration: none;\n        }\n    <\/style>\n        <style type=\"text\/css\">\n            <\/style>\n    <script>\n            <\/script>\n[\/vc_column_text][\/vc_column][\/vc_row][vc_row full_width=&#8221;stretch_row&#8221; css=&#8221;.vc_custom_1644400732020{padding-top: 40px !important;padding-bottom: 40px !important;background-color: #ffffff !important;}&#8221; el_id=&#8221;bloque_basica&#8221;][vc_column width=&#8221;2\/3&#8243;]<h3 class=\"sc_title sc_title_regular\" style=\"margin-top: 1.05em;margin-bottom: 0.35em;\">Daim\u00e9s<\/h3>[vc_column_text css=&#8221;.vc_custom_1527581343278{padding-bottom: 30px !important;}&#8221;]La pedania de Daim\u00e9s se situa al sud en el municipi d&#8217;Elx, contigua a les pedanies de la Marina, el Derramador, Algor\u00f3s, Atzavares Baix, la Foia i el municipi de Santa Pola. T\u00e9 una superf\u00edcie de 14,78 Km\u00b2 i una poblaci\u00f3 de 1.328 habitants el 2018. Per tant, la seua densitat \u00e9s de 90 hab\/ Km\u00b2.<\/p>\n<p>Aquesta pedania manca de nucli urb\u00e0 i la seua poblaci\u00f3 hi resideix de forma dispersa tot i que compta amb una urbanitzaci\u00f3 denominada Santa Fe, part de la qual es troba a la Foia.<\/p>\n<p>La carretera de Dolors la travessa de nord a sud.<\/p>\n<p>Daim\u00e9s \u00e9s eminentment agr\u00edcola i, encara que existisquen habitatges de segona resid\u00e8ncia, \u00e9s una de les pedanies on hi ha m\u00e9s cases habitades per fam\u00edlies d&#8217;agricultors que es dediquen al cultiu de la terra. Les seues terres s\u00f3n f\u00e8rtils i productives, amb cultius arboris i hort\u00edcoles als quals se&#8217;ls sumen molts horts de palmeres i palmeres disseminades.<\/p>\n<p>Al sud de les pedanies de Daim\u00e9s i el Derramador, pr\u00f2xim a la Serra del Molar i el Parc Natural del Fondo, es troba l&#8217;aiguamoll dels Carrissars, on la Comunitat de Regants de Carrissars ha creat el Parc Natural Agrari dels Carrissars, on es cultiven els productes m\u00e9s t\u00edpics i reconeguts del Camp d\u2019Elx com s\u00f3n la magrana mollar i el mel\u00f3 de Carrissars.<\/p>\n<p>Les festes patronals de Daim\u00e9s s\u00f3n les de Sant Antoni de P\u00e0dua, que se celebren en el mes de juny i que comparteix amb la ve\u00efna pedania de la Foia.<\/p>\n<p>M\u00e9s informaci\u00f3 sobre la historia i les tradicions de la pedania: <a href=\"https:\/\/www.elche.es\/wp-content\/uploads\/2018\/05\/Daimes.pdf\" target=\"_blank\" rel=\"noopener\">fes clic aqu\u00ed<\/a>[\/vc_column_text]<div id=\"sc_team_1817028790_wrap\" class=\"sc_team_wrap\"><div id=\"sc_team_1817028790\" class=\"sc_team sc_team_style_team-2  sc_slider_nopagination sc_slider_nocontrols\" style=\"width:100%;\" data-interval=\"7906\" data-slides-min-width=\"250\">\t\t\t<div id=\"sc_team_1817028790_1\"\t\t\t\tclass=\"sc_team_item sc_team_item_1 odd first columns_wrap\"\n\t\t\t\t\t\t\t><div class=\"sc_team_item_avatar column-1_2\">\n\t\t\t\t\t<img loading=\"lazy\" decoding=\"async\" class=\"wp-post-image\" width=\"370\" height=\"370\" alt=\"Javier Pi\u00f1ol Oliva\" src=\"https:\/\/www.elche.es\/wp-content\/uploads\/2024\/05\/Daimes-Javier-Antonio-Pinol-2-scaled-370x370.jpg\">\t\t\t<\/div><div class=\"sc_team_item_info column-1_2\">\n                    <div class=\"sc_team_item_position\">Alcalde pedani Daim\u00e9s<\/div>\n                    <h5 class=\"sc_team_item_title\"><a href=\"https:\/\/www.elche.es\/va\/team\/javier-pinol-oliva\/\">Javier Pi\u00f1ol Oliva<\/a><\/h5>\n\t\t\t\t<div class=\"sc_team_item_description\">674659809<br \/>\r\njapinol@elche.es<\/div>\n\t\t\t\t\t\t\t<\/div><\/div>\n\t\t<\/div><!-- \/.sc_team --><\/div><!-- \/.sc_team_wrap -->[vc_empty_space][\/vc_column][vc_column width=&#8221;1\/3&#8243;][vc_row_inner css=&#8221;.vc_custom_1526543616570{padding-bottom: 117px !important;}&#8221;][vc_column_inner][sbs_wpb_openstreetmap map_style=&#8221;OpenStreetMap.DE&#8221; external_link_openstreetmap=&#8221;&#8221; map_height=&#8221;100&#8243; ctrl_mouse_zoom=&#8221;true&#8221; latitude=&#8221;38.192999&#8243; longitude=&#8221;-0.692501&#8243;][sbs_wpb_marker marker_source=&#8221;coordinates&#8221; marker_color=&#8221;red&#8221; marker_latitude=&#8221;38.192999&#8243; marker_longitude=&#8221;-0.692501&#8243;][\/sbs_wpb_marker][\/sbs_wpb_openstreetmap][\/vc_column_inner][\/vc_row_inner][\/vc_column][\/vc_row][vc_row full_width=&#8221;stretch_row&#8221; css=&#8221;.vc_custom_1526557035024{padding-top: 50px !important;padding-bottom: 40px !important;background-image: url(https:\/\/www.elche.es\/wp-content\/uploads\/2016\/07\/palmeral.png?id=1044) !important;}&#8221;][vc_column]<h3 class=\"sc_title sc_title_regular sc_align_center margin_top_tiny\" style=\"text-align:center;\"><span style=\"color: #ffffff;\">Enlla\u00e7os\u00a0<\/span><\/h3><div id=\"sc_section_444085999\" class=\"sc_section column-1_1\"><div class=\"sc_section_inner sc_scroll_controls sc_scroll_controls_horizontal sc_scroll_controls_type_side\"><div id=\"sc_section_444085999_scroll\" class=\"sc_scroll sc_scroll_horizontal swiper-slider-container scroll-container\" style=\"\"><div class=\"sc_scroll_wrapper swiper-wrapper\"><div class=\"sc_scroll_slide swiper-slide\"><div class=\"columns_wrap sc_columns columns_nofluid sc_columns_count_3\"><div class=\"column-1_3 sc_column_item sc_column_item_1 odd first\">\r\n        <div id=\"enlacesInteresantes\">\r\n            <div class=\"post_item post_item_opportuniti post_item_opportuniti_3 post_format_standard odd\">\r\n               <div class=\"post_featured\">\r\n                  <div class=\"post_thumb\">\r\n                     <a class=\"hover_icon hover_icon_link\"  href=\"https:\/\/www.elche.es\/va\/festes\/festes-del-camp-delx\/\"><img loading=\"lazy\" decoding=\"async\" class=\"wp-post-image\" width=\"740\" height=\"584\" src=\"https:\/\/www.elche.es\/wp-content\/uploads\/2018\/05\/Fiestas-del-camp-delx.jpg\"><\/a> \r\n                  <\/div>\r\n               <\/div>\r\n               <div class=\"post_content isotope_item_content\">\r\n                  <h4 class=\"post_title\"><a  href=\"https:\/\/www.elche.es\/va\/festes\/festes-del-camp-delx\/\">Festes de les pedanies d'Elx<\/a><\/h4>\r\n                  <div class=\"post_descr\">\r\n                     <p> <a style=\"color: white;\" href=\"https:\/\/www.elche.es\/va\/festes\/festes-del-camp-delx\/\">Festes<\/a><\/p>\r\n                  <\/div>\r\n               <\/div>\r\n            <\/div>\r\n       <\/div><\/div><div class=\"column-1_3 sc_column_item sc_column_item_2 even\">\r\n        <div id=\"enlacesInteresantes\">\r\n            <div class=\"post_item post_item_opportuniti post_item_opportuniti_3 post_format_standard odd\">\r\n               <div class=\"post_featured\">\r\n                  <div class=\"post_thumb\">\r\n                     <a class=\"hover_icon hover_icon_link\"  href=\"https:\/\/www.elche.es\/va\/las-pedanias-de-elche\/serveis-municipals-pedanies\/\"><img loading=\"lazy\" decoding=\"async\" class=\"wp-post-image\" width=\"740\" height=\"584\" src=\"https:\/\/www.elche.es\/wp-content\/uploads\/2018\/05\/servicios.jpg\"><\/a> \r\n                  <\/div>\r\n               <\/div>\r\n               <div class=\"post_content isotope_item_content\">\r\n                  <h4 class=\"post_title\"><a  href=\"https:\/\/www.elche.es\/va\/las-pedanias-de-elche\/serveis-municipals-pedanies\/\">Directori de serveis en les pedanies d'Elx<\/a><\/h4>\r\n                  <div class=\"post_descr\">\r\n                     <p> <a style=\"color: white;\" href=\"https:\/\/www.elche.es\/va\/las-pedanias-de-elche\/serveis-municipals-pedanies\/\">Serveis municipals<\/a><\/p>\r\n                  <\/div>\r\n               <\/div>\r\n            <\/div>\r\n       <\/div><\/div><div class=\"column-1_3 sc_column_item sc_column_item_3 odd\">\r\n        <div id=\"enlacesInteresantes\">\r\n            <div class=\"post_item post_item_opportuniti post_item_opportuniti_3 post_format_standard odd\">\r\n               <div class=\"post_featured\">\r\n                  <div class=\"post_thumb\">\r\n                     <a class=\"hover_icon hover_icon_link\"  href=\"https:\/\/www.elche.es\/va\/las-pedanias-de-elche\/estadistiques-pedanies\/\"><img loading=\"lazy\" decoding=\"async\" class=\"wp-post-image\" width=\"740\" height=\"584\" src=\"https:\/\/www.elche.es\/wp-content\/uploads\/2018\/05\/datos-socioecon\u00f3micos.jpg\"><\/a> \r\n                  <\/div>\r\n               <\/div>\r\n               <div class=\"post_content isotope_item_content\">\r\n                  <h4 class=\"post_title\"><a  href=\"https:\/\/www.elche.es\/va\/las-pedanias-de-elche\/estadistiques-pedanies\/\">Estad\u00edstiques i documentaci\u00f3 sobre les pedanies<\/a><\/h4>\r\n                  <div class=\"post_descr\">\r\n                     <p> <a style=\"color: white;\" href=\"https:\/\/www.elche.es\/va\/las-pedanias-de-elche\/estadistiques-pedanies\/\">Informaci\u00f3 socioecon\u00f2mica<\/a><\/p>\r\n                  <\/div>\r\n               <\/div>\r\n            <\/div>\r\n       <\/div><\/div><\/div><\/div><\/div><div id=\"sc_section_444085999_scroll_bar\" class=\"sc_scroll_bar sc_scroll_bar_horizontal sc_section_444085999_scroll_bar\"><\/div><\/div><div class=\"sc_scroll_controls_wrap\"><a class=\"sc_scroll_prev\" href=\"#\"><\/a><a class=\"sc_scroll_next\" href=\"#\"><\/a><\/div><\/div><\/div>[\/vc_column][\/vc_row]<\/p>\n<\/div>","protected":false},"excerpt":{"rendered":"<p>[vc_row full_width=&#8221;stretch_row&#8221; css=&#8221;.vc_custom_1527164470308{padding-top: 120px !important;padding-right: 120px !important;padding-bottom: 270px !important;padding-left: 120px !important;background-image: url(https:\/\/www.elche.es\/wp-content\/uploads\/2018\/05\/daim\u00e9s.jpg?id=60426) !important;background-position: center !important;background-repeat: no-repeat !important;background-size: cover !important;}&#8221; el_id=&#8221;bloque_titulo&#8221;][vc_column][vc_custom_heading text=&#8221;Daim\u00e9s&#8221; font_container=&#8221;tag:h2|text_align:center|color:%23ffffff&#8221; google_fonts=&#8221;font_family:Ubuntu%3A300%2C300italic%2Cregular%2Citalic%2C500%2C500italic%2C700%2C700italic|font_style:700%20bold%20regular%3A700%3Anormal&#8221; css=&#8221;.vc_custom_1527164292634{padding-top: 80px !important;}&#8221; el_class=&#8221;sombraTitulo&#8221;][\/vc_column][\/vc_row][vc_row full_width=&#8221;stretch_row&#8221; css=&#8221;.vc_custom_1475484188729{background-color: #dddde0 [&hellip;]<\/p>\n","protected":false},"author":131,"featured_media":0,"parent":123787,"menu_order":0,"comment_status":"closed","ping_status":"closed","template":"","meta":{"footnotes":""},"class_list":["post-80042","page","type-page","status-publish","hentry"],"_links":{"self":[{"href":"https:\/\/www.elche.es\/va\/wp-json\/wp\/v2\/pages\/80042","targetHints":{"allow":["GET"]}}],"collection":[{"href":"https:\/\/www.elche.es\/va\/wp-json\/wp\/v2\/pages"}],"about":[{"href":"https:\/\/www.elche.es\/va\/wp-json\/wp\/v2\/types\/page"}],"author":[{"embeddable":true,"href":"https:\/\/www.elche.es\/va\/wp-json\/wp\/v2\/users\/131"}],"replies":[{"embeddable":true,"href":"https:\/\/www.elche.es\/va\/wp-json\/wp\/v2\/comments?post=80042"}],"version-history":[{"count":2,"href":"https:\/\/www.elche.es\/va\/wp-json\/wp\/v2\/pages\/80042\/revisions"}],"predecessor-version":[{"id":303304,"href":"https:\/\/www.elche.es\/va\/wp-json\/wp\/v2\/pages\/80042\/revisions\/303304"}],"up":[{"embeddable":true,"href":"https:\/\/www.elche.es\/va\/wp-json\/wp\/v2\/pages\/123787"}],"wp:attachment":[{"href":"https:\/\/www.elche.es\/va\/wp-json\/wp\/v2\/media?parent=80042"}],"curies":[{"name":"wp","href":"https:\/\/api.w.org\/{rel}","templated":true}]}}

Daimés

<div class="wpb-content-wrapper"><p>[vc_row full_width=&#8221;stretch_row&#8221; css=&#8221;.vc_custom_1527164470308{padding-top: 120px !important;padding-right: 120px !important;padding-bottom: 270px !important;padding-left: 120px !important;background-image: url(https://www.elche.es/wp-content/uploads/2018/05/daimés.jpg?id=60426) !important;background-position: center !important;background-repeat: no-repeat !important;background-size: cover !important;}&#8221; el_id=&#8221;bloque_titulo&#8221;][vc_column][vc_custom_heading text=&#8221;Daimés&#8221; font_container=&#8221;tag:h2|text_align:center|color:%23ffffff&#8221; google_fonts=&#8221;font_family:Ubuntu%3A300%2C300italic%2Cregular%2Citalic%2C500%2C500italic%2C700%2C700italic|font_style:700%20bold%20regular%3A700%3Anormal&#8221; css=&#8221;.vc_custom_1527164292634{padding-top: 80px !important;}&#8221; el_class=&#8221;sombraTitulo&#8221;][/vc_column][/vc_row][vc_row full_width=&#8221;stretch_row&#8221; css=&#8221;.vc_custom_1475484188729{background-color: #dddde0 !important;}&#8221;][vc_column][vc_column_text]<nav aria-label="breadcrumbs">
            <div class="breadcrumb-container theme1">
                <ol>
                                    </ol>
            </div>
        </nav>    <script type="application/ld+json">
        {
            "@context": "http://schema.org",
            "@type": "BreadcrumbList",
            "itemListElement": [
                            ]
        }
    </script>
    <style type="text/css">
        .breadcrumb-container {
            font-size: 13px;
        }

        .breadcrumb-container ul {
            margin: 0;
            padding: 0;
        }

        .breadcrumb-container li {
            box-sizing: unset;
            display: inline-block;
            margin: 0;
            padding: 0;
        }

        .breadcrumb-container li a {
            box-sizing: unset;
            padding: 0 10px;
        }

        .breadcrumb-container {
            font-size: 3 !important;
                    }

        .breadcrumb-container li a {
            color: #0a0a0a !important;
            font-size: 3 !important;
            line-height: 3 !important;
                    }

        .breadcrumb-container li .separator {
            font-size: 3 !important;
                    }

        .breadcrumb-container li:last-child .separator {
            display: none;
        }
    </style>
    <style type="text/css">
        .breadcrumb-container.theme1 li {
            margin: 0;
            padding: 0;
        }
        .breadcrumb-container.theme1 a {
            background: ;
            display: inline-block;
            margin: 0 5px;
            padding: 5px 10px;
            text-decoration: none;
        }
    </style>
        <style type="text/css">
            </style>
    <script>
            </script>
[/vc_column_text][/vc_column][/vc_row][vc_row full_width=&#8221;stretch_row&#8221; css=&#8221;.vc_custom_1644400732020{padding-top: 40px !important;padding-bottom: 40px !important;background-color: #ffffff !important;}&#8221; el_id=&#8221;bloque_basica&#8221;][vc_column width=&#8221;2/3&#8243;]<h3 class="sc_title sc_title_regular" style="margin-top: 1.05em;margin-bottom: 0.35em;">Daimés</h3>[vc_column_text css=&#8221;.vc_custom_1527581343278{padding-bottom: 30px !important;}&#8221;]La pedania de Daimés se situa al sud en el municipi d&#8217;Elx, contigua a les pedanies de la Marina, el Derramador, Algorós, Atzavares Baix, la Foia i el municipi de Santa Pola. Té una superfície de 14,78 Km² i una població de 1.328 habitants el 2018. Per tant, la seua densitat és de 90 hab/ Km².</p>
<p>Aquesta pedania manca de nucli urbà i la seua població hi resideix de forma dispersa tot i que compta amb una urbanització denominada Santa Fe, part de la qual es troba a la Foia.</p>
<p>La carretera de Dolors la travessa de nord a sud.</p>
<p>Daimés és eminentment agrícola i, encara que existisquen habitatges de segona residència, és una de les pedanies on hi ha més cases habitades per famílies d&#8217;agricultors que es dediquen al cultiu de la terra. Les seues terres són fèrtils i productives, amb cultius arboris i hortícoles als quals se&#8217;ls sumen molts horts de palmeres i palmeres disseminades.</p>
<p>Al sud de les pedanies de Daimés i el Derramador, pròxim a la Serra del Molar i el Parc Natural del Fondo, es troba l&#8217;aiguamoll dels Carrissars, on la Comunitat de Regants de Carrissars ha creat el Parc Natural Agrari dels Carrissars, on es cultiven els productes més típics i reconeguts del Camp d’Elx com són la magrana mollar i el meló de Carrissars.</p>
<p>Les festes patronals de Daimés són les de Sant Antoni de Pàdua, que se celebren en el mes de juny i que comparteix amb la veïna pedania de la Foia.</p>
<p>Més informació sobre la historia i les tradicions de la pedania: <a href="https://www.elche.es/wp-content/uploads/2018/05/Daimes.pdf" target="_blank" rel="noopener">fes clic aquí</a>[/vc_column_text]<div id="sc_team_1817028790_wrap" class="sc_team_wrap"><div id="sc_team_1817028790" class="sc_team sc_team_style_team-2  sc_slider_nopagination sc_slider_nocontrols" style="width:100%;" data-interval="7906" data-slides-min-width="250">			<div id="sc_team_1817028790_1"				class="sc_team_item sc_team_item_1 odd first columns_wrap"
							><div class="sc_team_item_avatar column-1_2">
					<img loading="lazy" decoding="async" class="wp-post-image" width="370" height="370" alt="Javier Piñol Oliva" src="https://www.elche.es/wp-content/uploads/2024/05/Daimes-Javier-Antonio-Pinol-2-scaled-370x370.jpg">			</div><div class="sc_team_item_info column-1_2">
                    <div class="sc_team_item_position">Alcalde pedani Daimés</div>
                    <h5 class="sc_team_item_title"><a href="https://www.elche.es/va/team/javier-pinol-oliva/">Javier Piñol Oliva</a></h5>
				<div class="sc_team_item_description">674659809<br />
japinol@elche.es</div>
							</div></div>
		</div><!-- /.sc_team --></div><!-- /.sc_team_wrap -->[vc_empty_space][/vc_column][vc_column width=&#8221;1/3&#8243;][vc_row_inner css=&#8221;.vc_custom_1526543616570{padding-bottom: 117px !important;}&#8221;][vc_column_inner][sbs_wpb_openstreetmap map_style=&#8221;OpenStreetMap.DE&#8221; external_link_openstreetmap=&#8221;&#8221; map_height=&#8221;100&#8243; ctrl_mouse_zoom=&#8221;true&#8221; latitude=&#8221;38.192999&#8243; longitude=&#8221;-0.692501&#8243;][sbs_wpb_marker marker_source=&#8221;coordinates&#8221; marker_color=&#8221;red&#8221; marker_latitude=&#8221;38.192999&#8243; marker_longitude=&#8221;-0.692501&#8243;][/sbs_wpb_marker][/sbs_wpb_openstreetmap][/vc_column_inner][/vc_row_inner][/vc_column][/vc_row][vc_row full_width=&#8221;stretch_row&#8221; css=&#8221;.vc_custom_1526557035024{padding-top: 50px !important;padding-bottom: 40px !important;background-image: url(https://www.elche.es/wp-content/uploads/2016/07/palmeral.png?id=1044) !important;}&#8221;][vc_column]<h3 class="sc_title sc_title_regular sc_align_center margin_top_tiny" style="text-align:center;"><span style="color: #ffffff;">Enllaços </span></h3><div id="sc_section_444085999" class="sc_section column-1_1"><div class="sc_section_inner sc_scroll_controls sc_scroll_controls_horizontal sc_scroll_controls_type_side"><div id="sc_section_444085999_scroll" class="sc_scroll sc_scroll_horizontal swiper-slider-container scroll-container" style=""><div class="sc_scroll_wrapper swiper-wrapper"><div class="sc_scroll_slide swiper-slide"><div class="columns_wrap sc_columns columns_nofluid sc_columns_count_3"><div class="column-1_3 sc_column_item sc_column_item_1 odd first">
        <div id="enlacesInteresantes">
            <div class="post_item post_item_opportuniti post_item_opportuniti_3 post_format_standard odd">
               <div class="post_featured">
                  <div class="post_thumb">
                     <a class="hover_icon hover_icon_link"  href="https://www.elche.es/va/festes/festes-del-camp-delx/"><img loading="lazy" decoding="async" class="wp-post-image" width="740" height="584" src="https://www.elche.es/wp-content/uploads/2018/05/Fiestas-del-camp-delx.jpg"></a> 
                  </div>
               </div>
               <div class="post_content isotope_item_content">
                  <h4 class="post_title"><a  href="https://www.elche.es/va/festes/festes-del-camp-delx/">Festes de les pedanies d'Elx</a></h4>
                  <div class="post_descr">
                     <p> <a style="color: white;" href="https://www.elche.es/va/festes/festes-del-camp-delx/">Festes</a></p>
                  </div>
               </div>
            </div>
       </div></div><div class="column-1_3 sc_column_item sc_column_item_2 even">
        <div id="enlacesInteresantes">
            <div class="post_item post_item_opportuniti post_item_opportuniti_3 post_format_standard odd">
               <div class="post_featured">
                  <div class="post_thumb">
                     <a class="hover_icon hover_icon_link"  href="https://www.elche.es/va/las-pedanias-de-elche/serveis-municipals-pedanies/"><img loading="lazy" decoding="async" class="wp-post-image" width="740" height="584" src="https://www.elche.es/wp-content/uploads/2018/05/servicios.jpg"></a> 
                  </div>
               </div>
               <div class="post_content isotope_item_content">
                  <h4 class="post_title"><a  href="https://www.elche.es/va/las-pedanias-de-elche/serveis-municipals-pedanies/">Directori de serveis en les pedanies d'Elx</a></h4>
                  <div class="post_descr">
                     <p> <a style="color: white;" href="https://www.elche.es/va/las-pedanias-de-elche/serveis-municipals-pedanies/">Serveis municipals</a></p>
                  </div>
               </div>
            </div>
       </div></div><div class="column-1_3 sc_column_item sc_column_item_3 odd">
        <div id="enlacesInteresantes">
            <div class="post_item post_item_opportuniti post_item_opportuniti_3 post_format_standard odd">
               <div class="post_featured">
                  <div class="post_thumb">
                     <a class="hover_icon hover_icon_link"  href="https://www.elche.es/va/las-pedanias-de-elche/estadistiques-pedanies/"><img loading="lazy" decoding="async" class="wp-post-image" width="740" height="584" src="https://www.elche.es/wp-content/uploads/2018/05/datos-socioeconómicos.jpg"></a> 
                  </div>
               </div>
               <div class="post_content isotope_item_content">
                  <h4 class="post_title"><a  href="https://www.elche.es/va/las-pedanias-de-elche/estadistiques-pedanies/">Estadístiques i documentació sobre les pedanies</a></h4>
                  <div class="post_descr">
                     <p> <a style="color: white;" href="https://www.elche.es/va/las-pedanias-de-elche/estadistiques-pedanies/">Informació socioeconòmica</a></p>
                  </div>
               </div>
            </div>
       </div></div></div></div></div><div id="sc_section_444085999_scroll_bar" class="sc_scroll_bar sc_scroll_bar_horizontal sc_section_444085999_scroll_bar"></div></div><div class="sc_scroll_controls_wrap"><a class="sc_scroll_prev" href="#"></a><a class="sc_scroll_next" href="#"></a></div></div></div>[/vc_column][/vc_row]</p>
</div>

<p>[vc_row full_width=&#8221;stretch_row&#8221; css=&#8221;.vc_custom_1527164470308{padding-top: 120px !important;padding-right: 120px !important;padding-bottom: 270px !important;padding-left: 120px !important;background-image: url(https://www.elche.es/wp-content/uploads/2018/05/daimés.jpg?id=60426) !important;background-position: center !important;background-repeat: no-repeat !important;background-size: cover !important;}&#8221; el_id=&#8221;bloque_titulo&#8221;][vc_column][vc_custom_heading text=&#8221;Daimés&#8221; font_container=&#8221;tag:h2|text_align:center|color:%23ffffff&#8221; google_fonts=&#8221;font_family:Ubuntu%3A300%2C300italic%2Cregular%2Citalic%2C500%2C500italic%2C700%2C700italic|font_style:700%20bold%20regular%3A700%3Anormal&#8221; css=&#8221;.vc_custom_1527164292634{padding-top: 80px !important;}&#8221; el_class=&#8221;sombraTitulo&#8221;][/vc_column][/vc_row][vc_row full_width=&#8221;stretch_row&#8221; css=&#8221;.vc_custom_1475484188729{background-color: #dddde0 [&hellip;]</p>
