{"id":80050,"date":"2018-06-01T12:14:31","date_gmt":"2018-06-01T11:14:31","guid":{"rendered":"http:\/\/www.elche.es\/va\/les-arenals-del-sol\/"},"modified":"2024-06-17T12:03:04","modified_gmt":"2024-06-17T10:03:04","slug":"les-arenals-del-sol","status":"publish","type":"page","link":"https:\/\/www.elche.es\/va\/pedanias\/les-arenals-del-sol\/","title":{"rendered":"Els Arenals del Sol"},"content":{"rendered":"<div class=\"wpb-content-wrapper\"><p>[vc_row full_width=&#8221;stretch_row&#8221; css=&#8221;.vc_custom_1530515644667{padding-top: 120px !important;padding-right: 120px !important;padding-bottom: 270px !important;padding-left: 120px !important;background-image: url(https:\/\/www.elche.es\/wp-content\/uploads\/2018\/06\/Arenales-A1a.jpg?id=64212) !important;background-position: center !important;background-repeat: no-repeat !important;background-size: cover !important;}&#8221; el_id=&#8221;bloque_titulo&#8221;][vc_column][vc_custom_heading text=&#8221;Els Arenals del Sol&#8221; font_container=&#8221;tag:h2|text_align:center|color:%23ffffff&#8221; google_fonts=&#8221;font_family:Ubuntu%3A300%2C300italic%2Cregular%2Citalic%2C500%2C500italic%2C700%2C700italic|font_style:700%20bold%20regular%3A700%3Anormal&#8221; css=&#8221;.vc_custom_1527852488318{padding-top: 80px !important;}&#8221; el_class=&#8221;sombraTitulo&#8221;][\/vc_column][\/vc_row][vc_row full_width=&#8221;stretch_row&#8221; css=&#8221;.vc_custom_1475484188729{background-color: #dddde0 !important;}&#8221;][vc_column][vc_column_text]<nav aria-label=\"breadcrumbs\">\n            <div class=\"breadcrumb-container theme1\">\n                <ol>\n                                    <\/ol>\n            <\/div>\n        <\/nav>    <script type=\"application\/ld+json\">\n        {\n            \"@context\": \"http:\/\/schema.org\",\n            \"@type\": \"BreadcrumbList\",\n            \"itemListElement\": [\n                            ]\n        }\n    <\/script>\n    <style type=\"text\/css\">\n        .breadcrumb-container {\n            font-size: 13px;\n        }\n\n        .breadcrumb-container ul {\n            margin: 0;\n            padding: 0;\n        }\n\n        .breadcrumb-container li {\n            box-sizing: unset;\n            display: inline-block;\n            margin: 0;\n            padding: 0;\n        }\n\n        .breadcrumb-container li a {\n            box-sizing: unset;\n            padding: 0 10px;\n        }\n\n        .breadcrumb-container {\n            font-size: 3 !important;\n                    }\n\n        .breadcrumb-container li a {\n            color: #0a0a0a !important;\n            font-size: 3 !important;\n            line-height: 3 !important;\n                    }\n\n        .breadcrumb-container li .separator {\n            font-size: 3 !important;\n                    }\n\n        .breadcrumb-container li:last-child .separator {\n            display: none;\n        }\n    <\/style>\n    <style type=\"text\/css\">\n        .breadcrumb-container.theme1 li {\n            margin: 0;\n            padding: 0;\n        }\n        .breadcrumb-container.theme1 a {\n            background: ;\n            display: inline-block;\n            margin: 0 5px;\n            padding: 5px 10px;\n            text-decoration: none;\n        }\n    <\/style>\n        <style type=\"text\/css\">\n            <\/style>\n    <script>\n            <\/script>\n[\/vc_column_text][\/vc_column][\/vc_row][vc_row full_width=&#8221;stretch_row&#8221; css=&#8221;.vc_custom_1526542805591{padding-bottom: 40px !important;background-color: #ffffff !important;}&#8221; el_id=&#8221;bloque_basica&#8221;][vc_column width=&#8221;2\/3&#8243;]<h3 class=\"sc_title sc_title_regular\" style=\"margin-top: 1.05em;margin-bottom: 0.35em;\">Els Arenals del Sol<\/h3>[vc_column_text css=&#8221;.vc_custom_1649668416898{padding-bottom: 30px !important;}&#8221;]La pedania els Arenals del Sol, en castell\u00e0 Los Arenals del Sol, se situa a l&#8217;est del municipi d&#8217;Elx, contigua a les pedanies de l\u2019Altet i els Bassars i al mar Mediterrani.<\/p>\n<p>Els Arenals del Sol va ser inclosa com a entitat singular en l&#8217;\u00faltima modificaci\u00f3 del Nomenclator aprovat pel Ple de l&#8217;Ajuntament d&#8217;Elx de data 28\/05\/1990. \u00c9s, per tant, la m\u00e9s \u00abjove\u00bb de les pedanies. De fet, fins que no es va construir un hotel a principis dels anys seixanta del passat segle, era una platja completament verge amb un gran complex dunar. L&#8217;hotel va donar motiu a la urbanitzaci\u00f3 i construcci\u00f3 d&#8217;habitatges de segona resid\u00e8ncia. Amb els anys, els Arenals del Sol va passar a ser una de les destinacions d&#8217;estiueig de la poblaci\u00f3 il\u00b7licitana i de turistes d&#8217;altres or\u00edgens, encara que la meitat dels habitatges han sigut constru\u00efts en la primera d\u00e8cada del segle actual amb promocions en altura i gran nombre d&#8217;habitatges. En els \u00faltims anys, amb el comen\u00e7ament de la recuperaci\u00f3 de la construcci\u00f3, tamb\u00e9 \u00e9s una de les zones d&#8217;Elx amb major activitat edificat\u00f2ria.<\/p>\n<p>La pedania t\u00e9 tan sols una superf\u00edcie d&#8217;1,3 Km\u00b2 i una poblaci\u00f3 de 2.151 habitants el 2018, tot i que pel seu car\u00e0cter tur\u00edstic i de segona resid\u00e8ncia la seua poblaci\u00f3 flotant \u00e9s molt important sobretot en l&#8217;\u00e8poca estival. El seu cens de poblaci\u00f3 s&#8217;ha multiplicat per quatre des de meitat dels anys noranta del passat segle, ja que la proximitat a l&#8217;aeroport del l\u2019Altet i a les ciutats d&#8217;Elx i Alacant \u00e9s un atractiu per a la resid\u00e8ncia permanent, sense comptar amb els seus valors paisatg\u00edstics. La seua densitat, per tant, \u00e9s la m\u00e9s alta de totes les pedanies, 1.654,6 hab\/ Km\u00b2.<br \/>\nCom s&#8217;indica en Visitelche: \u00abAmb quasi tres quil\u00f2metres d&#8217;arena fina i blanca, la platja dels Arenals del Sol \u00e9s una de les m\u00e9s valorades de la costa alacantina, tant per la qualitat de les seues aig\u00fces com per la riquesa dels seus fons marins, aix\u00ed com per les seues dunes embrion\u00e0ries, m\u00f2bils, semifixes, fixes i, fins i tot, f\u00f2ssils. A m\u00e9s, est\u00e0 connectada amb el paratge natural del Clot de Galvany, un aiguamoll situat entre les zones urbanes dels Arenals del Sol i Gran Alacant (en el terme municipal de Santa Pola).\u00bb[\/vc_column_text]<div id=\"sc_team_1439749802_wrap\" class=\"sc_team_wrap\"><div id=\"sc_team_1439749802\" class=\"sc_team sc_team_style_team-2  sc_slider_nopagination sc_slider_nocontrols\" style=\"width:100%;\" data-interval=\"6452\" data-slides-min-width=\"250\"><\/div><!-- \/.sc_team --><\/div><!-- \/.sc_team_wrap -->[vc_empty_space][\/vc_column][vc_column width=&#8221;1\/3&#8243;][vc_row_inner css=&#8221;.vc_custom_1526543616570{padding-bottom: 117px !important;}&#8221;][vc_column_inner][sbs_wpb_openstreetmap map_style=&#8221;OpenStreetMap.DE&#8221; external_link_openstreetmap=&#8221;&#8221; map_height=&#8221;100&#8243; ctrl_mouse_zoom=&#8221;true&#8221; latitude=&#8221;38.253486&#8243; longitude=&#8221;-0.519970&#8243;][sbs_wpb_marker marker_source=&#8221;coordinates&#8221; marker_color=&#8221;red&#8221; marker_latitude=&#8221;38.253486&#8243; marker_longitude=&#8221;-0.519970&#8243;][\/sbs_wpb_marker][\/sbs_wpb_openstreetmap][\/vc_column_inner][\/vc_row_inner][\/vc_column][\/vc_row][vc_row full_width=&#8221;stretch_row&#8221; css=&#8221;.vc_custom_1526557035024{padding-top: 50px !important;padding-bottom: 40px !important;background-image: url(https:\/\/www.elche.es\/wp-content\/uploads\/2016\/07\/palmeral.png?id=1044) !important;}&#8221;][vc_column]<h3 class=\"sc_title sc_title_regular sc_align_center margin_top_tiny\" style=\"text-align:center;\"><span style=\"color: #ffffff;\">Enlla\u00e7os\u00a0<\/span><\/h3><div class=\"sc_section column-1_1\"><div class=\"sc_section_inner\"><div class=\"columns_wrap sc_columns columns_nofluid sc_columns_count_3\"><div class=\"column-1_3 sc_column_item sc_column_item_1 odd first\">\r\n        <div id=\"enlacesInteresantes\">\r\n            <div class=\"post_item post_item_opportuniti post_item_opportuniti_3 post_format_standard odd\">\r\n               <div class=\"post_featured\">\r\n                  <div class=\"post_thumb\">\r\n                     <a class=\"hover_icon hover_icon_link\"  href=\"https:\/\/www.elche.es\/va\/festes\/festes-del-camp-delx\/\"><img loading=\"lazy\" decoding=\"async\" class=\"wp-post-image\" width=\"740\" height=\"584\" src=\"https:\/\/www.elche.es\/wp-content\/uploads\/2018\/05\/Fiestas-del-camp-delx.jpg\"><\/a> \r\n                  <\/div>\r\n               <\/div>\r\n               <div class=\"post_content isotope_item_content\">\r\n                  <h4 class=\"post_title\"><a  href=\"https:\/\/www.elche.es\/va\/festes\/festes-del-camp-delx\/\">Festes de les pedanies d'Elx<\/a><\/h4>\r\n                  <div class=\"post_descr\">\r\n                     <p> <a style=\"color: white;\" href=\"https:\/\/www.elche.es\/va\/festes\/festes-del-camp-delx\/\">Festes<\/a><\/p>\r\n                  <\/div>\r\n               <\/div>\r\n            <\/div>\r\n       <\/div><\/div><div class=\"column-1_3 sc_column_item sc_column_item_2 even\">\r\n        <div id=\"enlacesInteresantes\">\r\n            <div class=\"post_item post_item_opportuniti post_item_opportuniti_3 post_format_standard odd\">\r\n               <div class=\"post_featured\">\r\n                  <div class=\"post_thumb\">\r\n                     <a class=\"hover_icon hover_icon_link\"  href=\"https:\/\/www.elche.es\/va\/las-pedanias-de-elche\/serveis-municipals-pedanies\/\"><img loading=\"lazy\" decoding=\"async\" class=\"wp-post-image\" width=\"740\" height=\"584\" src=\"https:\/\/www.elche.es\/wp-content\/uploads\/2018\/05\/servicios.jpg\"><\/a> \r\n                  <\/div>\r\n               <\/div>\r\n               <div class=\"post_content isotope_item_content\">\r\n                  <h4 class=\"post_title\"><a  href=\"https:\/\/www.elche.es\/va\/las-pedanias-de-elche\/serveis-municipals-pedanies\/\">Directori de serveis en les pedanies d'Elx<\/a><\/h4>\r\n                  <div class=\"post_descr\">\r\n                     <p> <a style=\"color: white;\" href=\"https:\/\/www.elche.es\/va\/las-pedanias-de-elche\/serveis-municipals-pedanies\/\">Serveis municipals<\/a><\/p>\r\n                  <\/div>\r\n               <\/div>\r\n            <\/div>\r\n       <\/div><\/div><div class=\"column-1_3 sc_column_item sc_column_item_3 odd\">\r\n        <div id=\"enlacesInteresantes\">\r\n            <div class=\"post_item post_item_opportuniti post_item_opportuniti_3 post_format_standard odd\">\r\n               <div class=\"post_featured\">\r\n                  <div class=\"post_thumb\">\r\n                     <a class=\"hover_icon hover_icon_link\"  href=\"https:\/\/www.elche.es\/va\/las-pedanias-de-elche\/estadistiques-pedanies\/\"><img loading=\"lazy\" decoding=\"async\" class=\"wp-post-image\" width=\"740\" height=\"584\" src=\"https:\/\/www.elche.es\/wp-content\/uploads\/2018\/05\/datos-socioecon\u00f3micos.jpg\"><\/a> \r\n                  <\/div>\r\n               <\/div>\r\n               <div class=\"post_content isotope_item_content\">\r\n                  <h4 class=\"post_title\"><a  href=\"https:\/\/www.elche.es\/va\/las-pedanias-de-elche\/estadistiques-pedanies\/\">Estad\u00edstiques i documentaci\u00f3 sobre les pedanies<\/a><\/h4>\r\n                  <div class=\"post_descr\">\r\n                     <p> <a style=\"color: white;\" href=\"https:\/\/www.elche.es\/va\/las-pedanias-de-elche\/estadistiques-pedanies\/\">Informaci\u00f3 socioecon\u00f2mica<\/a><\/p>\r\n                  <\/div>\r\n               <\/div>\r\n            <\/div>\r\n       <\/div><\/div><\/div><\/div><\/div>[\/vc_column][\/vc_row]<\/p>\n<\/div>","protected":false},"excerpt":{"rendered":"<p>[vc_row full_width=&#8221;stretch_row&#8221; css=&#8221;.vc_custom_1530515644667{padding-top: 120px !important;padding-right: 120px !important;padding-bottom: 270px !important;padding-left: 120px !important;background-image: url(https:\/\/www.elche.es\/wp-content\/uploads\/2018\/06\/Arenales-A1a.jpg?id=64212) !important;background-position: center !important;background-repeat: no-repeat !important;background-size: cover !important;}&#8221; el_id=&#8221;bloque_titulo&#8221;][vc_column][vc_custom_heading text=&#8221;Els Arenals del Sol&#8221; font_container=&#8221;tag:h2|text_align:center|color:%23ffffff&#8221; google_fonts=&#8221;font_family:Ubuntu%3A300%2C300italic%2Cregular%2Citalic%2C500%2C500italic%2C700%2C700italic|font_style:700%20bold%20regular%3A700%3Anormal&#8221; css=&#8221;.vc_custom_1527852488318{padding-top: 80px !important;}&#8221; el_class=&#8221;sombraTitulo&#8221;][\/vc_column][\/vc_row][vc_row [&hellip;]<\/p>\n","protected":false},"author":131,"featured_media":0,"parent":123787,"menu_order":0,"comment_status":"closed","ping_status":"closed","template":"","meta":{"footnotes":""},"class_list":["post-80050","page","type-page","status-publish","hentry"],"_links":{"self":[{"href":"https:\/\/www.elche.es\/va\/wp-json\/wp\/v2\/pages\/80050","targetHints":{"allow":["GET"]}}],"collection":[{"href":"https:\/\/www.elche.es\/va\/wp-json\/wp\/v2\/pages"}],"about":[{"href":"https:\/\/www.elche.es\/va\/wp-json\/wp\/v2\/types\/page"}],"author":[{"embeddable":true,"href":"https:\/\/www.elche.es\/va\/wp-json\/wp\/v2\/users\/131"}],"replies":[{"embeddable":true,"href":"https:\/\/www.elche.es\/va\/wp-json\/wp\/v2\/comments?post=80050"}],"version-history":[{"count":3,"href":"https:\/\/www.elche.es\/va\/wp-json\/wp\/v2\/pages\/80050\/revisions"}],"predecessor-version":[{"id":303347,"href":"https:\/\/www.elche.es\/va\/wp-json\/wp\/v2\/pages\/80050\/revisions\/303347"}],"up":[{"embeddable":true,"href":"https:\/\/www.elche.es\/va\/wp-json\/wp\/v2\/pages\/123787"}],"wp:attachment":[{"href":"https:\/\/www.elche.es\/va\/wp-json\/wp\/v2\/media?parent=80050"}],"curies":[{"name":"wp","href":"https:\/\/api.w.org\/{rel}","templated":true}]}}

<div class="wpb-content-wrapper"><p>[vc_row full_width=&#8221;stretch_row&#8221; css=&#8221;.vc_custom_1530515644667{padding-top: 120px !important;padding-right: 120px !important;padding-bottom: 270px !important;padding-left: 120px !important;background-image: url(https://www.elche.es/wp-content/uploads/2018/06/Arenales-A1a.jpg?id=64212) !important;background-position: center !important;background-repeat: no-repeat !important;background-size: cover !important;}&#8221; el_id=&#8221;bloque_titulo&#8221;][vc_column][vc_custom_heading text=&#8221;Els Arenals del Sol&#8221; font_container=&#8221;tag:h2|text_align:center|color:%23ffffff&#8221; google_fonts=&#8221;font_family:Ubuntu%3A300%2C300italic%2Cregular%2Citalic%2C500%2C500italic%2C700%2C700italic|font_style:700%20bold%20regular%3A700%3Anormal&#8221; css=&#8221;.vc_custom_1527852488318{padding-top: 80px !important;}&#8221; el_class=&#8221;sombraTitulo&#8221;][/vc_column][/vc_row][vc_row full_width=&#8221;stretch_row&#8221; css=&#8221;.vc_custom_1475484188729{background-color: #dddde0 !important;}&#8221;][vc_column][vc_column_text]<nav aria-label="breadcrumbs">
            <div class="breadcrumb-container theme1">
                <ol>
                                    </ol>
            </div>
        </nav>    <script type="application/ld+json">
        {
            "@context": "http://schema.org",
            "@type": "BreadcrumbList",
            "itemListElement": [
                            ]
        }
    </script>
    <style type="text/css">
        .breadcrumb-container {
            font-size: 13px;
        }

        .breadcrumb-container ul {
            margin: 0;
            padding: 0;
        }

        .breadcrumb-container li {
            box-sizing: unset;
            display: inline-block;
            margin: 0;
            padding: 0;
        }

        .breadcrumb-container li a {
            box-sizing: unset;
            padding: 0 10px;
        }

        .breadcrumb-container {
            font-size: 3 !important;
                    }

        .breadcrumb-container li a {
            color: #0a0a0a !important;
            font-size: 3 !important;
            line-height: 3 !important;
                    }

        .breadcrumb-container li .separator {
            font-size: 3 !important;
                    }

        .breadcrumb-container li:last-child .separator {
            display: none;
        }
    </style>
    <style type="text/css">
        .breadcrumb-container.theme1 li {
            margin: 0;
            padding: 0;
        }
        .breadcrumb-container.theme1 a {
            background: ;
            display: inline-block;
            margin: 0 5px;
            padding: 5px 10px;
            text-decoration: none;
        }
    </style>
        <style type="text/css">
            </style>
    <script>
            </script>
[/vc_column_text][/vc_column][/vc_row][vc_row full_width=&#8221;stretch_row&#8221; css=&#8221;.vc_custom_1526542805591{padding-bottom: 40px !important;background-color: #ffffff !important;}&#8221; el_id=&#8221;bloque_basica&#8221;][vc_column width=&#8221;2/3&#8243;]<h3 class="sc_title sc_title_regular" style="margin-top: 1.05em;margin-bottom: 0.35em;">Els Arenals del Sol</h3>[vc_column_text css=&#8221;.vc_custom_1649668416898{padding-bottom: 30px !important;}&#8221;]La pedania els Arenals del Sol, en castellà Los Arenals del Sol, se situa a l&#8217;est del municipi d&#8217;Elx, contigua a les pedanies de l’Altet i els Bassars i al mar Mediterrani.</p>
<p>Els Arenals del Sol va ser inclosa com a entitat singular en l&#8217;última modificació del Nomenclator aprovat pel Ple de l&#8217;Ajuntament d&#8217;Elx de data 28/05/1990. És, per tant, la més «jove» de les pedanies. De fet, fins que no es va construir un hotel a principis dels anys seixanta del passat segle, era una platja completament verge amb un gran complex dunar. L&#8217;hotel va donar motiu a la urbanització i construcció d&#8217;habitatges de segona residència. Amb els anys, els Arenals del Sol va passar a ser una de les destinacions d&#8217;estiueig de la població il·licitana i de turistes d&#8217;altres orígens, encara que la meitat dels habitatges han sigut construïts en la primera dècada del segle actual amb promocions en altura i gran nombre d&#8217;habitatges. En els últims anys, amb el començament de la recuperació de la construcció, també és una de les zones d&#8217;Elx amb major activitat edificatòria.</p>
<p>La pedania té tan sols una superfície d&#8217;1,3 Km² i una població de 2.151 habitants el 2018, tot i que pel seu caràcter turístic i de segona residència la seua població flotant és molt important sobretot en l&#8217;època estival. El seu cens de població s&#8217;ha multiplicat per quatre des de meitat dels anys noranta del passat segle, ja que la proximitat a l&#8217;aeroport del l’Altet i a les ciutats d&#8217;Elx i Alacant és un atractiu per a la residència permanent, sense comptar amb els seus valors paisatgístics. La seua densitat, per tant, és la més alta de totes les pedanies, 1.654,6 hab/ Km².<br />
Com s&#8217;indica en Visitelche: «Amb quasi tres quilòmetres d&#8217;arena fina i blanca, la platja dels Arenals del Sol és una de les més valorades de la costa alacantina, tant per la qualitat de les seues aigües com per la riquesa dels seus fons marins, així com per les seues dunes embrionàries, mòbils, semifixes, fixes i, fins i tot, fòssils. A més, està connectada amb el paratge natural del Clot de Galvany, un aiguamoll situat entre les zones urbanes dels Arenals del Sol i Gran Alacant (en el terme municipal de Santa Pola).»[/vc_column_text]<div id="sc_team_1439749802_wrap" class="sc_team_wrap"><div id="sc_team_1439749802" class="sc_team sc_team_style_team-2  sc_slider_nopagination sc_slider_nocontrols" style="width:100%;" data-interval="6452" data-slides-min-width="250"></div><!-- /.sc_team --></div><!-- /.sc_team_wrap -->[vc_empty_space][/vc_column][vc_column width=&#8221;1/3&#8243;][vc_row_inner css=&#8221;.vc_custom_1526543616570{padding-bottom: 117px !important;}&#8221;][vc_column_inner][sbs_wpb_openstreetmap map_style=&#8221;OpenStreetMap.DE&#8221; external_link_openstreetmap=&#8221;&#8221; map_height=&#8221;100&#8243; ctrl_mouse_zoom=&#8221;true&#8221; latitude=&#8221;38.253486&#8243; longitude=&#8221;-0.519970&#8243;][sbs_wpb_marker marker_source=&#8221;coordinates&#8221; marker_color=&#8221;red&#8221; marker_latitude=&#8221;38.253486&#8243; marker_longitude=&#8221;-0.519970&#8243;][/sbs_wpb_marker][/sbs_wpb_openstreetmap][/vc_column_inner][/vc_row_inner][/vc_column][/vc_row][vc_row full_width=&#8221;stretch_row&#8221; css=&#8221;.vc_custom_1526557035024{padding-top: 50px !important;padding-bottom: 40px !important;background-image: url(https://www.elche.es/wp-content/uploads/2016/07/palmeral.png?id=1044) !important;}&#8221;][vc_column]<h3 class="sc_title sc_title_regular sc_align_center margin_top_tiny" style="text-align:center;"><span style="color: #ffffff;">Enllaços </span></h3><div class="sc_section column-1_1"><div class="sc_section_inner"><div class="columns_wrap sc_columns columns_nofluid sc_columns_count_3"><div class="column-1_3 sc_column_item sc_column_item_1 odd first">
        <div id="enlacesInteresantes">
            <div class="post_item post_item_opportuniti post_item_opportuniti_3 post_format_standard odd">
               <div class="post_featured">
                  <div class="post_thumb">
                     <a class="hover_icon hover_icon_link"  href="https://www.elche.es/va/festes/festes-del-camp-delx/"><img loading="lazy" decoding="async" class="wp-post-image" width="740" height="584" src="https://www.elche.es/wp-content/uploads/2018/05/Fiestas-del-camp-delx.jpg"></a> 
                  </div>
               </div>
               <div class="post_content isotope_item_content">
                  <h4 class="post_title"><a  href="https://www.elche.es/va/festes/festes-del-camp-delx/">Festes de les pedanies d'Elx</a></h4>
                  <div class="post_descr">
                     <p> <a style="color: white;" href="https://www.elche.es/va/festes/festes-del-camp-delx/">Festes</a></p>
                  </div>
               </div>
            </div>
       </div></div><div class="column-1_3 sc_column_item sc_column_item_2 even">
        <div id="enlacesInteresantes">
            <div class="post_item post_item_opportuniti post_item_opportuniti_3 post_format_standard odd">
               <div class="post_featured">
                  <div class="post_thumb">
                     <a class="hover_icon hover_icon_link"  href="https://www.elche.es/va/las-pedanias-de-elche/serveis-municipals-pedanies/"><img loading="lazy" decoding="async" class="wp-post-image" width="740" height="584" src="https://www.elche.es/wp-content/uploads/2018/05/servicios.jpg"></a> 
                  </div>
               </div>
               <div class="post_content isotope_item_content">
                  <h4 class="post_title"><a  href="https://www.elche.es/va/las-pedanias-de-elche/serveis-municipals-pedanies/">Directori de serveis en les pedanies d'Elx</a></h4>
                  <div class="post_descr">
                     <p> <a style="color: white;" href="https://www.elche.es/va/las-pedanias-de-elche/serveis-municipals-pedanies/">Serveis municipals</a></p>
                  </div>
               </div>
            </div>
       </div></div><div class="column-1_3 sc_column_item sc_column_item_3 odd">
        <div id="enlacesInteresantes">
            <div class="post_item post_item_opportuniti post_item_opportuniti_3 post_format_standard odd">
               <div class="post_featured">
                  <div class="post_thumb">
                     <a class="hover_icon hover_icon_link"  href="https://www.elche.es/va/las-pedanias-de-elche/estadistiques-pedanies/"><img loading="lazy" decoding="async" class="wp-post-image" width="740" height="584" src="https://www.elche.es/wp-content/uploads/2018/05/datos-socioeconómicos.jpg"></a> 
                  </div>
               </div>
               <div class="post_content isotope_item_content">
                  <h4 class="post_title"><a  href="https://www.elche.es/va/las-pedanias-de-elche/estadistiques-pedanies/">Estadístiques i documentació sobre les pedanies</a></h4>
                  <div class="post_descr">
                     <p> <a style="color: white;" href="https://www.elche.es/va/las-pedanias-de-elche/estadistiques-pedanies/">Informació socioeconòmica</a></p>
                  </div>
               </div>
            </div>
       </div></div></div></div></div>[/vc_column][/vc_row]</p>
</div>
