{"id":80054,"date":"2018-05-24T12:58:02","date_gmt":"2018-05-24T11:58:02","guid":{"rendered":"http:\/\/www.elche.es\/va\/la-foia\/"},"modified":"2024-04-16T13:21:00","modified_gmt":"2024-04-16T11:21:00","slug":"la-foia","status":"publish","type":"page","link":"https:\/\/www.elche.es\/va\/pedanias\/la-foia\/","title":{"rendered":"La Foia"},"content":{"rendered":"<div class=\"wpb-content-wrapper\"><p>[vc_row full_width=&#8221;stretch_row&#8221; css=&#8221;.vc_custom_1530514607444{padding-top: 120px !important;padding-right: 120px !important;padding-bottom: 270px !important;padding-left: 120px !important;background-image: url(https:\/\/www.elche.es\/wp-content\/uploads\/2018\/05\/La-Foia6amplia.jpg?id=64204) !important;background-position: center !important;background-repeat: no-repeat !important;background-size: cover !important;}&#8221; el_id=&#8221;bloque_titulo&#8221;][vc_column][vc_custom_heading text=&#8221;La Foia&#8221; font_container=&#8221;tag:h2|text_align:center|color:%23ffffff&#8221; google_fonts=&#8221;font_family:Ubuntu%3A300%2C300italic%2Cregular%2Citalic%2C500%2C500italic%2C700%2C700italic|font_style:700%20bold%20regular%3A700%3Anormal&#8221; css=&#8221;.vc_custom_1527162772749{padding-top: 80px !important;}&#8221; el_class=&#8221;sombraTitulo&#8221;][\/vc_column][\/vc_row][vc_row full_width=&#8221;stretch_row&#8221; css=&#8221;.vc_custom_1475484188729{background-color: #dddde0 !important;}&#8221;][vc_column][vc_column_text]<nav aria-label=\"breadcrumbs\">\n            <div class=\"breadcrumb-container theme1\">\n                <ol>\n                                    <\/ol>\n            <\/div>\n        <\/nav>    <script type=\"application\/ld+json\">\n        {\n            \"@context\": \"http:\/\/schema.org\",\n            \"@type\": \"BreadcrumbList\",\n            \"itemListElement\": [\n                            ]\n        }\n    <\/script>\n    <style type=\"text\/css\">\n        .breadcrumb-container {\n            font-size: 13px;\n        }\n\n        .breadcrumb-container ul {\n            margin: 0;\n            padding: 0;\n        }\n\n        .breadcrumb-container li {\n            box-sizing: unset;\n            display: inline-block;\n            margin: 0;\n            padding: 0;\n        }\n\n        .breadcrumb-container li a {\n            box-sizing: unset;\n            padding: 0 10px;\n        }\n\n        .breadcrumb-container {\n            font-size: 3 !important;\n                    }\n\n        .breadcrumb-container li a {\n            color: #0a0a0a !important;\n            font-size: 3 !important;\n            line-height: 3 !important;\n                    }\n\n        .breadcrumb-container li .separator {\n            font-size: 3 !important;\n                    }\n\n        .breadcrumb-container li:last-child .separator {\n            display: none;\n        }\n    <\/style>\n    <style type=\"text\/css\">\n        .breadcrumb-container.theme1 li {\n            margin: 0;\n            padding: 0;\n        }\n        .breadcrumb-container.theme1 a {\n            background: ;\n            display: inline-block;\n            margin: 0 5px;\n            padding: 5px 10px;\n            text-decoration: none;\n        }\n    <\/style>\n        <style type=\"text\/css\">\n            <\/style>\n    <script>\n            <\/script>\n[\/vc_column_text][\/vc_column][\/vc_row][vc_row full_width=&#8221;stretch_row&#8221; css=&#8221;.vc_custom_1526542805591{padding-bottom: 40px !important;background-color: #ffffff !important;}&#8221; el_id=&#8221;bloque_basica&#8221;][vc_column width=&#8221;2\/3&#8243;]<h3 class=\"sc_title sc_title_regular\" style=\"margin-top: 1.05em;margin-bottom: 0.35em;\">La\u00a0Foia<\/h3>[vc_column_text css=&#8221;.vc_custom_1644565100309{padding-bottom: 30px !important;}&#8221;]La pedania de la Foia, en castell\u00e0 La Hoya, se situa en el sud del municipi d&#8217;Elx, entre les pedanies de Daim\u00e9s i Asprella i el Parc Natural de les Salines de Santa Pola. T\u00e9 una superf\u00edcie de 10,2 Km\u00b2 i una poblaci\u00f3 de 2.882 habitants el 2018, i \u00e9s una de les pedanies m\u00e9s habitades i denses (283,9 hab\/ Km\u00b2).<\/p>\n<p>La Foia, que pr\u00e0cticament ha doblat la seua poblaci\u00f3 des de meitat dels anys noranta del passat segle, compta amb un nucli urb\u00e0 que concentra la major part dels seus residents tot i que tamb\u00e9 hi ha nombroses cases d&#8217;agricultors, ja que les seues terres s\u00f3n f\u00e8rtils i productives tant en cultius hort\u00edcoles com arboris. La seua riquesa agr\u00edcola es mostra tamb\u00e9 en la diversitat d&#8217;empreses comercialitzadores de fruites i verdures. En el seu territori es troba algun hort de palmeres i nombrosos vivers de plantes ornamentals.<\/p>\n<p>Les festes patronals de Sant Antoni de P\u00e0dua se celebren en el mes de juny.<\/p>\n<p>M\u00e9s informaci\u00f3 sobre la historia i les tradicions de la pedania: <a href=\"https:\/\/www.elche.es\/wp-content\/uploads\/2018\/05\/La-Foia.pdf\" target=\"_blank\" rel=\"noopener\">fes clic aqu\u00ed<\/a>[\/vc_column_text]<div id='modulo_datos_contacto'> <p class='titulo_datos_contacto'>Dades de contacte <\/p> <hr><p class=\"contactoArea\"> <i class=\"fa fa-map-marker\" aria-hidden=\"true\"><\/i>Pedani: Alicia Molero Esclapez<\/p><p class=\"contactoArea\"><i class=\"fa fa-phone\" aria-hidden=\"true\"><\/i>666059563<\/p><div id='contacto-rrss'><\/div><\/div>[vc_empty_space][\/vc_column][vc_column width=&#8221;1\/3&#8243;][vc_row_inner css=&#8221;.vc_custom_1526543616570{padding-bottom: 117px !important;}&#8221;][vc_column_inner css=&#8221;.vc_custom_1644565302730{padding-top: 30px !important;}&#8221;][sbs_wpb_openstreetmap map_style=&#8221;OpenStreetMap.DE&#8221; external_link_openstreetmap=&#8221;&#8221; map_height=&#8221;100&#8243; ctrl_mouse_zoom=&#8221;true&#8221; latitude=&#8221;38.212407&#8243; longitude=&#8221;-0.683850&#8243;][sbs_wpb_marker marker_source=&#8221;coordinates&#8221; marker_color=&#8221;red&#8221; marker_latitude=&#8221;38.212407&#8243; marker_longitude=&#8221;-0.683850&#8243;][\/sbs_wpb_marker][\/sbs_wpb_openstreetmap][\/vc_column_inner][\/vc_row_inner][\/vc_column][\/vc_row][vc_row full_width=&#8221;stretch_row&#8221; css=&#8221;.vc_custom_1526557035024{padding-top: 50px !important;padding-bottom: 40px !important;background-image: url(https:\/\/www.elche.es\/wp-content\/uploads\/2016\/07\/palmeral.png?id=1044) !important;}&#8221;][vc_column]<h3 class=\"sc_title sc_title_regular sc_align_center margin_top_tiny\" style=\"text-align:center;\"><span style=\"color: #ffffff;\">Enlla\u00e7os\u00a0<\/span><\/h3><div id=\"sc_section_576754724\" class=\"sc_section column-1_1\"><div class=\"sc_section_inner sc_scroll_controls sc_scroll_controls_horizontal sc_scroll_controls_type_side\"><div id=\"sc_section_576754724_scroll\" class=\"sc_scroll sc_scroll_horizontal swiper-slider-container scroll-container\" style=\"\"><div class=\"sc_scroll_wrapper swiper-wrapper\"><div class=\"sc_scroll_slide swiper-slide\"><div class=\"columns_wrap sc_columns columns_nofluid sc_columns_count_3\"><div class=\"column-1_3 sc_column_item sc_column_item_1 odd first\">\r\n        <div id=\"enlacesInteresantes\">\r\n            <div class=\"post_item post_item_opportuniti post_item_opportuniti_3 post_format_standard odd\">\r\n               <div class=\"post_featured\">\r\n                  <div class=\"post_thumb\">\r\n                     <a class=\"hover_icon hover_icon_link\"  href=\"https:\/\/www.elche.es\/va\/festes\/festes-del-camp-delx\/\"><img loading=\"lazy\" decoding=\"async\" class=\"wp-post-image\" width=\"740\" height=\"584\" src=\"https:\/\/www.elche.es\/wp-content\/uploads\/2018\/05\/Fiestas-del-camp-delx.jpg\"><\/a> \r\n                  <\/div>\r\n               <\/div>\r\n               <div class=\"post_content isotope_item_content\">\r\n                  <h4 class=\"post_title\"><a  href=\"https:\/\/www.elche.es\/va\/festes\/festes-del-camp-delx\/\">Festes de les pedanies d'Elx<\/a><\/h4>\r\n                  <div class=\"post_descr\">\r\n                     <p> <a style=\"color: white;\" href=\"https:\/\/www.elche.es\/va\/festes\/festes-del-camp-delx\/\">Festes<\/a><\/p>\r\n                  <\/div>\r\n               <\/div>\r\n            <\/div>\r\n       <\/div><\/div><div class=\"column-1_3 sc_column_item sc_column_item_2 even\">\r\n        <div id=\"enlacesInteresantes\">\r\n            <div class=\"post_item post_item_opportuniti post_item_opportuniti_3 post_format_standard odd\">\r\n               <div class=\"post_featured\">\r\n                  <div class=\"post_thumb\">\r\n                     <a class=\"hover_icon hover_icon_link\"  href=\"https:\/\/www.elche.es\/va\/las-pedanias-de-elche\/serveis-municipals-pedanies\/\"><img loading=\"lazy\" decoding=\"async\" class=\"wp-post-image\" width=\"740\" height=\"584\" src=\"https:\/\/www.elche.es\/wp-content\/uploads\/2018\/05\/servicios.jpg\"><\/a> \r\n                  <\/div>\r\n               <\/div>\r\n               <div class=\"post_content isotope_item_content\">\r\n                  <h4 class=\"post_title\"><a  href=\"https:\/\/www.elche.es\/va\/las-pedanias-de-elche\/serveis-municipals-pedanies\/\">Directori de serveis en les pedanies d'Elx<\/a><\/h4>\r\n                  <div class=\"post_descr\">\r\n                     <p> <a style=\"color: white;\" href=\"https:\/\/www.elche.es\/va\/las-pedanias-de-elche\/serveis-municipals-pedanies\/\">Serveis municipals<\/a><\/p>\r\n                  <\/div>\r\n               <\/div>\r\n            <\/div>\r\n       <\/div><\/div><div class=\"column-1_3 sc_column_item sc_column_item_3 odd\">\r\n        <div id=\"enlacesInteresantes\">\r\n            <div class=\"post_item post_item_opportuniti post_item_opportuniti_3 post_format_standard odd\">\r\n               <div class=\"post_featured\">\r\n                  <div class=\"post_thumb\">\r\n                     <a class=\"hover_icon hover_icon_link\"  href=\"https:\/\/www.elche.es\/va\/las-pedanias-de-elche\/estadistiques-pedanies\/\"><img loading=\"lazy\" decoding=\"async\" class=\"wp-post-image\" width=\"740\" height=\"584\" src=\"https:\/\/www.elche.es\/wp-content\/uploads\/2018\/05\/datos-socioecon\u00f3micos.jpg\"><\/a> \r\n                  <\/div>\r\n               <\/div>\r\n               <div class=\"post_content isotope_item_content\">\r\n                  <h4 class=\"post_title\"><a  href=\"https:\/\/www.elche.es\/va\/las-pedanias-de-elche\/estadistiques-pedanies\/\">Estad\u00edstiques i documentaci\u00f3 sobre les pedanies<\/a><\/h4>\r\n                  <div class=\"post_descr\">\r\n                     <p> <a style=\"color: white;\" href=\"https:\/\/www.elche.es\/va\/las-pedanias-de-elche\/estadistiques-pedanies\/\">Informaci\u00f3 socioecon\u00f2mica<\/a><\/p>\r\n                  <\/div>\r\n               <\/div>\r\n            <\/div>\r\n       <\/div><\/div><\/div><\/div><\/div><div id=\"sc_section_576754724_scroll_bar\" class=\"sc_scroll_bar sc_scroll_bar_horizontal sc_section_576754724_scroll_bar\"><\/div><\/div><div class=\"sc_scroll_controls_wrap\"><a class=\"sc_scroll_prev\" href=\"#\"><\/a><a class=\"sc_scroll_next\" href=\"#\"><\/a><\/div><\/div><\/div>[\/vc_column][\/vc_row]<\/p>\n<\/div>","protected":false},"excerpt":{"rendered":"<p>[vc_row full_width=&#8221;stretch_row&#8221; css=&#8221;.vc_custom_1530514607444{padding-top: 120px !important;padding-right: 120px !important;padding-bottom: 270px !important;padding-left: 120px !important;background-image: url(https:\/\/www.elche.es\/wp-content\/uploads\/2018\/05\/La-Foia6amplia.jpg?id=64204) !important;background-position: center !important;background-repeat: no-repeat !important;background-size: cover !important;}&#8221; el_id=&#8221;bloque_titulo&#8221;][vc_column][vc_custom_heading text=&#8221;La Foia&#8221; font_container=&#8221;tag:h2|text_align:center|color:%23ffffff&#8221; google_fonts=&#8221;font_family:Ubuntu%3A300%2C300italic%2Cregular%2Citalic%2C500%2C500italic%2C700%2C700italic|font_style:700%20bold%20regular%3A700%3Anormal&#8221; css=&#8221;.vc_custom_1527162772749{padding-top: 80px !important;}&#8221; el_class=&#8221;sombraTitulo&#8221;][\/vc_column][\/vc_row][vc_row full_width=&#8221;stretch_row&#8221; css=&#8221;.vc_custom_1475484188729{background-color: [&hellip;]<\/p>\n","protected":false},"author":131,"featured_media":0,"parent":123787,"menu_order":0,"comment_status":"closed","ping_status":"closed","template":"","meta":{"footnotes":""},"class_list":["post-80054","page","type-page","status-publish","hentry"],"_links":{"self":[{"href":"https:\/\/www.elche.es\/va\/wp-json\/wp\/v2\/pages\/80054","targetHints":{"allow":["GET"]}}],"collection":[{"href":"https:\/\/www.elche.es\/va\/wp-json\/wp\/v2\/pages"}],"about":[{"href":"https:\/\/www.elche.es\/va\/wp-json\/wp\/v2\/types\/page"}],"author":[{"embeddable":true,"href":"https:\/\/www.elche.es\/va\/wp-json\/wp\/v2\/users\/131"}],"replies":[{"embeddable":true,"href":"https:\/\/www.elche.es\/va\/wp-json\/wp\/v2\/comments?post=80054"}],"version-history":[{"count":1,"href":"https:\/\/www.elche.es\/va\/wp-json\/wp\/v2\/pages\/80054\/revisions"}],"predecessor-version":[{"id":297475,"href":"https:\/\/www.elche.es\/va\/wp-json\/wp\/v2\/pages\/80054\/revisions\/297475"}],"up":[{"embeddable":true,"href":"https:\/\/www.elche.es\/va\/wp-json\/wp\/v2\/pages\/123787"}],"wp:attachment":[{"href":"https:\/\/www.elche.es\/va\/wp-json\/wp\/v2\/media?parent=80054"}],"curies":[{"name":"wp","href":"https:\/\/api.w.org\/{rel}","templated":true}]}}

<div class="wpb-content-wrapper"><p>[vc_row full_width=&#8221;stretch_row&#8221; css=&#8221;.vc_custom_1530514607444{padding-top: 120px !important;padding-right: 120px !important;padding-bottom: 270px !important;padding-left: 120px !important;background-image: url(https://www.elche.es/wp-content/uploads/2018/05/La-Foia6amplia.jpg?id=64204) !important;background-position: center !important;background-repeat: no-repeat !important;background-size: cover !important;}&#8221; el_id=&#8221;bloque_titulo&#8221;][vc_column][vc_custom_heading text=&#8221;La Foia&#8221; font_container=&#8221;tag:h2|text_align:center|color:%23ffffff&#8221; google_fonts=&#8221;font_family:Ubuntu%3A300%2C300italic%2Cregular%2Citalic%2C500%2C500italic%2C700%2C700italic|font_style:700%20bold%20regular%3A700%3Anormal&#8221; css=&#8221;.vc_custom_1527162772749{padding-top: 80px !important;}&#8221; el_class=&#8221;sombraTitulo&#8221;][/vc_column][/vc_row][vc_row full_width=&#8221;stretch_row&#8221; css=&#8221;.vc_custom_1475484188729{background-color: #dddde0 !important;}&#8221;][vc_column][vc_column_text]<nav aria-label="breadcrumbs">
            <div class="breadcrumb-container theme1">
                <ol>
                                    </ol>
            </div>
        </nav>    <script type="application/ld+json">
        {
            "@context": "http://schema.org",
            "@type": "BreadcrumbList",
            "itemListElement": [
                            ]
        }
    </script>
    <style type="text/css">
        .breadcrumb-container {
            font-size: 13px;
        }

        .breadcrumb-container ul {
            margin: 0;
            padding: 0;
        }

        .breadcrumb-container li {
            box-sizing: unset;
            display: inline-block;
            margin: 0;
            padding: 0;
        }

        .breadcrumb-container li a {
            box-sizing: unset;
            padding: 0 10px;
        }

        .breadcrumb-container {
            font-size: 3 !important;
                    }

        .breadcrumb-container li a {
            color: #0a0a0a !important;
            font-size: 3 !important;
            line-height: 3 !important;
                    }

        .breadcrumb-container li .separator {
            font-size: 3 !important;
                    }

        .breadcrumb-container li:last-child .separator {
            display: none;
        }
    </style>
    <style type="text/css">
        .breadcrumb-container.theme1 li {
            margin: 0;
            padding: 0;
        }
        .breadcrumb-container.theme1 a {
            background: ;
            display: inline-block;
            margin: 0 5px;
            padding: 5px 10px;
            text-decoration: none;
        }
    </style>
        <style type="text/css">
            </style>
    <script>
            </script>
[/vc_column_text][/vc_column][/vc_row][vc_row full_width=&#8221;stretch_row&#8221; css=&#8221;.vc_custom_1526542805591{padding-bottom: 40px !important;background-color: #ffffff !important;}&#8221; el_id=&#8221;bloque_basica&#8221;][vc_column width=&#8221;2/3&#8243;]<h3 class="sc_title sc_title_regular" style="margin-top: 1.05em;margin-bottom: 0.35em;">La Foia</h3>[vc_column_text css=&#8221;.vc_custom_1644565100309{padding-bottom: 30px !important;}&#8221;]La pedania de la Foia, en castellà La Hoya, se situa en el sud del municipi d&#8217;Elx, entre les pedanies de Daimés i Asprella i el Parc Natural de les Salines de Santa Pola. Té una superfície de 10,2 Km² i una població de 2.882 habitants el 2018, i és una de les pedanies més habitades i denses (283,9 hab/ Km²).</p>
<p>La Foia, que pràcticament ha doblat la seua població des de meitat dels anys noranta del passat segle, compta amb un nucli urbà que concentra la major part dels seus residents tot i que també hi ha nombroses cases d&#8217;agricultors, ja que les seues terres són fèrtils i productives tant en cultius hortícoles com arboris. La seua riquesa agrícola es mostra també en la diversitat d&#8217;empreses comercialitzadores de fruites i verdures. En el seu territori es troba algun hort de palmeres i nombrosos vivers de plantes ornamentals.</p>
<p>Les festes patronals de Sant Antoni de Pàdua se celebren en el mes de juny.</p>
<p>Més informació sobre la historia i les tradicions de la pedania: <a href="https://www.elche.es/wp-content/uploads/2018/05/La-Foia.pdf" target="_blank" rel="noopener">fes clic aquí</a>[/vc_column_text]<div id='modulo_datos_contacto'> <p class='titulo_datos_contacto'>Dades de contacte </p> <hr><p class="contactoArea"> <i class="fa fa-map-marker" aria-hidden="true"></i>Pedani: Alicia Molero Esclapez</p><p class="contactoArea"><i class="fa fa-phone" aria-hidden="true"></i>666059563</p><div id='contacto-rrss'></div></div>[vc_empty_space][/vc_column][vc_column width=&#8221;1/3&#8243;][vc_row_inner css=&#8221;.vc_custom_1526543616570{padding-bottom: 117px !important;}&#8221;][vc_column_inner css=&#8221;.vc_custom_1644565302730{padding-top: 30px !important;}&#8221;][sbs_wpb_openstreetmap map_style=&#8221;OpenStreetMap.DE&#8221; external_link_openstreetmap=&#8221;&#8221; map_height=&#8221;100&#8243; ctrl_mouse_zoom=&#8221;true&#8221; latitude=&#8221;38.212407&#8243; longitude=&#8221;-0.683850&#8243;][sbs_wpb_marker marker_source=&#8221;coordinates&#8221; marker_color=&#8221;red&#8221; marker_latitude=&#8221;38.212407&#8243; marker_longitude=&#8221;-0.683850&#8243;][/sbs_wpb_marker][/sbs_wpb_openstreetmap][/vc_column_inner][/vc_row_inner][/vc_column][/vc_row][vc_row full_width=&#8221;stretch_row&#8221; css=&#8221;.vc_custom_1526557035024{padding-top: 50px !important;padding-bottom: 40px !important;background-image: url(https://www.elche.es/wp-content/uploads/2016/07/palmeral.png?id=1044) !important;}&#8221;][vc_column]<h3 class="sc_title sc_title_regular sc_align_center margin_top_tiny" style="text-align:center;"><span style="color: #ffffff;">Enllaços </span></h3><div id="sc_section_576754724" class="sc_section column-1_1"><div class="sc_section_inner sc_scroll_controls sc_scroll_controls_horizontal sc_scroll_controls_type_side"><div id="sc_section_576754724_scroll" class="sc_scroll sc_scroll_horizontal swiper-slider-container scroll-container" style=""><div class="sc_scroll_wrapper swiper-wrapper"><div class="sc_scroll_slide swiper-slide"><div class="columns_wrap sc_columns columns_nofluid sc_columns_count_3"><div class="column-1_3 sc_column_item sc_column_item_1 odd first">
        <div id="enlacesInteresantes">
            <div class="post_item post_item_opportuniti post_item_opportuniti_3 post_format_standard odd">
               <div class="post_featured">
                  <div class="post_thumb">
                     <a class="hover_icon hover_icon_link"  href="https://www.elche.es/va/festes/festes-del-camp-delx/"><img loading="lazy" decoding="async" class="wp-post-image" width="740" height="584" src="https://www.elche.es/wp-content/uploads/2018/05/Fiestas-del-camp-delx.jpg"></a> 
                  </div>
               </div>
               <div class="post_content isotope_item_content">
                  <h4 class="post_title"><a  href="https://www.elche.es/va/festes/festes-del-camp-delx/">Festes de les pedanies d'Elx</a></h4>
                  <div class="post_descr">
                     <p> <a style="color: white;" href="https://www.elche.es/va/festes/festes-del-camp-delx/">Festes</a></p>
                  </div>
               </div>
            </div>
       </div></div><div class="column-1_3 sc_column_item sc_column_item_2 even">
        <div id="enlacesInteresantes">
            <div class="post_item post_item_opportuniti post_item_opportuniti_3 post_format_standard odd">
               <div class="post_featured">
                  <div class="post_thumb">
                     <a class="hover_icon hover_icon_link"  href="https://www.elche.es/va/las-pedanias-de-elche/serveis-municipals-pedanies/"><img loading="lazy" decoding="async" class="wp-post-image" width="740" height="584" src="https://www.elche.es/wp-content/uploads/2018/05/servicios.jpg"></a> 
                  </div>
               </div>
               <div class="post_content isotope_item_content">
                  <h4 class="post_title"><a  href="https://www.elche.es/va/las-pedanias-de-elche/serveis-municipals-pedanies/">Directori de serveis en les pedanies d'Elx</a></h4>
                  <div class="post_descr">
                     <p> <a style="color: white;" href="https://www.elche.es/va/las-pedanias-de-elche/serveis-municipals-pedanies/">Serveis municipals</a></p>
                  </div>
               </div>
            </div>
       </div></div><div class="column-1_3 sc_column_item sc_column_item_3 odd">
        <div id="enlacesInteresantes">
            <div class="post_item post_item_opportuniti post_item_opportuniti_3 post_format_standard odd">
               <div class="post_featured">
                  <div class="post_thumb">
                     <a class="hover_icon hover_icon_link"  href="https://www.elche.es/va/las-pedanias-de-elche/estadistiques-pedanies/"><img loading="lazy" decoding="async" class="wp-post-image" width="740" height="584" src="https://www.elche.es/wp-content/uploads/2018/05/datos-socioeconómicos.jpg"></a> 
                  </div>
               </div>
               <div class="post_content isotope_item_content">
                  <h4 class="post_title"><a  href="https://www.elche.es/va/las-pedanias-de-elche/estadistiques-pedanies/">Estadístiques i documentació sobre les pedanies</a></h4>
                  <div class="post_descr">
                     <p> <a style="color: white;" href="https://www.elche.es/va/las-pedanias-de-elche/estadistiques-pedanies/">Informació socioeconòmica</a></p>
                  </div>
               </div>
            </div>
       </div></div></div></div></div><div id="sc_section_576754724_scroll_bar" class="sc_scroll_bar sc_scroll_bar_horizontal sc_section_576754724_scroll_bar"></div></div><div class="sc_scroll_controls_wrap"><a class="sc_scroll_prev" href="#"></a><a class="sc_scroll_next" href="#"></a></div></div></div>[/vc_column][/vc_row]</p>
</div>
