{"id":86375,"date":"2019-02-13T14:44:09","date_gmt":"2019-02-13T13:44:09","guid":{"rendered":"http:\/\/www.elche.es\/va\/sanitat\/desfibriladores\/"},"modified":"2022-07-08T10:54:57","modified_gmt":"2022-07-08T09:54:57","slug":"desfibriladores","status":"publish","type":"page","link":"https:\/\/www.elche.es\/va\/sanitat\/desfibriladores\/","title":{"rendered":"Desfibril\u00b7ladors"},"content":{"rendered":"<div class=\"wpb-content-wrapper\"><p>[vc_row][vc_column]<div class=\"templatera_shortcode\"><div class=\"vc_row wpb_row vc_row-fluid\"><div class=\"wpb_column vc_column_container vc_col-sm-12\"><div class=\"vc_column-inner\"><div class=\"wpb_wrapper\"><\/div><\/div><\/div><\/div><div id=\"bloque_menu_enlaces\" data-vc-full-width=\"true\" data-vc-full-width-init=\"false\" data-vc-stretch-content=\"true\" class=\"vc_row wpb_row vc_row-fluid bloquemnuestop vc_custom_1629977340156 vc_row-has-fill vc_row-no-padding\"><div class=\"wpb_column vc_column_container vc_col-sm-12\"><div class=\"vc_column-inner\"><div class=\"wpb_wrapper\">\r\n        \r\n        <a class=\"menuVC\"  href=\"https:\/\/www.elche.es\/va\/sanitat\/desfibriladores\/\"> <span> Desfibril\u00b7ladors <\/span><\/a>\r\n        \r\n        <a class=\"menuVC\"  href=\"https:\/\/www.elche.es\/va\/sanidad\/desfibriladores\/el-programa\/\"> <span> El programa <\/span><\/a>\r\n        \r\n        <a class=\"menuVC\"  href=\"https:\/\/www.elche.es\/va\/sanidad\/desfibriladores\/ubicacion-de-desfibriladores\/\"> <span> Localitzaci\u00f3 de desfibril\u00b7ladors <\/span><\/a><\/div><\/div><\/div><\/div><div class=\"vc_row-full-width vc_clearfix\"><\/div><\/div>[\/vc_column][\/vc_row][vc_row full_width=&#8221;stretch_row&#8221; css=&#8221;.vc_custom_1475484188729{background-color: #dddde0 !important;}&#8221;][vc_column][vc_column_text]<nav aria-label=\"breadcrumbs\">\n            <div class=\"breadcrumb-container theme1\">\n                <ol>\n                                    <\/ol>\n            <\/div>\n        <\/nav>    <script type=\"application\/ld+json\">\n        {\n            \"@context\": \"http:\/\/schema.org\",\n            \"@type\": \"BreadcrumbList\",\n            \"itemListElement\": [\n                            ]\n        }\n    <\/script>\n    <style type=\"text\/css\">\n        .breadcrumb-container {\n            font-size: 13px;\n        }\n\n        .breadcrumb-container ul {\n            margin: 0;\n            padding: 0;\n        }\n\n        .breadcrumb-container li {\n            box-sizing: unset;\n            display: inline-block;\n            margin: 0;\n            padding: 0;\n        }\n\n        .breadcrumb-container li a {\n            box-sizing: unset;\n            padding: 0 10px;\n        }\n\n        .breadcrumb-container {\n            font-size: 3 !important;\n                    }\n\n        .breadcrumb-container li a {\n            color: #0a0a0a !important;\n            font-size: 3 !important;\n            line-height: 3 !important;\n                    }\n\n        .breadcrumb-container li .separator {\n            font-size: 3 !important;\n                    }\n\n        .breadcrumb-container li:last-child .separator {\n            display: none;\n        }\n    <\/style>\n    <style type=\"text\/css\">\n        .breadcrumb-container.theme1 li {\n            margin: 0;\n            padding: 0;\n        }\n        .breadcrumb-container.theme1 a {\n            background: ;\n            display: inline-block;\n            margin: 0 5px;\n            padding: 5px 10px;\n            text-decoration: none;\n        }\n    <\/style>\n        <style type=\"text\/css\">\n            <\/style>\n    <script>\n            <\/script>\n[\/vc_column_text][\/vc_column][\/vc_row][vc_row][vc_column]<h1 class=\"sc_title sc_title_regular titulo-pagina margin_top_small\">Qu\u00e8 s\u00f3n els desfibril\u00b7ladors<\/h1><video class=\"sc_video\" src=\"https:\/\/youtube.com\/embed\/2Rl6TyH_MQo\" width=\"100%\" height=\"\" data-width=\"100%\" data-height=\"\" data-ratio=\"16:9\" poster=\"https:\/\/i1.ytimg.com\/vi\/2Rl6TyH_MQo\/0.jpg\" data-image=\"https:\/\/i1.ytimg.com\/vi\/2Rl6TyH_MQo\/0.jpg\" data-align=\"center\" style=\"width:100%;\" autoplay=\"autoplay\" controls=\"controls\" loop=\"loop\"><\/video>[\/vc_column][\/vc_row][vc_row][vc_column][vc_column_text]Segons el Consell Europeu de Ressuscitaci\u00f3 Cardiopulmonar, el 80% de les defuncions per parada cardiorespirat\u00f2ria es produeixen fora de l&#8217;\u00e0mbit sanitari i la majoria s\u00f3n presenciats per familiars o amics que, en el 80% dels casos, no realitzen cap maniobra sobre l&#8217;afectat.<\/p>\n<p>La mort sobtada card\u00edaca consisteix en el fet que el cor deixe de bategar de forma inesperada en una persona que aparentment es troba en bon estat. \u00c9s un problema de salut que afecta persones de qualsevol edat i sexe i de forma imprevisible. L&#8217;\u00fanica manera de salvar a qui la pateix \u00e9s intervenint amb un desfibril\u00b7lador (DEA), un aparell que s&#8217;encarrega de donar una desc\u00e0rrega el\u00e8ctrica perqu\u00e8 el cor torne a bategar de forma normal.<\/p>\n<p>Per a recuperar a la v\u00edctima sense seq\u00fceles \u00e9s de vital import\u00e0ncia fer \u00fas del desfibril\u00b7lador durant els primers minuts de la parada. Qualsevol persona amb un m\u00ednim de coneixement sobre el desfibril\u00b7lador pot fer-ne \u00fas.<\/p>\n<p>En el seg\u00fcent v\u00eddeo es mostra l&#8217;actuaci\u00f3 davant una parada cardiorrespirat\u00f2ria i la col\u00b7locaci\u00f3 d&#8217;un DEA.[\/vc_column_text][\/vc_column][\/vc_row][vc_row full_width=&#8221;stretch_row&#8221; css=&#8221;.vc_custom_1475764105820{background-color: #ffffff !important;}&#8221;][vc_column][vc_column_text]<\/p>\n<hr \/>\n<p>&nbsp;[\/vc_column_text]<div class=\"sc_content content_wrap\"><div class=\"columns_wrap sc_columns columns_nofluid sc_columns_count_2 history \"><div class=\"column-1_2 sc_column_item sc_column_item_1 odd first\"><h3 class=\"sc_title sc_title_regular margin_top_small\" style=\"margin-top: 4.05em;margin-bottom: 1.35em;\">Contacta amb nosaltres<\/h3>\n\t<div class=\"wpb_text_column wpb_content_element &#8221;short_text&#8221;\" >\n\t\t<div class=\"wpb_wrapper\">\n\t\t\t<p>Si desitja fer-nos arribar alguna q\u00fcesti\u00f3, no dubte a posar-se en contacte amb nosaltres a trav\u00e9s del nostre correu electr\u00f2nic o en el Departament de Sanitat.<\/p>\n<p><strong>\u00a0<\/strong><\/p>\n\n\t\t<\/div>\n\t<\/div>\n<div id='modulo_datos_contacto'> <p class='titulo_datos_contacto'>Dades de contacte <\/p> <hr><p class=\"contactoArea\"> <i class=\"fa fa-map-marker\" aria-hidden=\"true\"><\/i>C\/ Major de la Vila, 9, baix<\/p><p class=\"contactoArea\"><i class=\"fa fa-phone\" aria-hidden=\"true\"><\/i>966 658 051<\/p><p class=\"contactoArea\"><i class=\"fa fa-fax\" aria-hidden=\"true\"><\/i>966 658 199<\/p><p class=\"contactoArea\"><i class=\"fa fa-envelope\" aria-hidden=\"true\"><\/i><a href=\"mailto:cardioprotegida@elx.es\"> cardioprotegida@elx.es<\/a><\/p><p class=\"contactoArea\"><i class=\"fa fa-clock-o\" aria-hidden=\"true\"><\/i>De 09.00 a 14.00 hores<\/p><div id='contacto-rrss'><\/div><\/div><\/div><div class=\"column-1_2 sc_column_item sc_column_item_2 even\"><div class=\"vc_empty_space\"   style=\"height: 1px\"><span class=\"vc_empty_space_inner\"><\/span><\/div><div\r\n                id=\"sbs-openstreetmap-block-69f33a649eda0\" \r\n                class=\"sbs_openstreetmap_module\" \r\n                data-map-style=\"&#8221;openstreetmap_de&#8221;\"\r\n                data-map-style-key=\"\"\r\n                data-zoom=\"15\" \r\n                data-ctrl-mouse-zoom=\"false\" \r\n                data-latitude=\"0.000000\" \r\n                data-longitude=\"0.000000\" \r\n                data-routing=\"false\" \r\n                data-destination-marker=\"0\" \r\n                data-router=\"osrmv1\" \r\n                data-router-key=\"\" \r\n                data-show-attribution=\"true\" \r\n                data-geocoder=\"nominatim\" \r\n                data-geocoder-key=\"\" \r\n                data-center-marker=\"0\"\r\n                data-marker-list='[{\"marker_source\":\"coordinates\",\"marker_address\":\"\",\"marker_latitude\":\"&#8221;38.26653125866709&#8243;\",\"marker_longitude\":\"&#8221;-0.6987457815771497&#8243;\",\"marker_center\":\"true\",\"marker_icon\":\"\",\"marker_color\":\"&#8221;red&#8221;\"}]'>\r\n                <div class=\"sbs_openstreetmap_container\" style=\"padding-bottom: 0%\"><\/div>\r\n                <div class=\"marker_list\">\r\n                    <div class=\"marker_element\" data-marker-source=\"coordinates\" data-marker-address=\"\" data-marker-latitude=\"0.000000\" data-marker-longitude=\"0.000000\" data-marker-icon=\"\" data-marker-color=\"&#8221;red&#8221;\" data-marker-text=\"\">Marker <span class=\"marker_number\"><\/span> (lat: &#8221;38.26653125866709&#8243;, lng: &#8221;-0.6987457815771497&#8243;)<\/div>                <\/div>\r\n            <\/div><\/div><\/div><\/div>[\/vc_column][\/vc_row]<\/p>\n<\/div>","protected":false},"excerpt":{"rendered":"Desfibril\u00b7ladors El programa Localitzaci\u00f3 de desfibril\u00b7ladors Qu\u00e8 s\u00f3n els desfibril\u00b7ladors Segons el Consell Europeu de Ressuscitaci\u00f3 Cardiopulmonar, el 80% de les defuncions per parada cardiorespirat\u00f2ria es produeixen fora de l'\u00e0mbit [...]","protected":false},"author":10,"featured_media":0,"parent":7168,"menu_order":0,"comment_status":"closed","ping_status":"closed","template":"","meta":{"footnotes":""},"class_list":["post-86375","page","type-page","status-publish","hentry"],"_links":{"self":[{"href":"https:\/\/www.elche.es\/va\/wp-json\/wp\/v2\/pages\/86375","targetHints":{"allow":["GET"]}}],"collection":[{"href":"https:\/\/www.elche.es\/va\/wp-json\/wp\/v2\/pages"}],"about":[{"href":"https:\/\/www.elche.es\/va\/wp-json\/wp\/v2\/types\/page"}],"author":[{"embeddable":true,"href":"https:\/\/www.elche.es\/va\/wp-json\/wp\/v2\/users\/10"}],"replies":[{"embeddable":true,"href":"https:\/\/www.elche.es\/va\/wp-json\/wp\/v2\/comments?post=86375"}],"version-history":[{"count":0,"href":"https:\/\/www.elche.es\/va\/wp-json\/wp\/v2\/pages\/86375\/revisions"}],"up":[{"embeddable":true,"href":"https:\/\/www.elche.es\/va\/wp-json\/wp\/v2\/pages\/7168"}],"wp:attachment":[{"href":"https:\/\/www.elche.es\/va\/wp-json\/wp\/v2\/media?parent=86375"}],"curies":[{"name":"wp","href":"https:\/\/api.w.org\/{rel}","templated":true}]}}

<div class="wpb-content-wrapper"><p>[vc_row][vc_column]<div class="templatera_shortcode"><div class="vc_row wpb_row vc_row-fluid"><div class="wpb_column vc_column_container vc_col-sm-12"><div class="vc_column-inner"><div class="wpb_wrapper"></div></div></div></div><div id="bloque_menu_enlaces" data-vc-full-width="true" data-vc-full-width-init="false" data-vc-stretch-content="true" class="vc_row wpb_row vc_row-fluid bloquemnuestop vc_custom_1629977340156 vc_row-has-fill vc_row-no-padding"><div class="wpb_column vc_column_container vc_col-sm-12"><div class="vc_column-inner"><div class="wpb_wrapper">
        
        <a class="menuVC"  href="https://www.elche.es/va/sanitat/desfibriladores/"> <span> Desfibril·ladors </span></a>
        
        <a class="menuVC"  href="https://www.elche.es/va/sanidad/desfibriladores/el-programa/"> <span> El programa </span></a>
        
        <a class="menuVC"  href="https://www.elche.es/va/sanidad/desfibriladores/ubicacion-de-desfibriladores/"> <span> Localització de desfibril·ladors </span></a></div></div></div></div><div class="vc_row-full-width vc_clearfix"></div></div>[/vc_column][/vc_row][vc_row full_width=&#8221;stretch_row&#8221; css=&#8221;.vc_custom_1475484188729{background-color: #dddde0 !important;}&#8221;][vc_column][vc_column_text]<nav aria-label="breadcrumbs">
            <div class="breadcrumb-container theme1">
                <ol>
                                    </ol>
            </div>
        </nav>    <script type="application/ld+json">
        {
            "@context": "http://schema.org",
            "@type": "BreadcrumbList",
            "itemListElement": [
                            ]
        }
    </script>
    <style type="text/css">
        .breadcrumb-container {
            font-size: 13px;
        }

        .breadcrumb-container ul {
            margin: 0;
            padding: 0;
        }

        .breadcrumb-container li {
            box-sizing: unset;
            display: inline-block;
            margin: 0;
            padding: 0;
        }

        .breadcrumb-container li a {
            box-sizing: unset;
            padding: 0 10px;
        }

        .breadcrumb-container {
            font-size: 3 !important;
                    }

        .breadcrumb-container li a {
            color: #0a0a0a !important;
            font-size: 3 !important;
            line-height: 3 !important;
                    }

        .breadcrumb-container li .separator {
            font-size: 3 !important;
                    }

        .breadcrumb-container li:last-child .separator {
            display: none;
        }
    </style>
    <style type="text/css">
        .breadcrumb-container.theme1 li {
            margin: 0;
            padding: 0;
        }
        .breadcrumb-container.theme1 a {
            background: ;
            display: inline-block;
            margin: 0 5px;
            padding: 5px 10px;
            text-decoration: none;
        }
    </style>
        <style type="text/css">
            </style>
    <script>
            </script>
[/vc_column_text][/vc_column][/vc_row][vc_row][vc_column]<h1 class="sc_title sc_title_regular titulo-pagina margin_top_small">Què són els desfibril·ladors</h1><video class="sc_video" src="https://youtube.com/embed/2Rl6TyH_MQo" width="100%" height="" data-width="100%" data-height="" data-ratio="16:9" poster="https://i1.ytimg.com/vi/2Rl6TyH_MQo/0.jpg" data-image="https://i1.ytimg.com/vi/2Rl6TyH_MQo/0.jpg" data-align="center" style="width:100%;" autoplay="autoplay" controls="controls" loop="loop"></video>[/vc_column][/vc_row][vc_row][vc_column][vc_column_text]Segons el Consell Europeu de Ressuscitació Cardiopulmonar, el 80% de les defuncions per parada cardiorespiratòria es produeixen fora de l&#8217;àmbit sanitari i la majoria són presenciats per familiars o amics que, en el 80% dels casos, no realitzen cap maniobra sobre l&#8217;afectat.</p>
<p>La mort sobtada cardíaca consisteix en el fet que el cor deixe de bategar de forma inesperada en una persona que aparentment es troba en bon estat. És un problema de salut que afecta persones de qualsevol edat i sexe i de forma imprevisible. L&#8217;única manera de salvar a qui la pateix és intervenint amb un desfibril·lador (DEA), un aparell que s&#8217;encarrega de donar una descàrrega elèctrica perquè el cor torne a bategar de forma normal.</p>
<p>Per a recuperar a la víctima sense seqüeles és de vital importància fer ús del desfibril·lador durant els primers minuts de la parada. Qualsevol persona amb un mínim de coneixement sobre el desfibril·lador pot fer-ne ús.</p>
<p>En el següent vídeo es mostra l&#8217;actuació davant una parada cardiorrespiratòria i la col·locació d&#8217;un DEA.[/vc_column_text][/vc_column][/vc_row][vc_row full_width=&#8221;stretch_row&#8221; css=&#8221;.vc_custom_1475764105820{background-color: #ffffff !important;}&#8221;][vc_column][vc_column_text]</p>
<hr />
<p>&nbsp;[/vc_column_text]<div class="sc_content content_wrap"><div class="columns_wrap sc_columns columns_nofluid sc_columns_count_2 history "><div class="column-1_2 sc_column_item sc_column_item_1 odd first"><h3 class="sc_title sc_title_regular margin_top_small" style="margin-top: 4.05em;margin-bottom: 1.35em;">Contacta amb nosaltres</h3>
	<div class="wpb_text_column wpb_content_element &#8221;short_text&#8221;" >
		<div class="wpb_wrapper">
			<p>Si desitja fer-nos arribar alguna qüestió, no dubte a posar-se en contacte amb nosaltres a través del nostre correu electrònic o en el Departament de Sanitat.</p>
<p><strong> </strong></p>

		</div>
	</div>
<div id='modulo_datos_contacto'> <p class='titulo_datos_contacto'>Dades de contacte </p> <hr><p class="contactoArea"> <i class="fa fa-map-marker" aria-hidden="true"></i>C/ Major de la Vila, 9, baix</p><p class="contactoArea"><i class="fa fa-phone" aria-hidden="true"></i>966 658 051</p><p class="contactoArea"><i class="fa fa-fax" aria-hidden="true"></i>966 658 199</p><p class="contactoArea"><i class="fa fa-envelope" aria-hidden="true"></i><a href="mailto:cardioprotegida@elx.es"> cardioprotegida@elx.es</a></p><p class="contactoArea"><i class="fa fa-clock-o" aria-hidden="true"></i>De 09.00 a 14.00 hores</p><div id='contacto-rrss'></div></div></div><div class="column-1_2 sc_column_item sc_column_item_2 even"><div class="vc_empty_space"   style="height: 1px"><span class="vc_empty_space_inner"></span></div><div
                id="sbs-openstreetmap-block-69f33a649eda0" 
                class="sbs_openstreetmap_module" 
                data-map-style="&#8221;openstreetmap_de&#8221;"
                data-map-style-key=""
                data-zoom="15" 
                data-ctrl-mouse-zoom="false" 
                data-latitude="0.000000" 
                data-longitude="0.000000" 
                data-routing="false" 
                data-destination-marker="0" 
                data-router="osrmv1" 
                data-router-key="" 
                data-show-attribution="true" 
                data-geocoder="nominatim" 
                data-geocoder-key="" 
                data-center-marker="0"
                data-marker-list='[{"marker_source":"coordinates","marker_address":"","marker_latitude":"&#8221;38.26653125866709&#8243;","marker_longitude":"&#8221;-0.6987457815771497&#8243;","marker_center":"true","marker_icon":"","marker_color":"&#8221;red&#8221;"}]'>
                <div class="sbs_openstreetmap_container" style="padding-bottom: 0%"></div>
                <div class="marker_list">
                    <div class="marker_element" data-marker-source="coordinates" data-marker-address="" data-marker-latitude="0.000000" data-marker-longitude="0.000000" data-marker-icon="" data-marker-color="&#8221;red&#8221;" data-marker-text="">Marker <span class="marker_number"></span> (lat: &#8221;38.26653125866709&#8243;, lng: &#8221;-0.6987457815771497&#8243;)</div>                </div>
            </div></div></div></div>[/vc_column][/vc_row]</p>
</div>

Desfibril·ladors El programa Localització de desfibril·ladors Què són els desfibril·ladors Segons el Consell Europeu de Ressuscitació Cardiopulmonar, el 80% de les defuncions per parada cardiorespiratòria es produeixen fora de l'àmbit [...]
