{"id":355574,"date":"2026-04-20T14:58:25","date_gmt":"2026-04-20T12:58:25","guid":{"rendered":"https:\/\/www.elche.es\/?post_type=tribe_events&#038;p=355574"},"modified":"2026-04-20T14:58:25","modified_gmt":"2026-04-20T12:58:25","slug":"festes-en-honor-a-maria-auxiliadora","status":"publish","type":"tribe_events","link":"https:\/\/www.elche.es\/va\/event\/festes-en-honor-a-maria-auxiliadora\/","title":{"rendered":"FESTES EN HONOR A MAR\u00cdA AUXILIADORA"},"content":{"rendered":"<p><strong>ORGANITZA: COMISSI\u00d3 DE FESTES MAR\u00cdA AUXILIADORA.<\/strong><\/p>\n<p><strong>COL\u00b7LABORA: DISTRICTE 14<\/strong><\/p>\n","protected":false},"excerpt":{"rendered":"<p>ORGANITZA: COMISSI\u00d3 DE FESTES MAR\u00cdA AUXILIADORA. COL\u00b7LABORA: DISTRICTE 14<\/p>\n","protected":false},"author":200,"featured_media":355567,"template":"","meta":{"_tribe_events_status":"","_tribe_events_status_reason":"","_tribe_events_is_hybrid":"","_tribe_events_is_virtual":"","_tribe_events_virtual_video_source":"","_tribe_events_virtual_embed_video":"","_tribe_events_virtual_linked_button_text":"","_tribe_events_virtual_linked_button":"","_tribe_events_virtual_show_embed_at":"","_tribe_events_virtual_show_embed_to":[],"_tribe_events_virtual_show_on_event":"","_tribe_events_virtual_show_on_views":"","_tribe_events_virtual_url":"","footnotes":""},"tags":[],"tribe_events_cat":[3460,3469,3470],"class_list":["post-355574","tribe_events","type-tribe_events","status-publish","has-post-thumbnail","hentry","tribe_events_cat-districte-14","tribe_events_cat-districtes","tribe_events_cat-event","cat_districte-14","cat_districtes","cat_event"],"_links":{"self":[{"href":"https:\/\/www.elche.es\/va\/wp-json\/wp\/v2\/tribe_events\/355574","targetHints":{"allow":["GET"]}}],"collection":[{"href":"https:\/\/www.elche.es\/va\/wp-json\/wp\/v2\/tribe_events"}],"about":[{"href":"https:\/\/www.elche.es\/va\/wp-json\/wp\/v2\/types\/tribe_events"}],"author":[{"embeddable":true,"href":"https:\/\/www.elche.es\/va\/wp-json\/wp\/v2\/users\/200"}],"version-history":[{"count":1,"href":"https:\/\/www.elche.es\/va\/wp-json\/wp\/v2\/tribe_events\/355574\/revisions"}],"predecessor-version":[{"id":355575,"href":"https:\/\/www.elche.es\/va\/wp-json\/wp\/v2\/tribe_events\/355574\/revisions\/355575"}],"wp:featuredmedia":[{"embeddable":true,"href":"https:\/\/www.elche.es\/va\/wp-json\/wp\/v2\/media\/355567"}],"wp:attachment":[{"href":"https:\/\/www.elche.es\/va\/wp-json\/wp\/v2\/media?parent=355574"}],"wp:term":[{"taxonomy":"post_tag","embeddable":true,"href":"https:\/\/www.elche.es\/va\/wp-json\/wp\/v2\/tags?post=355574"},{"taxonomy":"tribe_events_cat","embeddable":true,"href":"https:\/\/www.elche.es\/va\/wp-json\/wp\/v2\/tribe_events_cat?post=355574"}],"curies":[{"name":"wp","href":"https:\/\/api.w.org\/{rel}","templated":true}]}}

FESTES EN HONOR A MARÍA AUXILIADORA

<p><strong>ORGANITZA: COMISSIÓ DE FESTES MARÍA AUXILIADORA.</strong></p>
<p><strong>COL·LABORA: DISTRICTE 14</strong></p>

<p>ORGANITZA: COMISSIÓ DE FESTES MARÍA AUXILIADORA. COL·LABORA: DISTRICTE 14</p>
